|FAILURE| pw112993-112994 [PATCH] [v2, 5/5] ethdev: support telemetry private dump
dpdklab at iol.unh.edu
dpdklab at iol.unh.edu
Fri Jun 17 12:57:13 CEST 2022
Test-Label: iol-x86_64-unit-testing
Test-Status: FAILURE
http://dpdk.org/patch/112994
_Testing issues_
Submitter: Chengwen Feng <fengchengwen at huawei.com>
Date: Friday, June 17 2022 09:46:24
DPDK git baseline: Repo:dpdk
Branch: master
CommitID:7342e612052ae3ec875ae018548324d29abfa9c2
112993-112994 --> testing fail
Test environment and result as below:
+---------------------+----------------+
| Environment | dpdk_unit_test |
+=====================+================+
| Ubuntu 18.04 | PASS |
+---------------------+----------------+
| Windows Server 2019 | FAIL |
+---------------------+----------------+
| Fedora 33 | PASS |
+---------------------+----------------+
| Fedora 34 | PASS |
+---------------------+----------------+
| openSUSE Leap 15 | PASS |
+---------------------+----------------+
| CentOS Stream 8 | PASS |
+---------------------+----------------+
| RHEL8 | PASS |
+---------------------+----------------+
| Arch Linux | PASS |
+---------------------+----------------+
| Fedora 32 | PASS |
+---------------------+----------------+
| RHEL 7 | PASS |
+---------------------+----------------+
| Fedora 31 | PASS |
+---------------------+----------------+
| Ubuntu 20.04 | PASS |
+---------------------+----------------+
| Fedora 34 clang | PASS |
+---------------------+----------------+
==== 20 line log output for Windows Server 2019 (dpdk_unit_test): ====
" c l a n g " " - I l i b \ l i b r t e _ e t h d e v . a . p " " - I l i b " " - I . . \ l i b " " - I l i b \ e t h d e v " " - I . . \ l i b \ e t h d e v " " - I . " " - I . . " " - I c o n f i g " " - I . . \ c o n f i g " " - I l i b \ e a l \ i n c l u d e " " - I . . \ l i b \ e a l \ i n c l u d e " " - I l i b \ e a l \ w i n d o w s \ i n c l u d e " " - I . . \ l i b \ e a l \ w i n d o w s \ i n c l u d e " " - I l i b \ e a l \ x 8 6 \ i n c l u d e " " - I . . \ l i b \ e a l \ x 8 6 \ i n c l u d e " " - I l i b \ e a l \ c o m m o n " " - I . . \ l i b \ e a l \ c o m m o n " " - I l i b \ e a l " " - I . . \ l i b \ e a l " " - I l i b \ k v a r g s " " - I . . \ l i b \ k v a r g s " " - I l i b \ n e t " " - I . . \ l i b \ n e t " " - I l i b \ m b u f " " - I . . \ l i b \ m b u f " " - I l i b \ m e m p o o l " " - I . . \ l i b \ m e m p o o l " " - I l i b \ r i n g " " - I . . \ l i b \ r i n g " " - I l i b \ m e t r i c s " " - I . . \ l i b \ m e t r i c s " " - I l i b \ t e l e m e t r y " " - I . . \ l i b \ t e l e m e t r y " " - I l i b \ m e t e r " " - I . . \ l i b \ m e t e r " " - X c l a n g " " - f c o l o r - d i a g n o s t i c s " " - p i p e " " - D _ F I L E _ O F F S E T _ B I T S = 6 4 " " - W a l l " " - W i n v a l i d - p c h " " - W e x t r a " " - W e r r o r " " - O 3 " " - i n c l u d e " " r t e _ c o n f i g . h " " - W c a s t - q u a l " " - W d e p r e c a t e d " " - W f o r m a t " " - W f o r m a t - n o n l i t e r a l " " - W f o r m a t - s e c u r i t y " " - W m i s s i n g - d e c l a r a t i o n s " " - W m i s s i n g - p r o t o t y p e s " " - W n e s t e d - e x t e r n s " " - W o l d - s t y l e - d e f i n i t i o n " " - W p o i n t e r - a r i t h " " - W s i g n - c o m p a r e " " - W s t r i c t - p r o t o t y p e s " " - W u n d e f " " - W w r i t e - s t r i n g s " " - W n o - a d d r e s s - o f - p a c k e d - m e m b e r " " - W n o - m i s s i n g - f i e l d - i n i t i a l i z e r s " " - D _ G N U _ S O U R C E " " - D _ W I N 3 2 _ W I N N T = 0 x 0 A 0 0 " " - D _ C R T _ S E C U R E _ N O _ W A R N I N G S " " - m a r c h = n a t i v e " " - D A L L O W _ E X P E R I M E N T A L _ A P I " " - D A L L O W _ I N T E R N A L _ A P I " " - D R T E _ L O G _ D E F A U L T _ L O G T Y P E = l i b . e t h d e v " - M D - M Q l i b / l i b r t e _ e t h d e v . a . p / e t h d e v _ r t e _ e t h d e v . c . o b j - M F " l i b \ l i b r t e _ e t h d e v . a . p \ e t h d e v _ r t e _ e t h d e v . c . o b j . d " - o l i b / l i b r t e _ e t h d e v . a . p / e t h d e v _ r t e _ e t h d e v . c . o b j " - c " . . / l i b / e t h d e v / r t e _ e t h d e v . c
. . / l i b / e t h d e v / r t e _ e t h d e v . c : 5 6 8 0 : 6 : e r r o r : i m p l i c i t d e c l a r a t i o n o f f u n c t i o n ' f m e m o p e n ' i s i n v a l i d i n C 9 9 [ - W e r r o r , - W i m p l i c i t - f u n c t i o n - d e c l a r a t i o n ]
f = f m e m o p e n ( b u f , R T E _ T E L _ M A X _ S I N G L E _ S T R I N G _ L E N - 1 , " w + " ) ;
^
. . / l i b / e t h d e v / r t e _ e t h d e v . c : 5 6 8 0 : 6 : n o t e : d i d y o u m e a n ' f r e o p e n ' ?
C : \ P r o g r a m F i l e s ( x 8 6 ) \ W i n d o w s K i t s \ 1 0 \ I n c l u d e \ 1 0 . 0 . 1 8 3 6 2 . 0 \ u c r t \ s t d i o . h : 2 4 3 : 2 8 : n o t e : ' f r e o p e n ' d e c l a r e d h e r e
_ A C R T I M P F I L E * _ _ c d e c l f r e o p e n (
^
. . / l i b / e t h d e v / r t e _ e t h d e v . c : 5 6 8 0 : 4 : e r r o r : i n c o m p a t i b l e i n t e g e r t o p o i n t e r c o n v e r s i o n a s s i g n i n g t o ' F I L E * ' ( a k a ' s t r u c t _ i o b u f * ' ) f r o m ' i n t ' [ - W e r r o r , - W i n t - c o n v e r s i o n ]
f = f m e m o p e n ( b u f , R T E _ T E L _ M A X _ S I N G L E _ S T R I N G _ L E N - 1 , " w + " ) ;
^ ~ ~ ~ ~ ~ ~ ~ ~ ~ ~ ~ ~ ~ ~ ~ ~ ~ ~ ~ ~ ~ ~ ~ ~ ~ ~ ~ ~ ~ ~ ~ ~ ~ ~ ~ ~ ~ ~ ~ ~ ~ ~ ~ ~ ~ ~ ~ ~ ~ ~ ~ ~ ~ ~
2 e r r o r s g e n e r a t e d .
[ 4 / 5 3 3 ] C o m p i l i n g C o b j e c t l i b / l i b r t e _ b i t r a t e s t a t s . a . p / b i t r a t e s t a t s _ r t e _ b i t r a t e . c . o b j
[ 5 / 5 3 3 ] L i n k i n g s t a t i c t a r g e t l i b / l i b r t e _ t i m e r . a
[ 6 / 5 3 3 ] C o m p i l i n g C o b j e c t l i b / l i b r t e _ c r y p t o d e v . a . p / c r y p t o d e v _ c r y p t o d e v _ t r a c e _ p o i n t s . c . o b j
[ 7 / 5 3 3 ] C o m p i l i n g C o b j e c t l i b / l i b r t e _ c r y p t o d e v . a . p / c r y p t o d e v _ c r y p t o d e v _ p m d . c . o b j
[ 8 / 5 3 3 ] C o m p i l i n g C o b j e c t l i b / l i b r t e _ h a s h . a . p / h a s h _ r t e _ c u c k o o _ h a s h . c . o b j
n i n j a : b u i l d s t o p p e d : s u b c o m m a n d f a i l e d .
C o u l d n o t r e b u i l d C : \ U s e r s \ b u i l d e r \ j e n k i n s \ w o r k s p a c e \ G e n e r i c - V M - U n i t - T e s t - D P D K \ d p d k \ b u i l d
==== End log output ====
Ubuntu 18.04
Kernel: 4.18.0-240.10.1.el8_3.x86_64
Compiler: gcc 7.5.0-3ubuntu1~18.04
Windows Server 2019
Kernel: 10.0
Compiler: clang 14.0 and gcc 8.1.0 (MinGW)
Fedora 33
Kernel: 5.4.0-72-generic
Compiler: gcc 10.3.1 20210422 (Red Hat 10.3.1-1)
Fedora 34
Kernel: 5.4.0-72-generic
Compiler: gcc 11.1.1 20210428 (Red Hat 11.1.1-1)
openSUSE Leap 15
Kernel: 4.18.0-240.10.1.el8_3.x86_64
Compiler: gcc 7.5.0
CentOS Stream 8
Kernel: 4.18.0-240.10.1.el8_3.x86_64
Compiler: gcc 8.4.1 20200928
RHEL8
Kernel: 4.18.0-240.10.1.el8_3.x86_64
Compiler: gcc 8.3.1 20191121 (Red Hat 8.3.1-5)
Arch Linux
Kernel: 5.4.0-73-generic
Compiler: gcc 11.1.0
Fedora 32
Kernel: 4.18.0-240.10.1.el8_3.x86_64
Compiler: gcc 10.2.1
RHEL 7
Kernel: 4.18.0-240.10.1.el8_3.x86_64
Compiler: gcc 4.8.5 20150623 (Red Hat 4.8.5-44)
Fedora 31
Kernel: 4.18.0-240.10.1.el8_3.x86_64
Compiler: gcc 9.3.1
Ubuntu 20.04
Kernel: 4.18.0-240.10.1.el8_3.x86_64
Compiler: gcc 9.3.0-17ubuntu1~20.04
Fedora 34 clang
Kernel: 5.4.0-72-generic
Compiler: clang 12.0.0 (Fedora 12.0.0-0.3.rc1.fc34)
To view detailed results, visit:
https://lab.dpdk.org/results/dashboard/patchsets/22676/
UNH-IOL DPDK Community Lab
To manage your email subscriptions, visit:
https://lab.dpdk.org/results/dashboard/preferences/subscriptions/
More information about the test-report
mailing list