|FAILURE| pw112711 [PATCH] [v9] event/dlb2: add support for single 512B write of 4 QEs

dpdklab at iol.unh.edu dpdklab at iol.unh.edu
Fri Jun 17 22:46:34 CEST 2022


Test-Label: iol-aarch64-unit-testing
Test-Status: FAILURE
http://dpdk.org/patch/112711

_Testing issues_

Submitter: Timothy McDaniel <timothy.mcdaniel at intel.com>
Date: Monday, June 13 2022 20:39:11 
DPDK git baseline: Repo:dpdk
  Branch: master
  CommitID:7342e612052ae3ec875ae018548324d29abfa9c2

112711 --> testing fail

Test environment and result as below:

+-------------------------------+----------------+--------------+
|          Environment          | dpdk_unit_test | lpm_autotest |
+===============================+================+==============+
| Ubuntu 20.04 ARM GCC Native   | FAIL           | SKIPPED      |
+-------------------------------+----------------+--------------+
| Ubuntu 20.04 ARM Clang Native | FAIL           | SKIPPED      |
+-------------------------------+----------------+--------------+
| Ubuntu 20.04 ARM SVE          | SKIPPED        | FAIL         |
+-------------------------------+----------------+--------------+

==== 20 line log output for Ubuntu 20.04 ARM SVE (lpm_autotest): ====
Directory already configured.

Just run your build command (e.g. ninja) and Meson will regenerate as necessary.
If ninja fails, run "ninja reconfigure" or "meson --reconfigure"
to force Meson to regenerate.

If build failures persist, run "meson setup --wipe" to rebuild from scratch
using the same options as passed when configuring the build.
To change option values, run "meson configure" instead.
ninja: Entering directory `build'
[0/1] Regenerating build files.
FAILED: build.ninja
/usr/bin/meson --internal regenerate /home-local/jenkins-local/jenkins-agent/workspace/Apply-Custom-Patch-Set-Pipeline/dpdk /home-local/jenkins-local/jenkins-agent/workspace/Apply-Custom-Patch-Set-Pipeline/dpdk/build --backend ninja
==== End log output ====

Ubuntu 20.04 ARM GCC Native
	Kernel: 5.4.0-53-generic
	Compiler: gcc 9.3

Ubuntu 20.04 ARM Clang Native
	Kernel: 5.4.0-53-generic
	Compiler: clang 10.0.0-4ubuntu1

Ubuntu 20.04 ARM SVE
	Kernel: 5.4.0-80-generic
	Compiler: gcc 10.3.0 (Ubuntu 10.3.0-1ubuntu1~20.04)

To view detailed results, visit:
https://lab.dpdk.org/results/dashboard/patchsets/22591/

UNH-IOL DPDK Community Lab

To manage your email subscriptions, visit: 
https://lab.dpdk.org/results/dashboard/preferences/subscriptions/


More information about the test-report mailing list