|FAILURE| [GIT MASTER] 3a9281f20e36c3ccf49ad421ac99a28a650f220c

dpdklab at iol.unh.edu dpdklab at iol.unh.edu
Tue Jun 21 07:10:54 CEST 2022


_Testing issues_

Branch: tags/v20.11

3a9281f20e36c3ccf49ad421ac99a28a650f220c --> testing fail

Test environment and result as below:

+------------------+----------------+
|   Environment    | dpdk_unit_test |
+==================+================+
| Arch Linux       | FAIL           |
+------------------+----------------+
| RHEL8            | PASS           |
+------------------+----------------+
| RHEL 7           | PASS           |
+------------------+----------------+
| CentOS Stream 8  | PASS           |
+------------------+----------------+
| openSUSE Leap 15 | PASS           |
+------------------+----------------+
| Fedora 34        | PASS           |
+------------------+----------------+
| Ubuntu 18.04     | PASS           |
+------------------+----------------+
| Fedora 33        | PASS           |
+------------------+----------------+
| Fedora 31        | PASS           |
+------------------+----------------+
| Fedora 34 clang  | PASS           |
+------------------+----------------+
| Fedora 32        | PASS           |
+------------------+----------------+
| Ubuntu 20.04     | PASS           |
+------------------+----------------+

==== 20 line log output for Arch Linux (dpdk_unit_test): ====
../drivers/net/af_xdp/rte_eth_af_xdp.c:1163:9: error: ‘xsk_socket__delete’ is deprecated: libbpf v0.7+: AF_XDP support deprecated and moved to libxdp [-Werror=deprecated-declarations]
1163 |         xsk_socket__delete(rxq->xsk);
|         ^~~~~~~~~~~~~~~~~~
In file included from ../drivers/net/af_xdp/rte_eth_af_xdp.c:19:
/usr/include/bpf/xsk.h:330:6: note: declared here
330 | void xsk_socket__delete(struct xsk_socket *xsk);
|      ^~~~~~~~~~~~~~~~~~
../drivers/net/af_xdp/rte_eth_af_xdp.c: In function ‘eth_rx_queue_setup’:
../drivers/net/af_xdp/rte_eth_af_xdp.c:1212:9: error: ‘xsk_socket__fd’ is deprecated: libbpf v0.7+: AF_XDP support deprecated and moved to libxdp [-Werror=deprecated-declarations]
1212 |         rxq->fds[0].fd = xsk_socket__fd(rxq->xsk);
|         ^~~
In file included from ../drivers/net/af_xdp/rte_eth_af_xdp.c:19:
/usr/include/bpf/xsk.h:257:5: note: declared here
257 | int xsk_socket__fd(const struct xsk_socket *xsk);
|     ^~~~~~~~~~~~~~
cc1: all warnings being treated as errors
[935/2603] Generating rte_net_ark.sym_chk with a meson_exe.py custom command.
[936/2603] Compiling C object 'drivers/a715181@@tmp_rte_net_atlantic at sta/net_atlantic_atl_ethdev.c.o'.
[937/2603] Compiling C object 'drivers/a715181@@tmp_rte_net_atlantic at sta/net_atlantic_atl_rxtx.c.o'.
ninja: build stopped: subcommand failed.
==== End log output ====

Arch Linux
	Kernel: 5.4.0-73-generic
	Compiler: gcc 11.1.0

RHEL8
	Kernel: 4.18.0-240.10.1.el8_3.x86_64
	Compiler: gcc 8.3.1 20191121 (Red Hat 8.3.1-5)

RHEL 7
	Kernel: 4.18.0-240.10.1.el8_3.x86_64
	Compiler: gcc 4.8.5 20150623 (Red Hat 4.8.5-44)

CentOS Stream 8
	Kernel: 4.18.0-240.10.1.el8_3.x86_64
	Compiler: gcc 8.4.1 20200928

openSUSE Leap 15
	Kernel: 4.18.0-240.10.1.el8_3.x86_64
	Compiler: gcc 7.5.0

Fedora 34
	Kernel: 5.4.0-72-generic
	Compiler: gcc 11.1.1 20210428 (Red Hat 11.1.1-1)

Ubuntu 18.04
	Kernel: 4.18.0-240.10.1.el8_3.x86_64
	Compiler: gcc 7.5.0-3ubuntu1~18.04

Fedora 33
	Kernel: 5.4.0-72-generic
	Compiler: gcc 10.3.1 20210422 (Red Hat 10.3.1-1)

Fedora 31
	Kernel: 4.18.0-240.10.1.el8_3.x86_64
	Compiler: gcc 9.3.1

Fedora 34 clang
	Kernel: 5.4.0-72-generic
	Compiler: clang 12.0.0 (Fedora 12.0.0-0.3.rc1.fc34)

Fedora 32
	Kernel: 4.18.0-240.10.1.el8_3.x86_64
	Compiler: gcc 10.2.1

Ubuntu 20.04
	Kernel: 4.18.0-240.10.1.el8_3.x86_64
	Compiler: gcc 9.3.0-17ubuntu1~20.04

To view detailed results, visit:
https://lab.dpdk.org/results/dashboard/tarballs/20411/

UNH-IOL DPDK Community Lab

To manage your email subscriptions, visit: 
https://lab.dpdk.org/results/dashboard/preferences/subscriptions/


More information about the test-report mailing list