|FAILURE| pw113193 [PATCH] examples/distributor: update dynamic configuration
dpdklab at iol.unh.edu
dpdklab at iol.unh.edu
Tue Jun 21 22:38:37 CEST 2022
Test-Label: iol-aarch64-compile-testing
Test-Status: FAILURE
http://dpdk.org/patch/113193
_Testing issues_
Submitter: Abdullah Ömer Yamaç <omer.yamac at ceng.metu.edu.tr>
Date: Tuesday, June 21 2022 20:15:17
DPDK git baseline: Repo:dpdk
Branch: master
CommitID:a1b2afe431d80ab65b2ed9889a61ead335e53299
113193 --> testing fail
Test environment and result as below:
+----------------------------------------+--------------------+
| Environment | dpdk_meson_compile |
+========================================+====================+
| Ubuntu 20.04 ARM Clang Native | PASS |
+----------------------------------------+--------------------+
| Ubuntu 20.04 aarch32 GCC Cross Compile | FAIL |
+----------------------------------------+--------------------+
| Ubuntu 20.04 ARM GCC Cross Compile | FAIL |
+----------------------------------------+--------------------+
| Ubuntu 20.04 ARM Clang Cross Compile | PASS |
+----------------------------------------+--------------------+
| Ubuntu 20.04 ARM GCC Native | PASS |
+----------------------------------------+--------------------+
| Ubuntu 20.04 ARM SVE | PASS |
+----------------------------------------+--------------------+
==== 20 line log output for Ubuntu 20.04 ARM GCC Cross Compile (dpdk_meson_compile): ====
[3116/3290] Compiling C object 'examples/c590b3c@@dpdk-cmdline at exe/cmdline_main.c.o'.
[3117/3290] Compiling C object 'examples/c590b3c@@dpdk-cmdline at exe/cmdline_commands.c.o'.
[3118/3290] Compiling C object 'app/test/3062f5d@@dpdk-test at exe/test_vdev.c.o'.
[3119/3290] Compiling C object 'examples/c590b3c@@dpdk-cmdline at exe/cmdline_parse_obj_list.c.o'.
[3120/3290] Compiling C object 'examples/c590b3c@@dpdk-bond at exe/bond_main.c.o'.
[3121/3290] Linking target examples/dpdk-bond.
[3122/3290] Compiling C object 'examples/c590b3c@@dpdk-bbdev_app at exe/bbdev_app_main.c.o'.
[3123/3290] Linking target examples/dpdk-bbdev_app.
[3124/3290] Compiling C object 'examples/c590b3c@@dpdk-ethtool at exe/ethtool_ethtool-app_ethapp.c.o'.
[3125/3290] Compiling C object 'examples/c590b3c@@dpdk-ethtool at exe/ethtool_ethtool-app_main.c.o'.
[3126/3290] Compiling C object 'examples/c590b3c@@dpdk-eventdev_pipeline at exe/eventdev_pipeline_pipeline_worker_generic.c.o'.
[3127/3290] Compiling C object 'examples/c590b3c@@dpdk-distributor at exe/distributor_main.c.o'.
FAILED: examples/c590b3c@@dpdk-distributor at exe/distributor_main.c.o
ccache aarch64-linux-gnu-gcc -Iexamples/c590b3c@@dpdk-distributor at exe -Iexamples -I../examples -Iexamples/distributor -I../examples/distributor -I. -I../ -Iconfig -I../config -Ilib/eal/include -I../lib/eal/include -Ilib/eal/linux/include -I../lib/eal/linux/include -Ilib/eal/arm/include -I../lib/eal/arm/include -Ilib/eal/common -I../lib/eal/common -Ilib/eal -I../lib/eal -Ilib/kvargs -I../lib/kvargs -Ilib/telemetry/../metrics -I../lib/telemetry/../metrics -Ilib/telemetry -I../lib/telemetry -Ilib/mempool -I../lib/mempool -Ilib/ring -I../lib/ring -Ilib/net -I../lib/net -Ilib/mbuf -I../lib/mbuf -Ilib/ethdev -I../lib/ethdev -Ilib/meter -I../lib/meter -Ilib/cmdline -I../lib/cmdline -Ilib/distributor -I../lib/distributor -Ilib/power -I../lib/power -Ilib/timer -I../lib/timer -fdiagnostics-color=always -pipe -D_FILE_OFFSET_BITS=64 -Wall -Winvalid-pch -Wextra -Werror -O3 -include rte_config.h -Wcast-qual -Wdeprecated -Wformat -Wformat-nonliteral -Wformat-security -Wmissing-declarations -Wmissing-prototypes -Wnested-externs -Wold-style-definition -Wpointer-arith -Wsign-compare -Wstrict-prototypes -Wundef -Wwrite-strings -Wno-address-of-packed-member -Wno-packed-not-aligned -Wno-missing-field-initializers -D_GNU_SOURCE -march=armv8-a+crc -moutline-atomics -Wno-format-truncation -DALLOW_EXPERIMENTAL_API -MD -MQ 'examples/c590b3c@@dpdk-distributor at exe/distributor_main.c.o' -MF 'examples/c590b3c@@dpdk-distributor at exe/distributor_main.c.o.d' -o 'examples/c590b3c@@dpdk-distributor at exe/distributor_main.c.o' -c ../examples/distributor/main.c
../examples/distributor/main.c: In function 'main':
../examples/distributor/main.c:1023:3: error: 'pd' may be used uninitialized in this function [-Werror=maybe-uninitialized]
1023 | rte_free(pd);
| ^~~~~~~~~~~~
cc1: all warnings being treated as errors
ninja: build stopped: subcommand failed.
==== End log output ====
Ubuntu 20.04 ARM Clang Native
Kernel: 5.4.0-53-generic
Compiler: clang 10.0.0-4ubuntu1
Ubuntu 20.04 aarch32 GCC Cross Compile
Kernel: 5.4.0-72-generic
Compiler: gcc 9.3.0
Ubuntu 20.04 ARM GCC Cross Compile
Kernel: 5.4.0-72-generic
Compiler: aarch64-linux-gnu-gcc (Ubuntu 9.3.0-17ubuntu1~20.04) 9.3.0
Ubuntu 20.04 ARM Clang Cross Compile
Kernel: 5.4.0-72-generic
Compiler: clang version 10.0.0-4ubuntu1
Ubuntu 20.04 ARM GCC Native
Kernel: 5.4.0-53-generic
Compiler: gcc 9.3
Ubuntu 20.04 ARM SVE
Kernel: 5.4.0-80-generic
Compiler: gcc 10.3.0 (Ubuntu 10.3.0-1ubuntu1~20.04)
To view detailed results, visit:
https://lab.dpdk.org/results/dashboard/patchsets/22727/
UNH-IOL DPDK Community Lab
To manage your email subscriptions, visit:
https://lab.dpdk.org/results/dashboard/preferences/subscriptions/
More information about the test-report
mailing list