|FAILURE| pw113565 [PATCH] [v2] common/mlx5: fix non-expandable global MR cache

dpdklab at iol.unh.edu dpdklab at iol.unh.edu
Thu Jun 30 01:19:49 CEST 2022


Test-Label: iol-x86_64-unit-testing
Test-Status: FAILURE
http://dpdk.org/patch/113565

_Testing issues_

Submitter: Dmitry Kozlyuk <dkozlyuk at nvidia.com>
Date: Wednesday, June 29 2022 22:08:00 
DPDK git baseline: Repo:dpdk
  Branch: master
  CommitID:7cac53f205ebd04d8ebd3ee6a9dd84f698d4ada3

113565 --> testing fail

Test environment and result as below:

+---------------------+----------------+
|     Environment     | dpdk_unit_test |
+=====================+================+
| Windows Server 2019 | PASS           |
+---------------------+----------------+
| Fedora 33           | PASS           |
+---------------------+----------------+
| Fedora 31           | FAIL           |
+---------------------+----------------+
| openSUSE Leap 15    | PASS           |
+---------------------+----------------+
| RHEL 7              | PASS           |
+---------------------+----------------+
| Arch Linux          | PASS           |
+---------------------+----------------+
| Fedora 32           | PASS           |
+---------------------+----------------+
| Fedora 34           | PASS           |
+---------------------+----------------+
| Fedora 34 clang     | PASS           |
+---------------------+----------------+
| RHEL8               | PASS           |
+---------------------+----------------+
| Ubuntu 20.04        | PASS           |
+---------------------+----------------+
| Ubuntu 18.04        | PASS           |
+---------------------+----------------+
| CentOS Stream 8     | PASS           |
+---------------------+----------------+

==== 20 line log output for Fedora 31 (dpdk_unit_test): ====
92/102 DPDK:fast-tests / metrics_autotest      OK       0.17 s
93/102 DPDK:fast-tests / telemetry_json_autotest  OK       0.18 s
94/102 DPDK:fast-tests / telemetry_data_autotest  OK       0.48 s
95/102 DPDK:fast-tests / table_autotest        OK       8.16 s
96/102 DPDK:fast-tests / ring_pmd_autotest     OK       0.17 s
97/102 DPDK:fast-tests / event_eth_tx_adapter_autotest  OK       1.42 s
98/102 DPDK:fast-tests / bitratestats_autotest  OK       0.18 s
99/102 DPDK:fast-tests / latencystats_autotest  OK       0.37 s
100/102 DPDK:fast-tests / pdump_autotest        OK       5.20 s
101/102 DPDK:fast-tests / vdev_autotest         OK       0.14 s
102/102 DPDK:fast-tests / compressdev_autotest  SKIP     0.18 s

Ok:                   94
Expected Fail:         0
Fail:                  1
Unexpected Pass:       0
Skipped:               7
Timeout:               0

Full log written to /home-local/jenkins-local/jenkins-agent/workspace/Generic-Unit-Test-DPDK/dpdk/build/meson-logs/testlog.txt
==== End log output ====

Windows Server 2019
	Kernel: 10.0
	Compiler: clang 14.0 and gcc 8.1.0 (MinGW)

Fedora 33
	Kernel: 5.4.0-72-generic
	Compiler: gcc 10.3.1 20210422 (Red Hat 10.3.1-1)

Fedora 31
	Kernel: 4.18.0-240.10.1.el8_3.x86_64
	Compiler: gcc 9.3.1

openSUSE Leap 15
	Kernel: 4.18.0-240.10.1.el8_3.x86_64
	Compiler: gcc 7.5.0

RHEL 7
	Kernel: 4.18.0-240.10.1.el8_3.x86_64
	Compiler: gcc 4.8.5 20150623 (Red Hat 4.8.5-44)

Arch Linux
	Kernel: 5.4.0-73-generic
	Compiler: gcc 11.1.0

Fedora 32
	Kernel: 4.18.0-240.10.1.el8_3.x86_64
	Compiler: gcc 10.2.1

Fedora 34
	Kernel: 5.4.0-72-generic
	Compiler: gcc 11.1.1 20210428 (Red Hat 11.1.1-1)

Fedora 34 clang
	Kernel: 5.4.0-72-generic
	Compiler: clang 12.0.0 (Fedora 12.0.0-0.3.rc1.fc34)

RHEL8
	Kernel: 4.18.0-240.10.1.el8_3.x86_64
	Compiler: gcc 8.3.1 20191121 (Red Hat 8.3.1-5)

Ubuntu 20.04
	Kernel: 4.18.0-240.10.1.el8_3.x86_64
	Compiler: gcc 9.3.0-17ubuntu1~20.04

Ubuntu 18.04
	Kernel: 4.18.0-240.10.1.el8_3.x86_64
	Compiler: gcc 7.5.0-3ubuntu1~18.04

CentOS Stream 8
	Kernel: 4.18.0-240.10.1.el8_3.x86_64
	Compiler: gcc 8.4.1 20200928

To view detailed results, visit:
https://lab.dpdk.org/results/dashboard/patchsets/22860/

UNH-IOL DPDK Community Lab

To manage your email subscriptions, visit: 
https://lab.dpdk.org/results/dashboard/preferences/subscriptions/


More information about the test-report mailing list