|WARNING| pw110558 [PATCH] doc: update Linux core isolation guide

dpdklab at iol.unh.edu dpdklab at iol.unh.edu
Mon May 2 19:56:55 CEST 2022


Test-Label: iol-abi-testing
Test-Status: WARNING
http://dpdk.org/patch/110558

_Testing issues_

Submitter: Pavan Nikhilesh <pbhagavatula at marvell.com>
Date: Monday, May 02 2022 07:24:14 
DPDK git baseline: Repo:dpdk
  Branch: master
  CommitID:90bf3f89ed33f78e9f41818caf123e13e508dee7

110558 --> testing fail

Test environment and result as below:

+-----------------+----------+
|   Environment   | abi_test |
+=================+==========+
| Fedora 33       | PASS     |
+-----------------+----------+
| Arch Linux      | FAIL     |
+-----------------+----------+
| Fedora 34 clang | PASS     |
+-----------------+----------+

==== 20 line log output for Arch Linux (abi_test): ====
Functions changes summary: 0 Removed, 0 Changed (3 filtered out), 0 Added functions
Variables changes summary: 0 Removed, 0 Changed, 0 Added variable

Functions changes summary: 0 Removed, 0 Changed (2 filtered out), 0 Added functions
Variables changes summary: 0 Removed, 0 Changed, 0 Added variable

Functions changes summary: 0 Removed (5 filtered out), 0 Changed (220 filtered out), 0 Added (37 filtered out) functions
Variables changes summary: 0 Removed, 0 Changed, 0 Added (1 filtered out) variable

Functions changes summary: 0 Removed, 0 Changed, 0 Added (1 filtered out) function
Variables changes summary: 0 Removed, 0 Changed, 0 Added variable

Functions changes summary: 0 Removed, 0 Changed (2 filtered out), 0 Added functions
Variables changes summary: 0 Removed, 0 Changed, 0 Added variable

Functions changes summary: 0 Removed, 0 Changed (2 filtered out), 0 Added functions
Variables changes summary: 0 Removed, 0 Changed, 0 Added variable

Skipped removed driver librte_net_octeontx2.dump.
Skipped removed driver librte_crypto_octeontx2.dump.
==== End log output ====

Fedora 33
	Kernel: 5.4.0-72-generic
	Compiler: gcc 10.3.1 20210422 (Red Hat 10.3.1-1)

Arch Linux
	Kernel: 5.4.0-73-generic
	Compiler: gcc 11.1.0

Fedora 34 clang
	Kernel: 5.4.0-72-generic
	Compiler: clang 12.0.0 (Fedora 12.0.0-0.3.rc1.fc34)

To view detailed results, visit:
https://lab.dpdk.org/results/dashboard/patchsets/21976/

UNH-IOL DPDK Community Lab

To manage your email subscriptions, visit: 
https://lab.dpdk.org/results/dashboard/preferences/subscriptions/


More information about the test-report mailing list