|FAILURE| pw111020-111021 [PATCH] [v1, 2/2] app/testpmd: support dump_pkg command for ice

dpdklab at iol.unh.edu dpdklab at iol.unh.edu
Wed May 11 23:18:22 CEST 2022


Test-Label: iol-aarch64-unit-testing
Test-Status: FAILURE
http://dpdk.org/patch/111021

_Testing issues_

Submitter: Steve Yang <stevex.yang at intel.com>
Date: Wednesday, May 11 2022 08:02:47 
DPDK git baseline: Repo:dpdk
  Branch: master
  CommitID:36db4a1ad46448a2610133b021677ce6a0e0534e

111020-111021 --> testing fail

Test environment and result as below:

+-------------------------------+----------------+--------------+
|          Environment          | dpdk_unit_test | lpm_autotest |
+===============================+================+==============+
| Ubuntu 20.04 ARM Clang Native | FAIL           | SKIPPED      |
+-------------------------------+----------------+--------------+
| Ubuntu 20.04 ARM GCC Native   | FAIL           | SKIPPED      |
+-------------------------------+----------------+--------------+
| Ubuntu 20.04 ARM SVE          | SKIPPED        | PASS         |
+-------------------------------+----------------+--------------+

==== 20 line log output for Ubuntu 20.04 ARM GCC Native (dpdk_unit_test): ====
[3275/3487] Generating symbol file lib/librte_mempool.so.22.2.p/librte_mempool.so.22.2.symbols
[3276/3487] Generating drivers/rte_event_cnxk.sym_chk with a custom command (wrapped by meson to capture output)
[3277/3487] Generating drivers/rte_common_cnxk.sym_chk with a custom command (wrapped by meson to capture output)
[3278/3487] Linking target app/test/dpdk-test
[3279/3487] Linking target app/dpdk-test-eventdev
[3280/3487] Linking target app/dpdk-dumpcap
[3281/3487] Linking target app/dpdk-pdump
[3282/3487] Linking target app/dpdk-proc-info
[3283/3487] Linking target app/dpdk-test-sad
[3284/3487] Linking target app/dpdk-test-pipeline
[3285/3487] Linking target app/dpdk-test-fib
[3286/3487] Linking target app/dpdk-test-acl
[3287/3487] Linking target app/dpdk-test-crypto-perf
[3288/3487] Linking target app/dpdk-test-regex
[3289/3487] Linking target app/dpdk-test-cmdline
[3290/3487] Linking target app/dpdk-test-flow-perf
[3291/3487] Linking target app/dpdk-test-compress-perf
[3292/3487] Linking target app/dpdk-test-bbdev
[3293/3487] Linking target app/dpdk-test-gpudev
ninja: build stopped: subcommand failed.
==== End log output ====

Ubuntu 20.04 ARM Clang Native
	Kernel: 5.4.0-53-generic
	Compiler: clang 10.0.0-4ubuntu1

Ubuntu 20.04 ARM GCC Native
	Kernel: 5.4.0-53-generic
	Compiler: gcc 9.3

Ubuntu 20.04 ARM SVE
	Kernel: 5.4.0-80-generic
	Compiler: gcc 10.3.0 (Ubuntu 10.3.0-1ubuntu1~20.04)

To view detailed results, visit:
https://lab.dpdk.org/results/dashboard/patchsets/22074/

UNH-IOL DPDK Community Lab

To manage your email subscriptions, visit: 
https://lab.dpdk.org/results/dashboard/preferences/subscriptions/


More information about the test-report mailing list