|FAILURE| pw111025 [PATCH] [v2] app/testpmd: perform SW IP checksum for GRO/GSO packets
dpdklab at iol.unh.edu
dpdklab at iol.unh.edu
Thu May 12 01:00:24 CEST 2022
Test-Label: iol-aarch64-compile-testing
Test-Status: FAILURE
http://dpdk.org/patch/111025
_Testing issues_
Submitter: Wenwu Ma <wenwux.ma at intel.com>
Date: Wednesday, May 11 2022 09:35:36
DPDK git baseline: Repo:dpdk
Branch: master
CommitID:36db4a1ad46448a2610133b021677ce6a0e0534e
111025 --> testing fail
Test environment and result as below:
+----------------------------------------+--------------------+
| Environment | dpdk_meson_compile |
+========================================+====================+
| Ubuntu 20.04 ARM GCC Native | PASS |
+----------------------------------------+--------------------+
| Ubuntu 20.04 ARM Clang Native | PASS |
+----------------------------------------+--------------------+
| Ubuntu 20.04 aarch32 GCC Cross Compile | PASS |
+----------------------------------------+--------------------+
| Ubuntu 20.04 ARM GCC Cross Compile | PASS |
+----------------------------------------+--------------------+
| Ubuntu 20.04 ARM Clang Cross Compile | PASS |
+----------------------------------------+--------------------+
| Ubuntu 20.04 ARM SVE | FAIL |
+----------------------------------------+--------------------+
==== 20 line log output for Ubuntu 20.04 ARM SVE (dpdk_meson_compile): ====
[493/658] Compiling C object 'app/a172ced@@dpdk-test-flow-perf at exe/test-flow-perf_items_gen.c.o'.
[494/658] Compiling C object 'app/a172ced@@dpdk-test-flow-perf at exe/test-flow-perf_main.c.o'.
[495/658] Linking target app/dpdk-test-flow-perf.
[496/658] Compiling C object 'app/a172ced@@dpdk-testpmd at exe/test-pmd_5tswap.c.o'.
[497/658] Compiling C object 'app/a172ced@@dpdk-testpmd at exe/test-pmd_cmdline.c.o'.
[498/658] Compiling C object 'app/a172ced@@dpdk-test-regex at exe/test-regex_main.c.o'.
[499/658] Linking target app/dpdk-test-regex.
[500/658] Compiling C object 'app/a172ced@@dpdk-testpmd at exe/test-pmd_cmdline_flow.c.o'.
[501/658] Compiling C object 'app/a172ced@@dpdk-testpmd at exe/test-pmd_cmdline_mtr.c.o'.
[502/658] Compiling C object 'app/a172ced@@dpdk-testpmd at exe/test-pmd_cmdline_tm.c.o'.
[503/658] Compiling C object 'app/a172ced@@dpdk-testpmd at exe/test-pmd_cmd_flex_item.c.o'.
[504/658] Compiling C object 'app/a172ced@@dpdk-testpmd at exe/test-pmd_config.c.o'.
[505/658] Compiling C object 'app/a172ced@@dpdk-testpmd at exe/test-pmd_csumonly.c.o'.
FAILED: app/a172ced@@dpdk-testpmd at exe/test-pmd_csumonly.c.o
gcc-10 -Iapp/a172ced@@dpdk-testpmd at exe -Iapp -I../app -Ilib/ethdev -I../lib/ethdev -I. -I../ -Iconfig -I../config -Ilib/eal/include -I../lib/eal/include -Ilib/eal/linux/include -I../lib/eal/linux/include -Ilib/eal/arm/include -I../lib/eal/arm/include -Ilib/eal/common -I../lib/eal/common -Ilib/eal -I../lib/eal -Ilib/kvargs -I../lib/kvargs -I../lib/telemetry/../metrics -Ilib/telemetry -I../lib/telemetry -Ilib/net -I../lib/net -Ilib/mbuf -I../lib/mbuf -Ilib/mempool -I../lib/mempool -Ilib/ring -I../lib/ring -Ilib/meter -I../lib/meter -Ilib/cmdline -I../lib/cmdline -Idrivers/bus/pci -I../drivers/bus/pci -I../drivers/bus/pci/linux -Ilib/pci -I../lib/pci -Ilib/bpf -I../lib/bpf -fdiagnostics-color=always -pipe -D_FILE_OFFSET_BITS=64 -Wall -Winvalid-pch -Wextra -Werror -O3 -include rte_config.h -Wcast-qual -Wdeprecated -Wformat -Wformat-nonliteral -Wformat-security -Wmissing-declarations -Wmissing-prototypes -Wnested-externs -Wold-style-definition -Wpointer-arith -Wsign-compare -Wstrict-prototypes -Wundef -Wwrite-strings -Wno-address-of-packed-member -Wno-packed-not-aligned -Wno-missing-field-initializers -Wno-zero-length-bounds -D_GNU_SOURCE -march=armv8.2-a+crypto+sve -DALLOW_EXPERIMENTAL_API -Wno-deprecated-declarations -MD -MQ 'app/a172ced@@dpdk-testpmd at exe/test-pmd_csumonly.c.o' -MF 'app/a172ced@@dpdk-testpmd at exe/test-pmd_csumonly.c.o.d' -o 'app/a172ced@@dpdk-testpmd at exe/test-pmd_csumonly.c.o' -c ../app/test-pmd/csumonly.c
../app/test-pmd/csumonly.c:785:1: error: 'pkts_ip_csum_recalc' defined but not used [-Werror=unused-function]
785 | pkts_ip_csum_recalc(struct rte_mbuf **pkts_burst, const uint16_t nb_pkts, uint64_t tx_offloads)
| ^~~~~~~~~~~~~~~~~~~
cc1: all warnings being treated as errors
ninja: build stopped: subcommand failed.
==== End log output ====
Ubuntu 20.04 ARM GCC Native
Kernel: 5.4.0-53-generic
Compiler: gcc 9.3
Ubuntu 20.04 ARM Clang Native
Kernel: 5.4.0-53-generic
Compiler: clang 10.0.0-4ubuntu1
Ubuntu 20.04 aarch32 GCC Cross Compile
Kernel: 5.4.0-72-generic
Compiler: gcc 9.3.0
Ubuntu 20.04 ARM GCC Cross Compile
Kernel: 5.4.0-72-generic
Compiler: aarch64-linux-gnu-gcc (Ubuntu 9.3.0-17ubuntu1~20.04) 9.3.0
Ubuntu 20.04 ARM Clang Cross Compile
Kernel: 5.4.0-72-generic
Compiler: clang version 10.0.0-4ubuntu1
Ubuntu 20.04 ARM SVE
Kernel: 5.4.0-80-generic
Compiler: gcc 10.3.0 (Ubuntu 10.3.0-1ubuntu1~20.04)
To view detailed results, visit:
https://lab.dpdk.org/results/dashboard/patchsets/22077/
UNH-IOL DPDK Community Lab
To manage your email subscriptions, visit:
https://lab.dpdk.org/results/dashboard/preferences/subscriptions/
More information about the test-report
mailing list