|FAILURE| pw111020-111021 [PATCH] [v1, 2/2] app/testpmd: support dump_pkg command for ice

dpdklab at iol.unh.edu dpdklab at iol.unh.edu
Thu May 12 06:38:31 CEST 2022


Test-Label: iol-x86_64-unit-testing
Test-Status: FAILURE
http://dpdk.org/patch/111021

_Testing issues_

Submitter: Steve Yang <stevex.yang at intel.com>
Date: Wednesday, May 11 2022 08:02:47 
DPDK git baseline: Repo:dpdk
  Branch: master
  CommitID:36db4a1ad46448a2610133b021677ce6a0e0534e

111020-111021 --> testing fail

Test environment and result as below:

+------------------+----------------+
|   Environment    | dpdk_unit_test |
+==================+================+
| Ubuntu 18.04     | FAIL           |
+------------------+----------------+
| Fedora 32        | FAIL           |
+------------------+----------------+
| RHEL8            | FAIL           |
+------------------+----------------+
| Fedora 33        | FAIL           |
+------------------+----------------+
| CentOS Stream 8  | FAIL           |
+------------------+----------------+
| Fedora 34        | FAIL           |
+------------------+----------------+
| RHEL 7           | FAIL           |
+------------------+----------------+
| Ubuntu 20.04     | FAIL           |
+------------------+----------------+
| openSUSE Leap 15 | FAIL           |
+------------------+----------------+
| Fedora 31        | FAIL           |
+------------------+----------------+
| Arch Linux       | FAIL           |
+------------------+----------------+
| Fedora 34 clang  | FAIL           |
+------------------+----------------+

==== 20 line log output for Fedora 34 clang (dpdk_unit_test): ====
[3137/3344] Compiling C object 'app/a172ced@@dpdk-test-flow-perf at exe/test-flow-perf_main.c.o'.
[3138/3344] Compiling C object 'app/a172ced@@dpdk-test-eventdev at exe/test-eventdev_test_pipeline_queue.c.o'.
[3139/3344] Compiling C object 'app/a172ced@@dpdk-test-eventdev at exe/test-eventdev_test_perf_queue.c.o'.
[3140/3344] Compiling C object 'app/a172ced@@dpdk-test-flow-perf at exe/test-flow-perf_actions_gen.c.o'.
[3141/3344] Compiling C object 'app/a172ced@@dpdk-test-eventdev at exe/test-eventdev_test_perf_common.c.o'.
[3142/3344] Compiling C object 'app/a172ced@@dpdk-test-fib at exe/test-fib_main.c.o'.
[3143/3344] Compiling C object 'app/a172ced@@dpdk-test-pipeline at exe/test-pipeline_runtime.c.o'.
[3144/3344] Linking target app/dpdk-test-crypto-perf.
[3145/3344] Compiling C object 'app/a172ced@@dpdk-test-flow-perf at exe/test-flow-perf_items_gen.c.o'.
[3146/3344] Compiling C object 'app/a172ced@@dpdk-testpmd at exe/test-pmd_cmdline.c.o'.
FAILED: app/a172ced@@dpdk-testpmd at exe/test-pmd_cmdline.c.o
clang -Iapp/a172ced@@dpdk-testpmd at exe -Iapp -I../app -Ilib/ethdev -I../lib/ethdev -I. -I../ -Iconfig -I../config -Ilib/eal/include -I../lib/eal/include -Ilib/eal/linux/include -I../lib/eal/linux/include -Ilib/eal/x86/include -I../lib/eal/x86/include -Ilib/eal/common -I../lib/eal/common -Ilib/eal -I../lib/eal -Ilib/kvargs -I../lib/kvargs -Ilib/telemetry/../metrics -I../lib/telemetry/../metrics -Ilib/telemetry -I../lib/telemetry -Ilib/net -I../lib/net -Ilib/mbuf -I../lib/mbuf -Ilib/mempool -I../lib/mempool -Ilib/ring -I../lib/ring -Ilib/meter -I../lib/meter -Ilib/cmdline -I../lib/cmdline -Idrivers/bus/pci -I../drivers/bus/pci -I../drivers/bus/pci/linux -Ilib/pci -I../lib/pci -Idrivers/crypto/scheduler -I../drivers/crypto/scheduler -Ilib/cryptodev -I../lib/cryptodev -Ilib/rcu -I../lib/rcu -Idrivers/bus/vdev -I../drivers/bus/vdev -Ilib/reorder -I../lib/reorder -Ilib/bitratestats -I../lib/bitratestats -Ilib/metrics -I../lib/metrics -Ilib/bpf -I../lib/bpf -Ilib/gro -I../lib/gro -Ilib/gso -I../lib/gso -Ilib/latencystats -I../lib/latencystats -Ilib/pdump -I../lib/pdump -Ilib/pcapng -I../lib/pcapng -Idrivers/net/bonding -I../drivers/net/bonding -Ilib/sched -I../lib/sched -Ilib/ip_frag -I../lib/ip_frag -Ilib/hash -I../lib/hash -Idrivers/net/bnxt -I../drivers/net/bnxt -Idrivers/net/bnxt/tf_ulp -I../drivers/net/bnxt/tf_ulp -Idrivers/net/bnxt/tf_ulp/generic_templates -I../drivers/net/bnxt/tf_ulp/generic_templates -Idrivers/net/bnxt/tf_core -I../drivers/net/bnxt/tf_core -Idrivers/net/bnxt/hcapi/cfa -I../drivers/net/bnxt/hcapi/cfa -Idrivers/net/i40e -I../drivers/net/i40e -Idrivers/net/i40e/base -I../drivers/net/i40e/base -Idrivers/net/ixgbe -I../drivers/net/ixgbe -Idrivers/net/ixgbe/base -I../drivers/net/ixgbe/base -Ilib/security -I../lib/security -Idrivers/bus/dpaa -I../drivers/bus/dpaa -I../drivers/bus/dpaa/include -I../drivers/bus/dpaa/base/qbman -Idrivers/common/dpaax -I../drivers/common/dpaax -I../drivers/common/dpaax/caamflib -Ilib/eventdev -I../lib/eventdev -Ilib/timer -I../lib/timer -Idrivers/mempool/dpaa -I../drivers/mempool/dpaa -Idrivers/net/dpaa -I../drivers/net/dpaa -Xclang -fcolor-diagnostics -pipe -D_FILE_OFFSET_BITS=64 -Wall -Winvalid-pch -Wextra -Werror -O3 -include rte_config.h -Wcast-qual -Wdeprecated -Wformat -Wformat-nonliteral -Wformat-security -Wmissing-declarations -Wmissing-prototypes -Wnested-externs -Wold-style-definition -Wpointer-arith -Wsign-compare -Wstrict-prototypes -Wundef -Wwrite-strings -Wno-address-of-packed-member -Wno-missing-field-initializers -D_GNU_SOURCE -march=native -DALLOW_EXPERIMENTAL_API -Wno-deprecated-declarations  -MD -MQ 'app/a172ced@@dpdk-testpmd at exe/test-pmd_cmdline.c.o' -MF 'app/a172ced@@dpdk-testpmd at exe/test-pmd_cmdline.c.o.d' -o 'app/a172ced@@dpdk-testpmd at exe/test-pmd_cmdline.c.o' -c ../app/test-pmd/cmdline.c
../app/test-pmd/cmdline.c:64:10: fatal error: 'rte_pmd_ice.h' file not found
#include <rte_pmd_ice.h>
^~~~~~~~~~~~~~~
1 error generated.
[3147/3344] Linking target app/dpdk-test-gpudev.
[3148/3344] Linking target app/dpdk-test-fib.
[3149/3344] Compiling C object 'app/a172ced@@dpdk-testpmd at exe/test-pmd_cmdline_flow.c.o'.
ninja: build stopped: subcommand failed.
==== End log output ====

Ubuntu 18.04
	Kernel: 4.18.0-240.10.1.el8_3.x86_64
	Compiler: gcc 7.5.0-3ubuntu1~18.04

Fedora 32
	Kernel: 4.18.0-240.10.1.el8_3.x86_64
	Compiler: gcc 10.2.1

RHEL8
	Kernel: 4.18.0-240.10.1.el8_3.x86_64
	Compiler: gcc 8.3.1 20191121 (Red Hat 8.3.1-5)

Fedora 33
	Kernel: 5.4.0-72-generic
	Compiler: gcc 10.3.1 20210422 (Red Hat 10.3.1-1)

CentOS Stream 8
	Kernel: 4.18.0-240.10.1.el8_3.x86_64
	Compiler: gcc 8.4.1 20200928

Fedora 34
	Kernel: 5.4.0-72-generic
	Compiler: gcc 11.1.1 20210428 (Red Hat 11.1.1-1)

RHEL 7
	Kernel: 4.18.0-240.10.1.el8_3.x86_64
	Compiler: gcc 4.8.5 20150623 (Red Hat 4.8.5-44)

Ubuntu 20.04
	Kernel: 4.18.0-240.10.1.el8_3.x86_64
	Compiler: gcc 9.3.0-17ubuntu1~20.04

openSUSE Leap 15
	Kernel: 4.18.0-240.10.1.el8_3.x86_64
	Compiler: gcc 7.5.0

Fedora 31
	Kernel: 4.18.0-240.10.1.el8_3.x86_64
	Compiler: gcc 9.3.1

Arch Linux
	Kernel: 5.4.0-73-generic
	Compiler: gcc 11.1.0

Fedora 34 clang
	Kernel: 5.4.0-72-generic
	Compiler: clang 12.0.0 (Fedora 12.0.0-0.3.rc1.fc34)

To view detailed results, visit:
https://lab.dpdk.org/results/dashboard/patchsets/22074/

UNH-IOL DPDK Community Lab

To manage your email subscriptions, visit: 
https://lab.dpdk.org/results/dashboard/preferences/subscriptions/


More information about the test-report mailing list