|FAILURE| pw111045 [PATCH] [v5] fix mbuf release function point corrupt in multi-process
dpdklab at iol.unh.edu
dpdklab at iol.unh.edu
Thu May 12 16:46:30 CEST 2022
Test-Label: iol-aarch64-compile-testing
Test-Status: FAILURE
http://dpdk.org/patch/111045
_Testing issues_
Submitter: Ke Zhang <ke1x.zhang at intel.com>
Date: Thursday, May 12 2022 07:44:43
DPDK git baseline: Repo:dpdk
Branch: master
CommitID:c0c305ee9e0e7c9feca6412266a778f330d20c19
111045 --> testing fail
Test environment and result as below:
+----------------------------------------+--------------------+
| Environment | dpdk_meson_compile |
+========================================+====================+
| Ubuntu 20.04 ARM GCC Native | FAIL |
+----------------------------------------+--------------------+
| Ubuntu 20.04 ARM Clang Native | FAIL |
+----------------------------------------+--------------------+
| Ubuntu 20.04 ARM SVE | PASS |
+----------------------------------------+--------------------+
| Ubuntu 20.04 aarch32 GCC Cross Compile | FAIL |
+----------------------------------------+--------------------+
| Ubuntu 20.04 ARM Clang Cross Compile | FAIL |
+----------------------------------------+--------------------+
| Ubuntu 20.04 ARM GCC Cross Compile | FAIL |
+----------------------------------------+--------------------+
==== 20 line log output for Ubuntu 20.04 ARM GCC Cross Compile (dpdk_meson_compile): ====
[1568/3282] Compiling C object 'drivers/a715181@@tmp_rte_net_iavf at sta/net_iavf_iavf_ipsec_crypto.c.o'.
[1569/3282] Compiling C object 'drivers/a715181@@tmp_rte_net_iavf at sta/net_iavf_iavf_fdir.c.o'.
[1570/3282] Linking static target drivers/libtmp_rte_net_iavf.a.
[1571/3282] Generating rte_net_iavf.pmd.c with a custom command.
[1572/3282] Compiling C object 'drivers/a715181@@rte_net_iavf at sta/meson-generated_.._rte_net_iavf.pmd.c.o'.
[1573/3282] Linking static target drivers/librte_net_iavf.a.
[1574/3282] Generating rte_net_iavf_def with a custom command.
[1575/3282] Generating rte_net_iavf_mingw with a custom command.
[1576/3282] Compiling C object 'drivers/a715181@@rte_net_iavf at sha/meson-generated_.._rte_net_iavf.pmd.c.o'.
[1577/3282] Compiling C object 'drivers/net/ice/base/39545a2@@ice_base at sta/ice_sched.c.o'.
[1578/3282] Compiling C object 'drivers/net/ice/base/39545a2@@ice_base at sta/ice_common.c.o'.
[1579/3282] Compiling C object 'drivers/net/ice/base/39545a2@@ice_base at sta/ice_controlq.c.o'.
[1580/3282] Linking target drivers/librte_net_iavf.so.22.2.
FAILED: drivers/librte_net_iavf.so.22.2
aarch64-linux-gnu-gcc -o drivers/librte_net_iavf.so.22.2 'drivers/a715181@@rte_net_iavf at sha/meson-generated_.._rte_net_iavf.pmd.c.o' 'drivers/a715181@@tmp_rte_net_iavf at sta/net_iavf_iavf_ethdev.c.o' 'drivers/a715181@@tmp_rte_net_iavf at sta/net_iavf_iavf_rxtx.c.o' 'drivers/a715181@@tmp_rte_net_iavf at sta/net_iavf_iavf_vchnl.c.o' 'drivers/a715181@@tmp_rte_net_iavf at sta/net_iavf_iavf_generic_flow.c.o' 'drivers/a715181@@tmp_rte_net_iavf at sta/net_iavf_iavf_fdir.c.o' 'drivers/a715181@@tmp_rte_net_iavf at sta/net_iavf_iavf_hash.c.o' 'drivers/a715181@@tmp_rte_net_iavf at sta/net_iavf_iavf_tm.c.o' 'drivers/a715181@@tmp_rte_net_iavf at sta/net_iavf_iavf_ipsec_crypto.c.o' -Wl,--no-undefined -Wl,--as-needed -Wl,-O1 -shared -fPIC -Wl,--start-group -Wl,-soname,librte_net_iavf.so.22 -Wl,--no-as-needed -pthread -lm -ldl lib/librte_ethdev.so.22.2 lib/librte_eal.so.22.2 lib/librte_kvargs.so.22.2 lib/librte_telemetry.so.22.2 lib/librte_net.so.22.2 lib/librte_mbuf.so.22.2 lib/librte_mempool.so.22.2 lib/librte_ring.so.22.2 lib/librte_meter.so.22.2 drivers/librte_bus_pci.so.22.2 lib/librte_pci.so.22.2 drivers/librte_bus_vdev.so.22.2 drivers/librte_common_iavf.so.22.2 lib/librte_security.so.22.2 lib/librte_cryptodev.so.22.2 lib/librte_rcu.so.22.2 -Wl,--end-group -Wl,--version-script=/home-local/jenkins-local/jenkins-agent/workspace/Generic-DPDK-Compile-Meson at 2/dpdk/drivers/net/iavf/version.map '-Wl,-rpath,$ORIGIN/../lib:$ORIGIN/' -Wl,-rpath-link,/home-local/jenkins-local/jenkins-agent/workspace/Generic-DPDK-Compile-Meson at 2/dpdk/build/lib:/home-local/jenkins-local/jenkins-agent/workspace/Generic-DPDK-Compile-Meson at 2/dpdk/build/drivers
/usr/lib/gcc-cross/aarch64-linux-gnu/9/../../../../aarch64-linux-gnu/bin/ld: drivers/a715181@@tmp_rte_net_iavf at sta/net_iavf_iavf_rxtx.c.o:(.data.rel.ro+0x8): undefined reference to `iavf_rx_queue_release_mbufs_sse'
/usr/lib/gcc-cross/aarch64-linux-gnu/9/../../../../aarch64-linux-gnu/bin/ld: drivers/a715181@@tmp_rte_net_iavf at sta/net_iavf_iavf_rxtx.c.o:(.data.rel.ro+0x18): undefined reference to `iavf_tx_queue_release_mbufs_sse'
/usr/lib/gcc-cross/aarch64-linux-gnu/9/../../../../aarch64-linux-gnu/bin/ld: drivers/a715181@@tmp_rte_net_iavf at sta/net_iavf_iavf_rxtx.c.o:(.data.rel.ro+0x20): undefined reference to `iavf_tx_queue_release_mbufs_avx512'
collect2: error: ld returned 1 exit status
ninja: build stopped: subcommand failed.
==== End log output ====
Ubuntu 20.04 ARM GCC Native
Kernel: 5.4.0-53-generic
Compiler: gcc 9.3
Ubuntu 20.04 ARM Clang Native
Kernel: 5.4.0-53-generic
Compiler: clang 10.0.0-4ubuntu1
Ubuntu 20.04 ARM SVE
Kernel: 5.4.0-80-generic
Compiler: gcc 10.3.0 (Ubuntu 10.3.0-1ubuntu1~20.04)
Ubuntu 20.04 aarch32 GCC Cross Compile
Kernel: 5.4.0-72-generic
Compiler: gcc 9.3.0
Ubuntu 20.04 ARM Clang Cross Compile
Kernel: 5.4.0-72-generic
Compiler: clang version 10.0.0-4ubuntu1
Ubuntu 20.04 ARM GCC Cross Compile
Kernel: 5.4.0-72-generic
Compiler: aarch64-linux-gnu-gcc (Ubuntu 9.3.0-17ubuntu1~20.04) 9.3.0
To view detailed results, visit:
https://lab.dpdk.org/results/dashboard/patchsets/22093/
UNH-IOL DPDK Community Lab
To manage your email subscriptions, visit:
https://lab.dpdk.org/results/dashboard/preferences/subscriptions/
More information about the test-report
mailing list