|FAILURE| pw111045 [PATCH] [v5] fix mbuf release function point corrupt in multi-process
dpdklab at iol.unh.edu
dpdklab at iol.unh.edu
Thu May 12 17:53:42 CEST 2022
Test-Label: iol-x86_64-unit-testing
Test-Status: FAILURE
http://dpdk.org/patch/111045
_Testing issues_
Submitter: Ke Zhang <ke1x.zhang at intel.com>
Date: Thursday, May 12 2022 07:44:43
DPDK git baseline: Repo:dpdk
Branch: master
CommitID:c0c305ee9e0e7c9feca6412266a778f330d20c19
111045 --> testing fail
Test environment and result as below:
+------------------+----------------+
| Environment | dpdk_unit_test |
+==================+================+
| RHEL 7 | FAIL |
+------------------+----------------+
| Ubuntu 18.04 | PASS |
+------------------+----------------+
| Ubuntu 20.04 | PASS |
+------------------+----------------+
| CentOS Stream 8 | PASS |
+------------------+----------------+
| Fedora 34 | PASS |
+------------------+----------------+
| RHEL8 | PASS |
+------------------+----------------+
| Fedora 32 | PASS |
+------------------+----------------+
| Fedora 33 | PASS |
+------------------+----------------+
| Fedora 34 clang | PASS |
+------------------+----------------+
| openSUSE Leap 15 | PASS |
+------------------+----------------+
| Arch Linux | PASS |
+------------------+----------------+
| Fedora 31 | PASS |
+------------------+----------------+
==== 20 line log output for RHEL 7 (dpdk_unit_test): ====
[1625/3330] Generating rte_net_iavf_def with a custom command.
[1626/3330] Compiling C object 'drivers/a715181@@tmp_rte_net_iavf at sta/net_iavf_iavf_ipsec_crypto.c.o'.
[1627/3330] Compiling C object 'drivers/a715181@@tmp_rte_net_iavf at sta/net_iavf_iavf_rxtx_vec_sse.c.o'.
[1628/3330] Compiling C object 'drivers/net/ice/base/39545a2@@ice_base at sta/ice_controlq.c.o'.
[1629/3330] Compiling C object 'drivers/a715181@@tmp_rte_net_iavf at sta/net_iavf_iavf_rxtx_vec_avx2.c.o'.
[1630/3330] Linking static target drivers/libtmp_rte_net_iavf.a.
[1631/3330] Generating rte_net_iavf.pmd.c with a custom command.
[1632/3330] Compiling C object 'drivers/net/ice/base/39545a2@@ice_base at sta/ice_common.c.o'.
[1633/3330] Compiling C object 'drivers/a715181@@rte_net_iavf at sta/meson-generated_.._rte_net_iavf.pmd.c.o'.
[1634/3330] Compiling C object 'drivers/a715181@@rte_net_iavf at sha/meson-generated_.._rte_net_iavf.pmd.c.o'.
[1635/3330] Linking static target drivers/librte_net_iavf.a.
[1636/3330] Linking target drivers/librte_net_iavf.so.22.2.
FAILED: drivers/librte_net_iavf.so.22.2
ccache cc -o drivers/librte_net_iavf.so.22.2 'drivers/a715181@@rte_net_iavf at sha/meson-generated_.._rte_net_iavf.pmd.c.o' 'drivers/a715181@@tmp_rte_net_iavf at sta/net_iavf_iavf_ethdev.c.o' 'drivers/a715181@@tmp_rte_net_iavf at sta/net_iavf_iavf_rxtx.c.o' 'drivers/a715181@@tmp_rte_net_iavf at sta/net_iavf_iavf_vchnl.c.o' 'drivers/a715181@@tmp_rte_net_iavf at sta/net_iavf_iavf_generic_flow.c.o' 'drivers/a715181@@tmp_rte_net_iavf at sta/net_iavf_iavf_fdir.c.o' 'drivers/a715181@@tmp_rte_net_iavf at sta/net_iavf_iavf_hash.c.o' 'drivers/a715181@@tmp_rte_net_iavf at sta/net_iavf_iavf_tm.c.o' 'drivers/a715181@@tmp_rte_net_iavf at sta/net_iavf_iavf_ipsec_crypto.c.o' 'drivers/a715181@@tmp_rte_net_iavf at sta/net_iavf_iavf_rxtx_vec_sse.c.o' 'drivers/a715181@@tmp_rte_net_iavf at sta/net_iavf_iavf_rxtx_vec_avx2.c.o' -Wl,--no-undefined -Wl,--as-needed -Wl,-O1 -shared -fPIC -Wl,--start-group -Wl,-soname,librte_net_iavf.so.22 -Wl,--no-as-needed -pthread -lm -ldl -lnuma lib/librte_ethdev.so.22.2 lib/librte_eal.so.22.2 lib/librte_kvargs.so.22.2 lib/librte_telemetry.so.22.2 lib/librte_net.so.22.2 lib/librte_mbuf.so.22.2 lib/librte_mempool.so.22.2 lib/librte_ring.so.22.2 lib/librte_meter.so.22.2 drivers/librte_bus_pci.so.22.2 lib/librte_pci.so.22.2 drivers/librte_bus_vdev.so.22.2 drivers/librte_common_iavf.so.22.2 lib/librte_security.so.22.2 lib/librte_cryptodev.so.22.2 lib/librte_rcu.so.22.2 -Wl,--end-group -Wl,--version-script=/home-local/jenkins-local/jenkins-agent/workspace/Generic-Unit-Test-DPDK at 3/dpdk/drivers/net/iavf/version.map '-Wl,-rpath,$ORIGIN/../lib:$ORIGIN/' -Wl,-rpath-link,/home-local/jenkins-local/jenkins-agent/workspace/Generic-Unit-Test-DPDK at 3/dpdk/build/lib:/home-local/jenkins-local/jenkins-agent/workspace/Generic-Unit-Test-DPDK at 3/dpdk/build/drivers
drivers/a715181@@tmp_rte_net_iavf at sta/net_iavf_iavf_rxtx.c.o:(.data.rel.ro+0x10): undefined reference to `iavf_tx_queue_release_mbufs_avx512'
collect2: error: ld returned 1 exit status
[1637/3330] Compiling C object 'drivers/net/ice/base/39545a2@@ice_base at sta/ice_nvm.c.o'.
[1638/3330] Compiling C object 'drivers/net/ice/base/39545a2@@ice_base at sta/ice_sched.c.o'.
[1639/3330] Compiling C object 'drivers/net/ice/base/39545a2@@ice_base at sta/ice_switch.c.o'.
ninja: build stopped: subcommand failed.
==== End log output ====
RHEL 7
Kernel: 4.18.0-240.10.1.el8_3.x86_64
Compiler: gcc 4.8.5 20150623 (Red Hat 4.8.5-44)
Ubuntu 18.04
Kernel: 4.18.0-240.10.1.el8_3.x86_64
Compiler: gcc 7.5.0-3ubuntu1~18.04
Ubuntu 20.04
Kernel: 4.18.0-240.10.1.el8_3.x86_64
Compiler: gcc 9.3.0-17ubuntu1~20.04
CentOS Stream 8
Kernel: 4.18.0-240.10.1.el8_3.x86_64
Compiler: gcc 8.4.1 20200928
Fedora 34
Kernel: 5.4.0-72-generic
Compiler: gcc 11.1.1 20210428 (Red Hat 11.1.1-1)
RHEL8
Kernel: 4.18.0-240.10.1.el8_3.x86_64
Compiler: gcc 8.3.1 20191121 (Red Hat 8.3.1-5)
Fedora 32
Kernel: 4.18.0-240.10.1.el8_3.x86_64
Compiler: gcc 10.2.1
Fedora 33
Kernel: 5.4.0-72-generic
Compiler: gcc 10.3.1 20210422 (Red Hat 10.3.1-1)
Fedora 34 clang
Kernel: 5.4.0-72-generic
Compiler: clang 12.0.0 (Fedora 12.0.0-0.3.rc1.fc34)
openSUSE Leap 15
Kernel: 4.18.0-240.10.1.el8_3.x86_64
Compiler: gcc 7.5.0
Arch Linux
Kernel: 5.4.0-73-generic
Compiler: gcc 11.1.0
Fedora 31
Kernel: 4.18.0-240.10.1.el8_3.x86_64
Compiler: gcc 9.3.1
To view detailed results, visit:
https://lab.dpdk.org/results/dashboard/patchsets/22093/
UNH-IOL DPDK Community Lab
To manage your email subscriptions, visit:
https://lab.dpdk.org/results/dashboard/preferences/subscriptions/
More information about the test-report
mailing list