|FAILURE| pw111429 [PATCH] mem: telemetry support for memseg and element information

dpdklab at iol.unh.edu dpdklab at iol.unh.edu
Thu May 19 19:29:18 CEST 2022


Test-Label: iol-x86_64-unit-testing
Test-Status: FAILURE
http://dpdk.org/patch/111429

_Testing issues_

Submitter: Amit Prakash Shukla <amitprakashs at marvell.com>
Date: Thursday, May 19 2022 06:10:28 
DPDK git baseline: Repo:dpdk
  Branch: master
  CommitID:68c050954ff393b894aa3672a5ef1a231597dab0

111429 --> testing fail

Test environment and result as below:

+------------------+----------------+
|   Environment    | dpdk_unit_test |
+==================+================+
| openSUSE Leap 15 | FAIL           |
+------------------+----------------+
| Arch Linux       | PASS           |
+------------------+----------------+
| CentOS Stream 8  | PASS           |
+------------------+----------------+
| RHEL8            | PASS           |
+------------------+----------------+
| Ubuntu 20.04     | PASS           |
+------------------+----------------+
| Fedora 33        | PASS           |
+------------------+----------------+
| RHEL 7           | PASS           |
+------------------+----------------+
| Fedora 31        | PASS           |
+------------------+----------------+
| Fedora 32        | PASS           |
+------------------+----------------+
| Ubuntu 18.04     | PASS           |
+------------------+----------------+
| Fedora 34        | PASS           |
+------------------+----------------+
| Fedora 34 clang  | PASS           |
+------------------+----------------+

==== 20 line log output for openSUSE Leap 15 (dpdk_unit_test): ====
55/65 DPDK:fast-tests / thash_autotest        OK       0.43 s
56/65 DPDK:fast-tests / trace_autotest        OK       0.59 s
57/65 DPDK:fast-tests / metrics_autotest      OK       0.50 s
58/65 DPDK:fast-tests / telemetry_json_autotest  OK       0.42 s
59/65 DPDK:fast-tests / telemetry_data_autotest  OK       0.45 s
60/65 DPDK:fast-tests / table_autotest        OK      28.26 s
61/65 DPDK:fast-tests / ring_pmd_autotest     OK       0.79 s
62/65 DPDK:fast-tests / bitratestats_autotest  OK       0.50 s
63/65 DPDK:fast-tests / latencystats_autotest  OK       0.50 s
64/65 DPDK:fast-tests / pdump_autotest        OK       0.61 s
65/65 DPDK:fast-tests / vdev_autotest         OK       0.38 s

Ok:                   63
Expected Fail:         0
Fail:                  1
Unexpected Pass:       0
Skipped:               1
Timeout:               0

Full log written to /home-local/jenkins-local/jenkins-agent/workspace/Generic-Unit-Test-DPDK/dpdk/build/meson-logs/testlog.txt
==== End log output ====

openSUSE Leap 15
	Kernel: 4.18.0-240.10.1.el8_3.x86_64
	Compiler: gcc 7.5.0

Arch Linux
	Kernel: 5.4.0-73-generic
	Compiler: gcc 11.1.0

CentOS Stream 8
	Kernel: 4.18.0-240.10.1.el8_3.x86_64
	Compiler: gcc 8.4.1 20200928

RHEL8
	Kernel: 4.18.0-240.10.1.el8_3.x86_64
	Compiler: gcc 8.3.1 20191121 (Red Hat 8.3.1-5)

Ubuntu 20.04
	Kernel: 4.18.0-240.10.1.el8_3.x86_64
	Compiler: gcc 9.3.0-17ubuntu1~20.04

Fedora 33
	Kernel: 5.4.0-72-generic
	Compiler: gcc 10.3.1 20210422 (Red Hat 10.3.1-1)

RHEL 7
	Kernel: 4.18.0-240.10.1.el8_3.x86_64
	Compiler: gcc 4.8.5 20150623 (Red Hat 4.8.5-44)

Fedora 31
	Kernel: 4.18.0-240.10.1.el8_3.x86_64
	Compiler: gcc 9.3.1

Fedora 32
	Kernel: 4.18.0-240.10.1.el8_3.x86_64
	Compiler: gcc 10.2.1

Ubuntu 18.04
	Kernel: 4.18.0-240.10.1.el8_3.x86_64
	Compiler: gcc 7.5.0-3ubuntu1~18.04

Fedora 34
	Kernel: 5.4.0-72-generic
	Compiler: gcc 11.1.1 20210428 (Red Hat 11.1.1-1)

Fedora 34 clang
	Kernel: 5.4.0-72-generic
	Compiler: clang 12.0.0 (Fedora 12.0.0-0.3.rc1.fc34)

To view detailed results, visit:
https://lab.dpdk.org/results/dashboard/patchsets/22194/

UNH-IOL DPDK Community Lab

To manage your email subscriptions, visit: 
https://lab.dpdk.org/results/dashboard/preferences/subscriptions/


More information about the test-report mailing list