|FAILURE| pw111653-111655 [PATCH] [v4, 5/5] baseband/acc100: configuration of ACC101 from PF

dpdklab at iol.unh.edu dpdklab at iol.unh.edu
Tue May 24 01:39:27 CEST 2022


Test-Label: iol-aarch64-unit-testing
Test-Status: FAILURE
http://dpdk.org/patch/111655

_Testing issues_

Submitter: Nicolas Chautru <nicolas.chautru at intel.com>
Date: Monday, May 23 2022 21:25:16 
DPDK git baseline: Repo:dpdk
  Branch: master
  CommitID:26d734b5d280b96f91f00f5e0c6c7eff99facef2

111653-111655 --> testing fail

Test environment and result as below:

+-------------------------------+----------------+--------------+
|          Environment          | dpdk_unit_test | lpm_autotest |
+===============================+================+==============+
| Ubuntu 20.04 ARM Clang Native | FAIL           | SKIPPED      |
+-------------------------------+----------------+--------------+
| Ubuntu 20.04 ARM GCC Native   | PASS           | SKIPPED      |
+-------------------------------+----------------+--------------+
| Ubuntu 20.04 ARM SVE          | SKIPPED        | PASS         |
+-------------------------------+----------------+--------------+

==== 20 line log output for Ubuntu 20.04 ARM Clang Native (dpdk_unit_test): ====
[3206/3487] Generating drivers/rte_event_skeleton.sym_chk with a custom command (wrapped by meson to capture output)
[3207/3487] Generating drivers/rte_event_dpaa.sym_chk with a custom command (wrapped by meson to capture output)
[3208/3487] Generating drivers/rte_event_dsw.sym_chk with a custom command (wrapped by meson to capture output)
[3209/3487] Generating drivers/rte_event_dpaa2.sym_chk with a custom command (wrapped by meson to capture output)
[3210/3487] Generating drivers/rte_baseband_la12xx.sym_chk with a custom command (wrapped by meson to capture output)
[3211/3487] Generating drivers/rte_baseband_null.sym_chk with a custom command (wrapped by meson to capture output)
[3212/3487] Generating drivers/rte_event_opdl.sym_chk with a custom command (wrapped by meson to capture output)
[3213/3487] Generating drivers/rte_baseband_turbo_sw.sym_chk with a custom command (wrapped by meson to capture output)
[3214/3487] Generating drivers/rte_baseband_fpga_lte_fec.sym_chk with a custom command (wrapped by meson to capture output)
[3215/3487] Generating drivers/rte_baseband_fpga_5gnr_fec.sym_chk with a custom command (wrapped by meson to capture output)
[3216/3487] Generating drivers/rte_event_sw.sym_chk with a custom command (wrapped by meson to capture output)
[3217/3487] Generating drivers/rte_event_octeontx.sym_chk with a custom command (wrapped by meson to capture output)
[3218/3487] Generating drivers/rte_common_mlx5.sym_chk with a custom command (wrapped by meson to capture output)
[3219/3487] Generating lib/ethdev.sym_chk with a custom command (wrapped by meson to capture output)
[3220/3487] Generating lib/eal.sym_chk with a custom command (wrapped by meson to capture output)
[3221/3487] Generating drivers/rte_common_sfc_efx.sym_chk with a custom command (wrapped by meson to capture output)
[3222/3487] Generating drivers/rte_event_cnxk.pmd.c with a custom command
[3223/3487] Compiling C object app/dpdk-test-bbdev.p/test-bbdev_test_bbdev_perf.c.o
[3224/3487] Generating drivers/rte_common_cnxk.sym_chk with a custom command (wrapped by meson to capture output)
ninja: build stopped: subcommand failed.
==== End log output ====

Ubuntu 20.04 ARM Clang Native
	Kernel: 5.4.0-53-generic
	Compiler: clang 10.0.0-4ubuntu1

Ubuntu 20.04 ARM GCC Native
	Kernel: 5.4.0-53-generic
	Compiler: gcc 9.3

Ubuntu 20.04 ARM SVE
	Kernel: 5.4.0-80-generic
	Compiler: gcc 10.3.0 (Ubuntu 10.3.0-1ubuntu1~20.04)

To view detailed results, visit:
https://lab.dpdk.org/results/dashboard/patchsets/22252/

UNH-IOL DPDK Community Lab

To manage your email subscriptions, visit: 
https://lab.dpdk.org/results/dashboard/preferences/subscriptions/


More information about the test-report mailing list