|FAILURE| pw111653-111655 [PATCH] [v4, 5/5] baseband/acc100: configuration of ACC101 from PF

dpdklab at iol.unh.edu dpdklab at iol.unh.edu
Tue May 24 04:45:37 CEST 2022


Test-Label: iol-x86_64-unit-testing
Test-Status: FAILURE
http://dpdk.org/patch/111655

_Testing issues_

Submitter: Chautru, Nicolas <nicolas.chautru at intel.com>
Date: Monday, May 23 2022 21:25:16 
DPDK git baseline: Repo:dpdk
  Branch: master
  CommitID:26d734b5d280b96f91f00f5e0c6c7eff99facef2

111653-111655 --> testing fail

Test environment and result as below:

+------------------+----------------+
|   Environment    | dpdk_unit_test |
+==================+================+
| Ubuntu 18.04     | PASS           |
+------------------+----------------+
| Arch Linux       | PASS           |
+------------------+----------------+
| Fedora 32        | PASS           |
+------------------+----------------+
| CentOS Stream 8  | PASS           |
+------------------+----------------+
| openSUSE Leap 15 | PASS           |
+------------------+----------------+
| Fedora 34        | PASS           |
+------------------+----------------+
| RHEL 7           | PASS           |
+------------------+----------------+
| RHEL8            | PASS           |
+------------------+----------------+
| Ubuntu 20.04     | PASS           |
+------------------+----------------+
| Fedora 31        | PASS           |
+------------------+----------------+
| Fedora 33        | PASS           |
+------------------+----------------+
| Fedora 34 clang  | FAIL           |
+------------------+----------------+

==== 20 line log output for Fedora 34 clang (dpdk_unit_test): ====
[3024/3344] Generating rte_event_octeontx_def with a custom command.
[3025/3344] Compiling C object 'drivers/a715181@@tmp_rte_event_octeontx at sta/event_octeontx_timvf_probe.c.o'.
[3026/3344] Generating rte_baseband_acc100_def with a custom command.
[3027/3344] Generating rte_baseband_acc100_mingw with a custom command.
[3028/3344] Compiling C object 'drivers/a715181@@tmp_rte_event_octeontx at sta/event_octeontx_timvf_evdev.c.o'.
[3029/3344] Compiling C object 'drivers/a715181@@tmp_rte_event_octeontx at sta/event_octeontx_timvf_worker.c.o'.
[3030/3344] Generating rte_baseband_fpga_5gnr_fec_def with a custom command.
[3031/3344] Generating rte_baseband_fpga_5gnr_fec_mingw with a custom command.
[3032/3344] Linking static target drivers/libtmp_rte_event_octeontx.a.
[3033/3344] Compiling C object 'drivers/a715181@@tmp_rte_baseband_acc100 at sta/baseband_acc100_rte_acc100_pmd.c.o'.
FAILED: drivers/a715181@@tmp_rte_baseband_acc100 at sta/baseband_acc100_rte_acc100_pmd.c.o
clang -Idrivers/a715181@@tmp_rte_baseband_acc100 at sta -Idrivers -I../drivers -Idrivers/baseband/acc100 -I../drivers/baseband/acc100 -Ilib/bbdev -I../lib/bbdev -I. -I../ -Iconfig -I../config -Ilib/eal/include -I../lib/eal/include -Ilib/eal/linux/include -I../lib/eal/linux/include -Ilib/eal/x86/include -I../lib/eal/x86/include -Ilib/eal/common -I../lib/eal/common -Ilib/eal -I../lib/eal -Ilib/kvargs -I../lib/kvargs -Ilib/telemetry/../metrics -I../lib/telemetry/../metrics -Ilib/telemetry -I../lib/telemetry -Ilib/mbuf -I../lib/mbuf -Ilib/mempool -I../lib/mempool -Ilib/ring -I../lib/ring -Idrivers/bus/vdev -I../drivers/bus/vdev -Ilib/pci -I../lib/pci -Idrivers/bus/pci -I../drivers/bus/pci -I../drivers/bus/pci/linux -Xclang -fcolor-diagnostics -pipe -D_FILE_OFFSET_BITS=64 -Wall -Winvalid-pch -Wextra -Werror -O3 -include rte_config.h -Wcast-qual -Wdeprecated -Wformat -Wformat-nonliteral -Wformat-security -Wmissing-declarations -Wmissing-prototypes -Wnested-externs -Wold-style-definition -Wpointer-arith -Wsign-compare -Wstrict-prototypes -Wundef -Wwrite-strings -Wno-address-of-packed-member -Wno-missing-field-initializers -D_GNU_SOURCE -fPIC -march=native -DALLOW_EXPERIMENTAL_API -DALLOW_INTERNAL_API -DRTE_LOG_DEFAULT_LOGTYPE=pmd.bb.acc100  -MD -MQ 'drivers/a715181@@tmp_rte_baseband_acc100 at sta/baseband_acc100_rte_acc100_pmd.c.o' -MF 'drivers/a715181@@tmp_rte_baseband_acc100 at sta/baseband_acc100_rte_acc100_pmd.c.o.d' -o 'drivers/a715181@@tmp_rte_baseband_acc100 at sta/baseband_acc100_rte_acc100_pmd.c.o' -c ../drivers/baseband/acc100/rte_acc100_pmd.c
../drivers/baseband/acc100/rte_acc100_pmd.c:1293:1: error: unused function 'is_acc100' [-Werror,-Wunused-function]
is_acc100(struct acc100_queue *q)
^
1 error generated.
[3034/3344] Generating rte_event_octeontx.pmd.c with a custom command.
[3035/3344] Compiling C object 'drivers/a715181@@tmp_rte_baseband_fpga_5gnr_fec at sta/baseband_fpga_5gnr_fec_rte_fpga_5gnr_fec.c.o'.
[3036/3344] Compiling C object 'drivers/a715181@@tmp_rte_baseband_fpga_lte_fec at sta/baseband_fpga_lte_fec_fpga_lte_fec.c.o'.
ninja: build stopped: subcommand failed.
==== End log output ====

Ubuntu 18.04
	Kernel: 4.18.0-240.10.1.el8_3.x86_64
	Compiler: gcc 7.5.0-3ubuntu1~18.04

Arch Linux
	Kernel: 5.4.0-73-generic
	Compiler: gcc 11.1.0

Fedora 32
	Kernel: 4.18.0-240.10.1.el8_3.x86_64
	Compiler: gcc 10.2.1

CentOS Stream 8
	Kernel: 4.18.0-240.10.1.el8_3.x86_64
	Compiler: gcc 8.4.1 20200928

openSUSE Leap 15
	Kernel: 4.18.0-240.10.1.el8_3.x86_64
	Compiler: gcc 7.5.0

Fedora 34
	Kernel: 5.4.0-72-generic
	Compiler: gcc 11.1.1 20210428 (Red Hat 11.1.1-1)

RHEL 7
	Kernel: 4.18.0-240.10.1.el8_3.x86_64
	Compiler: gcc 4.8.5 20150623 (Red Hat 4.8.5-44)

RHEL8
	Kernel: 4.18.0-240.10.1.el8_3.x86_64
	Compiler: gcc 8.3.1 20191121 (Red Hat 8.3.1-5)

Ubuntu 20.04
	Kernel: 4.18.0-240.10.1.el8_3.x86_64
	Compiler: gcc 9.3.0-17ubuntu1~20.04

Fedora 31
	Kernel: 4.18.0-240.10.1.el8_3.x86_64
	Compiler: gcc 9.3.1

Fedora 33
	Kernel: 5.4.0-72-generic
	Compiler: gcc 10.3.1 20210422 (Red Hat 10.3.1-1)

Fedora 34 clang
	Kernel: 5.4.0-72-generic
	Compiler: clang 12.0.0 (Fedora 12.0.0-0.3.rc1.fc34)

To view detailed results, visit:
https://lab.dpdk.org/results/dashboard/patchsets/22252/

UNH-IOL DPDK Community Lab

To manage your email subscriptions, visit: 
https://lab.dpdk.org/results/dashboard/preferences/subscriptions/


More information about the test-report mailing list