|FAILURE| pw111758-111760 [PATCH] [RFT, v2, 3/3] rte_pie: fix incorrect floating point math

dpdklab at iol.unh.edu dpdklab at iol.unh.edu
Wed May 25 01:51:51 CEST 2022


Test-Label: iol-aarch64-unit-testing
Test-Status: FAILURE
http://dpdk.org/patch/111760

_Testing issues_

Submitter: Stephen Hemminger <stephen at networkplumber.org>
Date: Tuesday, May 24 2022 22:18:24 
DPDK git baseline: Repo:dpdk
  Branch: master
  CommitID:0354e8e860389cf412dd051626af39b9a01e6c9c

111758-111760 --> testing fail

Test environment and result as below:

+-------------------------------+----------------+--------------+
|          Environment          | dpdk_unit_test | lpm_autotest |
+===============================+================+==============+
| Ubuntu 20.04 ARM Clang Native | FAIL           | SKIPPED      |
+-------------------------------+----------------+--------------+
| Ubuntu 20.04 ARM GCC Native   | PASS           | SKIPPED      |
+-------------------------------+----------------+--------------+
| Ubuntu 20.04 ARM SVE          | SKIPPED        | PASS         |
+-------------------------------+----------------+--------------+

==== 20 line log output for Ubuntu 20.04 ARM Clang Native (dpdk_unit_test): ====
[3396/3487] Compiling C object drivers/libtmp_rte_event_cnxk.a.p/event_cnxk_deq_cn10k_deq_48_63_ca_tmo_seg.c.o
[3397/3487] Compiling C object app/test/dpdk-test.p/test_cryptodev.c.o
[3398/3487] Compiling C object drivers/libtmp_rte_event_cnxk.a.p/event_cnxk_deq_cn10k_deq_16_31_ca_tmo_seg.c.o
[3399/3487] Compiling C object drivers/libtmp_rte_event_cnxk.a.p/event_cnxk_deq_cn10k_deq_80_95_tmo_seg.c.o
[3400/3487] Compiling C object drivers/libtmp_rte_event_cnxk.a.p/event_cnxk_deq_cn10k_deq_80_95_ca_tmo.c.o
[3401/3487] Compiling C object drivers/libtmp_rte_event_cnxk.a.p/event_cnxk_deq_cn10k_deq_96_111_ca_tmo.c.o
[3402/3487] Compiling C object drivers/libtmp_rte_event_cnxk.a.p/event_cnxk_deq_cn10k_deq_112_127_tmo_seg.c.o
[3403/3487] Compiling C object drivers/libtmp_rte_event_cnxk.a.p/event_cnxk_deq_cn10k_deq_64_79_ca_tmo_seg.c.o
[3404/3487] Compiling C object drivers/libtmp_rte_event_cnxk.a.p/event_cnxk_deq_cn10k_deq_112_127_ca_tmo.c.o
[3405/3487] Compiling C object drivers/libtmp_rte_event_cnxk.a.p/event_cnxk_deq_cn10k_deq_96_111_ca_tmo_seg.c.o
[3406/3487] Compiling C object drivers/libtmp_rte_event_cnxk.a.p/event_cnxk_deq_cn10k_deq_80_95_ca_tmo_seg.c.o
[3407/3487] Compiling C object drivers/libtmp_rte_event_cnxk.a.p/event_cnxk_deq_cn10k_deq_112_127_ca_tmo_seg.c.o
[3408/3487] Compiling C object app/test/dpdk-test.p/test_memcpy_perf.c.o
[3409/3487] Compiling C object drivers/libtmp_rte_event_cnxk.a.p/event_cnxk_tx_cn10k_tx_48_63_seg.c.o
[3410/3487] Compiling C object drivers/libtmp_rte_event_cnxk.a.p/event_cnxk_tx_cn10k_tx_64_79_seg.c.o
[3411/3487] Compiling C object app/test/dpdk-test.p/test_ring.c.o
[3412/3487] Compiling C object drivers/libtmp_rte_event_cnxk.a.p/event_cnxk_tx_cn10k_tx_96_111_seg.c.o
[3413/3487] Compiling C object drivers/libtmp_rte_event_cnxk.a.p/event_cnxk_tx_cn10k_tx_80_95_seg.c.o
[3414/3487] Compiling C object drivers/libtmp_rte_event_cnxk.a.p/event_cnxk_tx_cn10k_tx_112_127_seg.c.o
ninja: build stopped: subcommand failed.
==== End log output ====

Ubuntu 20.04 ARM Clang Native
	Kernel: 5.4.0-53-generic
	Compiler: clang 10.0.0-4ubuntu1

Ubuntu 20.04 ARM GCC Native
	Kernel: 5.4.0-53-generic
	Compiler: gcc 9.3

Ubuntu 20.04 ARM SVE
	Kernel: 5.4.0-80-generic
	Compiler: gcc 10.3.0 (Ubuntu 10.3.0-1ubuntu1~20.04)

To view detailed results, visit:
https://lab.dpdk.org/results/dashboard/patchsets/22277/

UNH-IOL DPDK Community Lab

To manage your email subscriptions, visit: 
https://lab.dpdk.org/results/dashboard/preferences/subscriptions/


More information about the test-report mailing list