|FAILURE| pw111786 [PATCH] examples/ethtool: update rxmode to increase functionality
dpdklab at iol.unh.edu
dpdklab at iol.unh.edu
Wed May 25 12:48:18 CEST 2022
Test-Label: iol-aarch64-compile-testing
Test-Status: FAILURE
http://dpdk.org/patch/111786
_Testing issues_
Submitter: Muhammad Jawad Hussain <jawad.hussain at emumba.com>
Date: Wednesday, May 25 2022 06:12:30
DPDK git baseline: Repo:dpdk
Branch: master
CommitID:0354e8e860389cf412dd051626af39b9a01e6c9c
111786 --> testing fail
Test environment and result as below:
+----------------------------------------+--------------------+
| Environment | dpdk_meson_compile |
+========================================+====================+
| Ubuntu 20.04 ARM Clang Native | PASS |
+----------------------------------------+--------------------+
| Ubuntu 20.04 ARM GCC Native | PASS |
+----------------------------------------+--------------------+
| Ubuntu 20.04 ARM SVE | PASS |
+----------------------------------------+--------------------+
| Ubuntu 20.04 aarch32 GCC Cross Compile | FAIL |
+----------------------------------------+--------------------+
| Ubuntu 20.04 ARM Clang Cross Compile | FAIL |
+----------------------------------------+--------------------+
| Ubuntu 20.04 ARM GCC Cross Compile | FAIL |
+----------------------------------------+--------------------+
==== 20 line log output for Ubuntu 20.04 ARM GCC Cross Compile (dpdk_meson_compile): ====
[3123/3283] Compiling C object 'examples/c590b3c@@dpdk-eventdev_pipeline at exe/eventdev_pipeline_main.c.o'.
[3124/3283] Compiling C object 'examples/c590b3c@@dpdk-ethtool at exe/ethtool_ethtool-app_ethapp.c.o'.
FAILED: examples/c590b3c@@dpdk-ethtool at exe/ethtool_ethtool-app_ethapp.c.o
aarch64-linux-gnu-gcc -Iexamples/c590b3c@@dpdk-ethtool at exe -Iexamples -I../examples -I../examples/ethtool/lib -I../examples/ethtool/ethtool-app -I. -I../ -Iconfig -I../config -Ilib/eal/include -I../lib/eal/include -Ilib/eal/linux/include -I../lib/eal/linux/include -Ilib/eal/arm/include -I../lib/eal/arm/include -Ilib/eal/common -I../lib/eal/common -Ilib/eal -I../lib/eal -Ilib/kvargs -I../lib/kvargs -Ilib/telemetry/../metrics -I../lib/telemetry/../metrics -Ilib/telemetry -I../lib/telemetry -Ilib/mempool -I../lib/mempool -Ilib/ring -I../lib/ring -Ilib/net -I../lib/net -Ilib/mbuf -I../lib/mbuf -Ilib/ethdev -I../lib/ethdev -Ilib/meter -I../lib/meter -Ilib/cmdline -I../lib/cmdline -Idrivers/bus/pci -I../drivers/bus/pci -I../drivers/bus/pci/linux -Ilib/pci -I../lib/pci -Idrivers/net/ixgbe -I../drivers/net/ixgbe -Idrivers/net/ixgbe/base -I../drivers/net/ixgbe/base -Idrivers/bus/vdev -I../drivers/bus/vdev -Ilib/hash -I../lib/hash -Ilib/rcu -I../lib/rcu -Ilib/security -I../lib/security -Ilib/cryptodev -I../lib/cryptodev -fdiagnostics-color=always -pipe -D_FILE_OFFSET_BITS=64 -Wall -Winvalid-pch -Wextra -Werror -O3 -include rte_config.h -Wcast-qual -Wdeprecated -Wformat -Wformat-nonliteral -Wformat-security -Wmissing-declarations -Wmissing-prototypes -Wnested-externs -Wold-style-definition -Wpointer-arith -Wsign-compare -Wstrict-prototypes -Wundef -Wwrite-strings -Wno-address-of-packed-member -Wno-packed-not-aligned -Wno-missing-field-initializers -D_GNU_SOURCE -march=armv8-a+crc -moutline-atomics -Wno-format-truncation -DALLOW_EXPERIMENTAL_API -MD -MQ 'examples/c590b3c@@dpdk-ethtool at exe/ethtool_ethtool-app_ethapp.c.o' -MF 'examples/c590b3c@@dpdk-ethtool at exe/ethtool_ethtool-app_ethapp.c.o.d' -o 'examples/c590b3c@@dpdk-ethtool at exe/ethtool_ethtool-app_ethapp.c.o' -c ../examples/ethtool/ethtool-app/ethapp.c
../examples/ethtool/ethtool-app/ethapp.c: In function 'pcmd_rxmode_callback':
../examples/ethtool/ethtool-app/ethapp.c:510:9: error: implicit declaration of function 'rte_pmd_ixgbe_set_vf_rxmode' [-Werror=implicit-function-declaration]
510 | ret = rte_pmd_ixgbe_set_vf_rxmode(res->port_id, res->vf_id,
| ^~~~~~~~~~~~~~~~~~~~~~~~~~~
../examples/ethtool/ethtool-app/ethapp.c:510:9: error: nested extern declaration of 'rte_pmd_ixgbe_set_vf_rxmode' [-Werror=nested-externs]
../examples/ethtool/ethtool-app/ethapp.c:518:9: error: implicit declaration of function 'rte_pmd_bnxt_set_vf_rxmode' [-Werror=implicit-function-declaration]
518 | ret = rte_pmd_bnxt_set_vf_rxmode(res->port_id, res->vf_id,
| ^~~~~~~~~~~~~~~~~~~~~~~~~~
../examples/ethtool/ethtool-app/ethapp.c:518:9: error: nested extern declaration of 'rte_pmd_bnxt_set_vf_rxmode' [-Werror=nested-externs]
../examples/ethtool/ethtool-app/ethapp.c:526:54: error: format '%d' expects a matching 'int' argument [-Werror=format=]
526 | "%d bad VF receive mode parameter, return code = %d\n", ret);
| ~^
| |
| int
cc1: all warnings being treated as errors
ninja: build stopped: subcommand failed.
==== End log output ====
Ubuntu 20.04 ARM Clang Native
Kernel: 5.4.0-53-generic
Compiler: clang 10.0.0-4ubuntu1
Ubuntu 20.04 ARM GCC Native
Kernel: 5.4.0-53-generic
Compiler: gcc 9.3
Ubuntu 20.04 ARM SVE
Kernel: 5.4.0-80-generic
Compiler: gcc 10.3.0 (Ubuntu 10.3.0-1ubuntu1~20.04)
Ubuntu 20.04 aarch32 GCC Cross Compile
Kernel: 5.4.0-72-generic
Compiler: gcc 9.3.0
Ubuntu 20.04 ARM Clang Cross Compile
Kernel: 5.4.0-72-generic
Compiler: clang version 10.0.0-4ubuntu1
Ubuntu 20.04 ARM GCC Cross Compile
Kernel: 5.4.0-72-generic
Compiler: aarch64-linux-gnu-gcc (Ubuntu 9.3.0-17ubuntu1~20.04) 9.3.0
To view detailed results, visit:
https://lab.dpdk.org/results/dashboard/patchsets/22287/
UNH-IOL DPDK Community Lab
To manage your email subscriptions, visit:
https://lab.dpdk.org/results/dashboard/preferences/subscriptions/
More information about the test-report
mailing list