|FAILURE| pw111862-111864 [PATCH] [v4, 3/3] rte_pie: fix incorrect floating point math
dpdklab at iol.unh.edu
dpdklab at iol.unh.edu
Thu May 26 07:51:37 CEST 2022
Test-Label: iol-x86_64-unit-testing
Test-Status: FAILURE
http://dpdk.org/patch/111864
_Testing issues_
Submitter: Stephen Hemminger <stephen at networkplumber.org>
Date: Wednesday, May 25 2022 20:31:23
DPDK git baseline: Repo:dpdk
Branch: master
CommitID:0354e8e860389cf412dd051626af39b9a01e6c9c
111862-111864 --> testing fail
Test environment and result as below:
+---------------------+----------------+
| Environment | dpdk_unit_test |
+=====================+================+
| Windows Server 2019 | PASS |
+---------------------+----------------+
| Ubuntu 18.04 | PASS |
+---------------------+----------------+
| Arch Linux | PASS |
+---------------------+----------------+
| CentOS Stream 8 | PASS |
+---------------------+----------------+
| RHEL 7 | PASS |
+---------------------+----------------+
| Fedora 31 | PASS |
+---------------------+----------------+
| openSUSE Leap 15 | PASS |
+---------------------+----------------+
| Fedora 32 | PASS |
+---------------------+----------------+
| Fedora 34 | PASS |
+---------------------+----------------+
| Ubuntu 20.04 | PASS |
+---------------------+----------------+
| RHEL8 | PASS |
+---------------------+----------------+
| Fedora 33 | PASS |
+---------------------+----------------+
| Fedora 34 clang | PASS |
+---------------------+----------------+
| Alpine | FAIL |
+---------------------+----------------+
==== 20 line log output for Alpine (dpdk_unit_test): ====
90/100 DPDK:fast-tests / metrics_autotest OK 0.17 s
91/100 DPDK:fast-tests / telemetry_json_autotest OK 0.17 s
92/100 DPDK:fast-tests / telemetry_data_autotest FAIL 0.62 s (killed by signal 11 SIGSEGV)
93/100 DPDK:fast-tests / table_autotest OK 5.83 s
94/100 DPDK:fast-tests / ring_pmd_autotest OK 0.17 s
95/100 DPDK:fast-tests / event_eth_tx_adapter_autotest OK 0.47 s
96/100 DPDK:fast-tests / bitratestats_autotest OK 0.17 s
97/100 DPDK:fast-tests / latencystats_autotest OK 0.17 s
98/100 DPDK:fast-tests / pdump_autotest OK 5.22 s
99/100 DPDK:fast-tests / vdev_autotest OK 0.17 s
100/100 DPDK:fast-tests / compressdev_autotest SKIP 0.17 s
Ok: 90
Expected Fail: 0
Fail: 3
Unexpected Pass: 0
Skipped: 7
Timeout: 1
Full log written to /home-local/jenkins-local/jenkins-agent/workspace/Generic-Unit-Test-DPDK at 4/dpdk/build/meson-logs/testlog.txt
==== End log output ====
Windows Server 2019
Kernel: 10.0
Compiler: clang 14.0 and gcc 8.1.0 (MinGW)
Ubuntu 18.04
Kernel: 4.18.0-240.10.1.el8_3.x86_64
Compiler: gcc 7.5.0-3ubuntu1~18.04
Arch Linux
Kernel: 5.4.0-73-generic
Compiler: gcc 11.1.0
CentOS Stream 8
Kernel: 4.18.0-240.10.1.el8_3.x86_64
Compiler: gcc 8.4.1 20200928
RHEL 7
Kernel: 4.18.0-240.10.1.el8_3.x86_64
Compiler: gcc 4.8.5 20150623 (Red Hat 4.8.5-44)
Fedora 31
Kernel: 4.18.0-240.10.1.el8_3.x86_64
Compiler: gcc 9.3.1
openSUSE Leap 15
Kernel: 4.18.0-240.10.1.el8_3.x86_64
Compiler: gcc 7.5.0
Fedora 32
Kernel: 4.18.0-240.10.1.el8_3.x86_64
Compiler: gcc 10.2.1
Fedora 34
Kernel: 5.4.0-72-generic
Compiler: gcc 11.1.1 20210428 (Red Hat 11.1.1-1)
Ubuntu 20.04
Kernel: 4.18.0-240.10.1.el8_3.x86_64
Compiler: gcc 9.3.0-17ubuntu1~20.04
RHEL8
Kernel: 4.18.0-240.10.1.el8_3.x86_64
Compiler: gcc 8.3.1 20191121 (Red Hat 8.3.1-5)
Fedora 33
Kernel: 5.4.0-72-generic
Compiler: gcc 10.3.1 20210422 (Red Hat 10.3.1-1)
Fedora 34 clang
Kernel: 5.4.0-72-generic
Compiler: clang 12.0.0 (Fedora 12.0.0-0.3.rc1.fc34)
Alpine
Kernel: 5.4.0-73-generic
Compiler: gcc (Alpine 10.3.1_git20210424) 10.3.1 20210424
To view detailed results, visit:
https://lab.dpdk.org/results/dashboard/patchsets/22304/
UNH-IOL DPDK Community Lab
To manage your email subscriptions, visit:
https://lab.dpdk.org/results/dashboard/preferences/subscriptions/
More information about the test-report
mailing list