|FAILURE| pw111925 [PATCH] [v2] net/ixgbe: Treat 1G Cu SFPs as 1G SX on the X550 devices

dpdklab at iol.unh.edu dpdklab at iol.unh.edu
Fri May 27 02:19:23 CEST 2022


Test-Label: iol-aarch64-compile-testing
Test-Status: FAILURE
http://dpdk.org/patch/111925

_Testing issues_

Submitter: Jeff Daly <jeffd at silicom-usa.com>
Date: Thursday, May 26 2022 20:43:55 
DPDK git baseline: Repo:dpdk
  Branch: master
  CommitID:64fcadeac0f70c8c9c215196a3d580b4ad37dcdc

111925 --> testing fail

Test environment and result as below:

+----------------------------------------+--------------------+
|              Environment               | dpdk_meson_compile |
+========================================+====================+
| Ubuntu 20.04 ARM GCC Native            | FAIL               |
+----------------------------------------+--------------------+
| Ubuntu 20.04 ARM Clang Native          | PASS               |
+----------------------------------------+--------------------+
| Ubuntu 20.04 aarch32 GCC Cross Compile | FAIL               |
+----------------------------------------+--------------------+
| Ubuntu 20.04 ARM GCC Cross Compile     | FAIL               |
+----------------------------------------+--------------------+
| Ubuntu 20.04 ARM Clang Cross Compile   | PASS               |
+----------------------------------------+--------------------+
| Ubuntu 20.04 ARM SVE                   | PASS               |
+----------------------------------------+--------------------+

==== 20 line log output for Ubuntu 20.04 ARM GCC Cross Compile (dpdk_meson_compile): ====
[1669/3283] Compiling C object 'drivers/net/ixgbe/base/a7935d9@@ixgbe_base at sta/ixgbe_vf.c.o'.
[1670/3283] Compiling C object 'drivers/net/ixgbe/base/a7935d9@@ixgbe_base at sta/ixgbe_x540.c.o'.
[1671/3283] Compiling C object 'drivers/net/ixgbe/base/a7935d9@@ixgbe_base at sta/ixgbe_x550.c.o'.
FAILED: drivers/net/ixgbe/base/a7935d9@@ixgbe_base at sta/ixgbe_x550.c.o
aarch64-linux-gnu-gcc -Idrivers/net/ixgbe/base/a7935d9@@ixgbe_base at sta -Idrivers/net/ixgbe/base -I../drivers/net/ixgbe/base -I. -I../ -Iconfig -I../config -Ilib/eal/include -I../lib/eal/include -Ilib/eal/linux/include -I../lib/eal/linux/include -Ilib/eal/arm/include -I../lib/eal/arm/include -Ilib/eal/common -I../lib/eal/common -Ilib/eal -I../lib/eal -Ilib/kvargs -I../lib/kvargs -Ilib/telemetry/../metrics -I../lib/telemetry/../metrics -Ilib/telemetry -I../lib/telemetry -Ilib/net -I../lib/net -Ilib/mbuf -I../lib/mbuf -Ilib/mempool -I../lib/mempool -Ilib/ring -I../lib/ring -fdiagnostics-color=always -pipe -D_FILE_OFFSET_BITS=64 -Wall -Winvalid-pch -Wextra -Werror -O3 -include rte_config.h -Wcast-qual -Wdeprecated -Wformat -Wformat-nonliteral -Wformat-security -Wmissing-declarations -Wmissing-prototypes -Wnested-externs -Wold-style-definition -Wpointer-arith -Wsign-compare -Wstrict-prototypes -Wundef -Wwrite-strings -Wno-address-of-packed-member -Wno-packed-not-aligned -Wno-missing-field-initializers -D_GNU_SOURCE -fPIC -march=armv8-a+crc -moutline-atomics -DALLOW_EXPERIMENTAL_API -DALLOW_INTERNAL_API -Wno-format-truncation -DRTE_LIBRTE_IXGBE_BYPASS -Wno-unused-value -Wno-unused-but-set-variable -Wno-unused-parameter  -MD -MQ 'drivers/net/ixgbe/base/a7935d9@@ixgbe_base at sta/ixgbe_x550.c.o' -MF 'drivers/net/ixgbe/base/a7935d9@@ixgbe_base at sta/ixgbe_x550.c.o.d' -o 'drivers/net/ixgbe/base/a7935d9@@ixgbe_base at sta/ixgbe_x550.c.o' -c ../drivers/net/ixgbe/base/ixgbe_x550.c
../drivers/net/ixgbe/base/ixgbe_x550.c: In function 'ixgbe_supported_sfp_modules_X550em':
../drivers/net/ixgbe/base/ixgbe_x550.c:1542:6: error: this statement may fall through [-Werror=implicit-fallthrough=]
1542 |   if (hw->cu_sfp_as_sx == 1) {
|      ^
../drivers/net/ixgbe/base/ixgbe_x550.c:1547:2: note: here
1547 |  case ixgbe_sfp_type_1g_cu_core1:
|  ^~~~
../drivers/net/ixgbe/base/ixgbe_x550.c:1548:6: error: this statement may fall through [-Werror=implicit-fallthrough=]
1548 |   if (hw->cu_sfp_as_sx == 1) {
|      ^
../drivers/net/ixgbe/base/ixgbe_x550.c:1553:2: note: here
1553 |  case ixgbe_sfp_type_unknown:
|  ^~~~
cc1: all warnings being treated as errors
ninja: build stopped: subcommand failed.
==== End log output ====

Ubuntu 20.04 ARM GCC Native
	Kernel: 5.4.0-53-generic
	Compiler: gcc 9.3

Ubuntu 20.04 ARM Clang Native
	Kernel: 5.4.0-53-generic
	Compiler: clang 10.0.0-4ubuntu1

Ubuntu 20.04 aarch32 GCC Cross Compile
	Kernel: 5.4.0-72-generic
	Compiler: gcc 9.3.0

Ubuntu 20.04 ARM GCC Cross Compile
	Kernel: 5.4.0-72-generic
	Compiler: aarch64-linux-gnu-gcc (Ubuntu 9.3.0-17ubuntu1~20.04) 9.3.0

Ubuntu 20.04 ARM Clang Cross Compile
	Kernel: 5.4.0-72-generic
	Compiler: clang version 10.0.0-4ubuntu1

Ubuntu 20.04 ARM SVE
	Kernel: 5.4.0-80-generic
	Compiler: gcc 10.3.0 (Ubuntu 10.3.0-1ubuntu1~20.04)

To view detailed results, visit:
https://lab.dpdk.org/results/dashboard/patchsets/22316/

UNH-IOL DPDK Community Lab

To manage your email subscriptions, visit: 
https://lab.dpdk.org/results/dashboard/preferences/subscriptions/


More information about the test-report mailing list