|FAILURE| pw119738-119739 [PATCH] [v3, 2/2] net/ice: fix scalar Tx path segment

dpdklab at iol.unh.edu dpdklab at iol.unh.edu
Fri Nov 11 06:46:05 CET 2022


Test-Label: iol-aarch64-unit-testing
Test-Status: FAILURE
http://dpdk.org/patch/119739

_Testing issues_

Submitter: Mingjin Ye <mingjinx.ye at intel.com>
Date: Friday, November 11 2022 12:04:01 
DPDK git baseline: Repo:dpdk
  Branch: master
  CommitID:203dcc9cfe4151518bb5a5c59ee22a754e649e35

119738-119739 --> testing fail

Test environment and result as below:

+-------------------------------+----------------+--------------+
|          Environment          | dpdk_unit_test | lpm_autotest |
+===============================+================+==============+
| Ubuntu 20.04 ARM Clang Native | FAIL           | SKIPPED      |
+-------------------------------+----------------+--------------+
| Ubuntu 20.04 ARM GCC Native   | FAIL           | SKIPPED      |
+-------------------------------+----------------+--------------+
| Ubuntu 20.04 ARM SVE          | SKIPPED        | PASS         |
+-------------------------------+----------------+--------------+

==== 20 line log output for Ubuntu 20.04 ARM GCC Native (dpdk_unit_test): ====
[3269/3543] Generating drivers/rte_event_sw.sym_chk with a custom command (wrapped by meson to capture output)
[3270/3543] Generating drivers/rte_event_dpaa2.sym_chk with a custom command (wrapped by meson to capture output)
[3271/3543] Generating drivers/rte_baseband_fpga_5gnr_fec.sym_chk with a custom command (wrapped by meson to capture output)
[3272/3543] Generating drivers/rte_baseband_acc.sym_chk with a custom command (wrapped by meson to capture output)
[3273/3543] Generating drivers/rte_event_octeontx.sym_chk with a custom command (wrapped by meson to capture output)
[3274/3543] Generating drivers/rte_common_mlx5.sym_chk with a custom command (wrapped by meson to capture output)
[3275/3543] Generating lib/ethdev.sym_chk with a custom command (wrapped by meson to capture output)
[3276/3543] Compiling C object drivers/libtmp_rte_net_ice.a.p/net_ice_ice_rxtx.c.o
FAILED: drivers/libtmp_rte_net_ice.a.p/net_ice_ice_rxtx.c.o
ccache cc -Idrivers/libtmp_rte_net_ice.a.p -Idrivers -I../drivers -Idrivers/net/ice -I../drivers/net/ice -Idrivers/net/ice/base -I../drivers/net/ice/base -Idrivers/common/iavf -I../drivers/common/iavf -Ilib/ethdev -I../lib/ethdev -I. -I.. -Iconfig -I../config -Ilib/eal/include -I../lib/eal/include -Ilib/eal/linux/include -I../lib/eal/linux/include -Ilib/eal/arm/include -I../lib/eal/arm/include -Ilib/eal/common -I../lib/eal/common -Ilib/eal -I../lib/eal -Ilib/kvargs -I../lib/kvargs -Ilib/metrics -I../lib/metrics -Ilib/telemetry -I../lib/telemetry -Ilib/net -I../lib/net -Ilib/mbuf -I../lib/mbuf -Ilib/mempool -I../lib/mempool -Ilib/ring -I../lib/ring -Ilib/meter -I../lib/meter -Idrivers/bus/pci -I../drivers/bus/pci -I../drivers/bus/pci/linux -Ilib/pci -I../lib/pci -Idrivers/bus/vdev -I../drivers/bus/vdev -Ilib/hash -I../lib/hash -Ilib/rcu -I../lib/rcu -fdiagnostics-color=always -D_FILE_OFFSET_BITS=64 -Wall -Winvalid-pch -Wextra -Werror -O3 -include rte_config.h -Wcast-qual -Wdeprecated -Wformat -Wformat-nonliteral -Wformat-security -Wmissing-declarations -Wmissing-prototypes -Wnested-externs -Wold-style-definition -Wpointer-arith -Wsign-compare -Wstrict-prototypes -Wundef -Wwrite-strings -Wno-address-of-packed-member -Wno-packed-not-aligned -Wno-missing-field-initializers -D_GNU_SOURCE -fPIC -march=armv8.1-a+crc+crypto -mcpu=thunderx2t99 -DALLOW_EXPERIMENTAL_API -DALLOW_INTERNAL_API -Wno-format-truncation -DRTE_LOG_DEFAULT_LOGTYPE=pmd.net.ice -MD -MQ drivers/libtmp_rte_net_ice.a.p/net_ice_ice_rxtx.c.o -MF drivers/libtmp_rte_net_ice.a.p/net_ice_ice_rxtx.c.o.d -o drivers/libtmp_rte_net_ice.a.p/net_ice_ice_rxtx.c.o -c ../drivers/net/ice/ice_rxtx.c
../drivers/net/ice/ice_rxtx.c: In function ‘ice_prep_pkts’:
../drivers/net/ice/ice_rxtx.c:3674:11: error: unused variable ‘nb_used’ [-Werror=unused-variable]
3674 |  uint16_t nb_used;
|           ^~~~~~~
cc1: all warnings being treated as errors
[3277/3543] Generating drivers/rte_common_sfc_efx.sym_chk with a custom command (wrapped by meson to capture output)
[3278/3543] Generating lib/eal.sym_chk with a custom command (wrapped by meson to capture output)
[3279/3543] Generating drivers/rte_event_cnxk.pmd.c with a custom command
[3280/3543] Generating drivers/rte_common_cnxk.sym_chk with a custom command (wrapped by meson to capture output)
ninja: build stopped: subcommand failed.
==== End log output ====

Ubuntu 20.04 ARM Clang Native
	Kernel: 5.4.0-53-generic
	Compiler: clang 10.0.0-4ubuntu1

Ubuntu 20.04 ARM GCC Native
	Kernel: 5.4.0-53-generic
	Compiler: gcc 9.3

Ubuntu 20.04 ARM SVE
	Kernel: 5.4.0-80-generic
	Compiler: gcc 10.3.0 (Ubuntu 10.3.0-1ubuntu1~20.04)

To view detailed results, visit:
https://lab.dpdk.org/results/dashboard/patchsets/24439/

UNH-IOL DPDK Community Lab

To manage your email subscriptions, visit: 
https://lab.dpdk.org/results/dashboard/preferences/subscriptions/


More information about the test-report mailing list