|FAILURE| pw119738-119739 [PATCH] [v3, 2/2] net/ice: fix scalar Tx path segment

dpdklab at iol.unh.edu dpdklab at iol.unh.edu
Fri Nov 11 13:23:09 CET 2022


Test-Label: iol-aarch64-compile-testing
Test-Status: FAILURE
http://dpdk.org/patch/119739

_Testing issues_

Submitter: Ye, MingjinX <mingjinx.ye at intel.com>
Date: Friday, November 11 2022 12:04:01 
DPDK git baseline: Repo:dpdk
  Branch: master
  CommitID:203dcc9cfe4151518bb5a5c59ee22a754e649e35

119738-119739 --> testing fail

Test environment and result as below:

+----------------------------------------+--------------------+
|              Environment               | dpdk_meson_compile |
+========================================+====================+
| Ubuntu 20.04 ARM Clang Native          | FAIL               |
+----------------------------------------+--------------------+
| Ubuntu 20.04 ARM GCC Native            | FAIL               |
+----------------------------------------+--------------------+
| Ubuntu 20.04 aarch32 GCC Cross Compile | FAIL               |
+----------------------------------------+--------------------+
| Ubuntu 20.04 ARM Clang Cross Compile   | FAIL               |
+----------------------------------------+--------------------+
| Ubuntu 20.04 ARM GCC Cross Compile     | FAIL               |
+----------------------------------------+--------------------+
| Ubuntu 20.04 ARM SVE                   | PASS               |
+----------------------------------------+--------------------+

==== 20 line log output for Ubuntu 20.04 ARM GCC Cross Compile (dpdk_meson_compile): ====
[1742/3477] Compiling C object 'drivers/net/ice/base/39545a2@@ice_base at sta/ice_flg_rd.c.o'.
[1743/3477] Compiling C object 'drivers/net/ice/base/39545a2@@ice_base at sta/ice_xlt_kb.c.o'.
[1744/3477] Compiling C object 'drivers/net/ice/base/39545a2@@ice_base at sta/ice_parser_rt.c.o'.
[1745/3477] Compiling C object 'drivers/net/ice/base/39545a2@@ice_base at sta/ice_ddp.c.o'.
[1746/3477] Linking static target drivers/net/ice/base/libice_base.a.
[1747/3477] Compiling C object 'drivers/a715181@@tmp_rte_net_ice at sta/net_ice_ice_ethdev.c.o'.
[1748/3477] Compiling C object 'drivers/a715181@@tmp_rte_net_ice at sta/net_ice_ice_switch_filter.c.o'.
[1749/3477] Compiling C object 'drivers/a715181@@tmp_rte_net_ice at sta/net_ice_ice_tm.c.o'.
[1750/3477] Compiling C object 'drivers/a715181@@tmp_rte_net_ice at sta/net_ice_ice_hash.c.o'.
[1751/3477] Compiling C object 'drivers/a715181@@tmp_rte_net_ice at sta/net_ice_ice_fdir_filter.c.o'.
[1752/3477] Compiling C object 'drivers/a715181@@tmp_rte_net_ice at sta/net_ice_ice_generic_flow.c.o'.
[1753/3477] Compiling C object 'drivers/a715181@@tmp_rte_net_ice at sta/net_ice_ice_rxtx.c.o'.
FAILED: drivers/a715181@@tmp_rte_net_ice at sta/net_ice_ice_rxtx.c.o
ccache aarch64-linux-gnu-gcc -Idrivers/a715181@@tmp_rte_net_ice at sta -Idrivers -I../drivers -Idrivers/net/ice -I../drivers/net/ice -Idrivers/net/ice/base -I../drivers/net/ice/base -Idrivers/net/ice/../../common/iavf -I../drivers/net/ice/../../common/iavf -Ilib/ethdev -I../lib/ethdev -I. -I../ -Iconfig -I../config -Ilib/eal/include -I../lib/eal/include -Ilib/eal/linux/include -I../lib/eal/linux/include -Ilib/eal/arm/include -I../lib/eal/arm/include -Ilib/eal/common -I../lib/eal/common -Ilib/eal -I../lib/eal -Ilib/kvargs -I../lib/kvargs -Ilib/telemetry/../metrics -I../lib/telemetry/../metrics -Ilib/telemetry -I../lib/telemetry -Ilib/net -I../lib/net -Ilib/mbuf -I../lib/mbuf -Ilib/mempool -I../lib/mempool -Ilib/ring -I../lib/ring -Ilib/meter -I../lib/meter -Idrivers/bus/pci -I../drivers/bus/pci -I../drivers/bus/pci/linux -Ilib/pci -I../lib/pci -Idrivers/bus/vdev -I../drivers/bus/vdev -Ilib/hash -I../lib/hash -Ilib/rcu -I../lib/rcu -Idrivers/common/iavf -I../drivers/common/iavf -fdiagnostics-color=always -pipe -D_FILE_OFFSET_BITS=64 -Wall -Winvalid-pch -Wextra -Werror -O3 -include rte_config.h -Wcast-qual -Wdeprecated -Wformat -Wformat-nonliteral -Wformat-security -Wmissing-declarations -Wmissing-prototypes -Wnested-externs -Wold-style-definition -Wpointer-arith -Wsign-compare -Wstrict-prototypes -Wundef -Wwrite-strings -Wno-address-of-packed-member -Wno-packed-not-aligned -Wno-missing-field-initializers -D_GNU_SOURCE -fPIC -march=armv8-a+crc -moutline-atomics -DALLOW_EXPERIMENTAL_API -DALLOW_INTERNAL_API -Wno-format-truncation -DRTE_LOG_DEFAULT_LOGTYPE=pmd.net.ice -MD -MQ 'drivers/a715181@@tmp_rte_net_ice at sta/net_ice_ice_rxtx.c.o' -MF 'drivers/a715181@@tmp_rte_net_ice at sta/net_ice_ice_rxtx.c.o.d' -o 'drivers/a715181@@tmp_rte_net_ice at sta/net_ice_ice_rxtx.c.o' -c ../drivers/net/ice/ice_rxtx.c
../drivers/net/ice/ice_rxtx.c: In function 'ice_prep_pkts':
../drivers/net/ice/ice_rxtx.c:3674:11: error: unused variable 'nb_used' [-Werror=unused-variable]
3674 |  uint16_t nb_used;
|           ^~~~~~~
cc1: all warnings being treated as errors
ninja: build stopped: subcommand failed.
==== End log output ====

Ubuntu 20.04 ARM Clang Native
	Kernel: 5.4.0-53-generic
	Compiler: clang 10.0.0-4ubuntu1

Ubuntu 20.04 ARM GCC Native
	Kernel: 5.4.0-53-generic
	Compiler: gcc 9.3

Ubuntu 20.04 aarch32 GCC Cross Compile
	Kernel: 5.4.0-72-generic
	Compiler: gcc 9.3.0

Ubuntu 20.04 ARM Clang Cross Compile
	Kernel: 5.4.0-72-generic
	Compiler: clang version 10.0.0-4ubuntu1

Ubuntu 20.04 ARM GCC Cross Compile
	Kernel: 5.4.0-72-generic
	Compiler: aarch64-linux-gnu-gcc (Ubuntu 9.3.0-17ubuntu1~20.04) 9.3.0

Ubuntu 20.04 ARM SVE
	Kernel: 5.4.0-80-generic
	Compiler: gcc 10.3.0 (Ubuntu 10.3.0-1ubuntu1~20.04)

To view detailed results, visit:
https://lab.dpdk.org/results/dashboard/patchsets/24439/

UNH-IOL DPDK Community Lab

To manage your email subscriptions, visit: 
https://lab.dpdk.org/results/dashboard/preferences/subscriptions/


More information about the test-report mailing list