|FAILURE| pw119992-119995 [PATCH] [v2, 4/4] eal: add PMU support to tracing library

dpdklab at iol.unh.edu dpdklab at iol.unh.edu
Mon Nov 21 13:46:39 CET 2022


Test-Label: iol-aarch64-compile-testing
Test-Status: FAILURE
http://dpdk.org/patch/119995

_Testing issues_

Submitter: Tomasz Duszynski <tduszynski at marvell.com>
Date: Monday, November 21 2022 12:11:21 
DPDK git baseline: Repo:dpdk
  Branch: master
  CommitID:903ec2b1b49e496815c016b0104fd655cd972661

119992-119995 --> testing fail

Test environment and result as below:

+----------------------------------------+--------------------+
|              Environment               | dpdk_meson_compile |
+========================================+====================+
| Ubuntu 20.04 ARM Clang Native          | FAIL               |
+----------------------------------------+--------------------+
| Ubuntu 20.04 ARM Clang Cross Compile   | FAIL               |
+----------------------------------------+--------------------+
| Ubuntu 20.04 ARM GCC Cross Compile     | FAIL               |
+----------------------------------------+--------------------+
| Ubuntu 20.04 ARM GCC Native            | FAIL               |
+----------------------------------------+--------------------+
| Ubuntu 20.04 aarch32 GCC Cross Compile | FAIL               |
+----------------------------------------+--------------------+
| Ubuntu 20.04 ARM SVE                   | FAIL               |
+----------------------------------------+--------------------+

==== 20 line log output for Ubuntu 20.04 ARM SVE (dpdk_meson_compile): ====
[77/711] Compiling C object 'lib/76b5a35@@rte_eal at sta/eal_linux_eal_memory.c.o'.
[78/711] Compiling C object 'lib/76b5a35@@rte_eal at sta/eal_linux_eal_thread.c.o'.
[79/711] Compiling C object 'lib/76b5a35@@rte_eal at sta/eal_linux_eal_timer.c.o'.
[80/711] Compiling C object 'lib/76b5a35@@rte_eal at sta/eal_linux_eal_vfio.c.o'.
[81/711] Compiling C object 'lib/76b5a35@@rte_eal at sta/eal_linux_eal_vfio_mp_sync.c.o'.
[82/711] Compiling C object 'lib/76b5a35@@rte_eal at sta/eal_arm_rte_cpuflags.c.o'.
[83/711] Compiling C object 'lib/76b5a35@@rte_eal at sta/eal_arm_rte_cycles.c.o'.
[84/711] Compiling C object 'lib/76b5a35@@rte_eal at sta/eal_arm_rte_hypervisor.c.o'.
[85/711] Compiling C object 'lib/76b5a35@@rte_eal at sta/eal_arm_rte_power_intrinsics.c.o'.
[86/711] Compiling C object 'lib/76b5a35@@rte_eal at sta/eal_arm_rte_pmu.c.o'.
FAILED: lib/76b5a35@@rte_eal at sta/eal_arm_rte_pmu.c.o
gcc-10 -Ilib/76b5a35@@rte_eal at sta -Ilib -I../lib -I. -I../ -Iconfig -I../config -Ilib/eal/include -I../lib/eal/include -Ilib/eal/linux/include -I../lib/eal/linux/include -Ilib/eal/arm/include -I../lib/eal/arm/include -Ilib/eal/common -I../lib/eal/common -Ilib/eal -I../lib/eal -Ilib/kvargs -I../lib/kvargs -I../lib/telemetry/../metrics -Ilib/telemetry -I../lib/telemetry -fdiagnostics-color=always -pipe -D_FILE_OFFSET_BITS=64 -Wall -Winvalid-pch -Wextra -Werror -O3 -include rte_config.h -Wcast-qual -Wdeprecated -Wformat -Wformat-nonliteral -Wformat-security -Wmissing-declarations -Wmissing-prototypes -Wnested-externs -Wold-style-definition -Wpointer-arith -Wsign-compare -Wstrict-prototypes -Wundef -Wwrite-strings -Wno-address-of-packed-member -Wno-packed-not-aligned -Wno-missing-field-initializers -Wno-zero-length-bounds -D_GNU_SOURCE -fPIC -march=armv8.2-a+crypto+sve -DALLOW_EXPERIMENTAL_API -DALLOW_INTERNAL_API -Wno-format-truncation '-DABI_VERSION="23.0"' -DRTE_LIBEAL_USE_GETENTROPY -DRTE_LOG_DEFAULT_LOGTYPE=lib.eal -MD -MQ 'lib/76b5a35@@rte_eal at sta/eal_arm_rte_pmu.c.o' -MF 'lib/76b5a35@@rte_eal at sta/eal_arm_rte_pmu.c.o.d' -o 'lib/76b5a35@@rte_eal at sta/eal_arm_rte_pmu.c.o' -c ../lib/eal/arm/rte_pmu.c
../lib/eal/arm/rte_pmu.c: In function 'read_attr_int':
../lib/eal/arm/rte_pmu.c:37:9: error: implicit declaration of function 'strtol'; did you mean 'strtok'? [-Werror=implicit-function-declaration]
37 |  *val = strtol(buf, NULL, 10);
|         ^~~~~~
|         strtok
../lib/eal/arm/rte_pmu.c:37:9: error: nested extern declaration of 'strtol' [-Werror=nested-externs]
cc1: all warnings being treated as errors
ninja: build stopped: subcommand failed.
==== End log output ====

Ubuntu 20.04 ARM Clang Native
	Kernel: 5.4.0-53-generic
	Compiler: clang 10.0.0-4ubuntu1

Ubuntu 20.04 ARM Clang Cross Compile
	Kernel: 5.4.0-72-generic
	Compiler: clang version 10.0.0-4ubuntu1

Ubuntu 20.04 ARM GCC Cross Compile
	Kernel: 5.4.0-72-generic
	Compiler: aarch64-linux-gnu-gcc (Ubuntu 9.3.0-17ubuntu1~20.04) 9.3.0

Ubuntu 20.04 ARM GCC Native
	Kernel: 5.4.0-53-generic
	Compiler: gcc 9.3

Ubuntu 20.04 aarch32 GCC Cross Compile
	Kernel: 5.4.0-72-generic
	Compiler: gcc 9.3.0

Ubuntu 20.04 ARM SVE
	Kernel: 5.4.0-80-generic
	Compiler: gcc 10.3.0 (Ubuntu 10.3.0-1ubuntu1~20.04)

To view detailed results, visit:
https://lab.dpdk.org/results/dashboard/patchsets/24533/

UNH-IOL DPDK Community Lab

To manage your email subscriptions, visit: 
https://lab.dpdk.org/results/dashboard/preferences/subscriptions/


More information about the test-report mailing list