|FAILURE| pw120181-120189 [PATCH] [8/8] net/nfp: add support for VLAN insert with NFDk

dpdklab at iol.unh.edu dpdklab at iol.unh.edu
Mon Nov 28 09:50:48 CET 2022


Test-Label: iol-x86_64-unit-testing
Test-Status: FAILURE
http://dpdk.org/patch/120189

_Testing issues_

Submitter: Chaoyong He <chaoyong.he at corigine.com>
Date: Monday, November 28 2022 06:53:59 
DPDK git baseline: Repo:dpdk
  Branch: master
  CommitID:f262f16087ea6a77357a915cf4c0d10ddc7b6562

120181-120189 --> testing fail

Test environment and result as below:

+---------------------+----------------+
|     Environment     | dpdk_unit_test |
+=====================+================+
| Windows Server 2019 | PASS           |
+---------------------+----------------+
| Fedora 32           | PASS           |
+---------------------+----------------+
| RHEL 7              | PASS           |
+---------------------+----------------+
| RHEL8               | PASS           |
+---------------------+----------------+
| openSUSE Leap 15    | PASS           |
+---------------------+----------------+
| Ubuntu 18.04        | PASS           |
+---------------------+----------------+
| Fedora 34 clang     | PASS           |
+---------------------+----------------+
| Fedora 31           | PASS           |
+---------------------+----------------+
| Fedora 33           | PASS           |
+---------------------+----------------+
| Ubuntu 20.04        | PASS           |
+---------------------+----------------+
| Fedora 34           | FAIL           |
+---------------------+----------------+

==== 20 line log output for Fedora 34 (dpdk_unit_test): ====
60/70 DPDK:fast-tests / trace_autotest_with_traces  OK       0.18 s
61/70 DPDK:fast-tests / metrics_autotest      OK       0.50 s
62/70 DPDK:fast-tests / telemetry_json_autotest  OK       0.32 s
63/70 DPDK:fast-tests / telemetry_data_autotest  OK       0.29 s
64/70 DPDK:fast-tests / table_autotest        OK      10.69 s
65/70 DPDK:fast-tests / ring_pmd_autotest     OK       0.23 s
66/70 DPDK:fast-tests / bitratestats_autotest  OK       0.41 s
67/70 DPDK:fast-tests / latencystats_autotest  OK       0.28 s
68/70 DPDK:fast-tests / pdump_autotest        OK       0.37 s
69/70 DPDK:fast-tests / vdev_autotest         OK       0.24 s
70/70 DPDK:fast-tests / telemetry_all         SKIP     0.01 s

Ok:                   65
Expected Fail:         0
Fail:                  1
Unexpected Pass:       0
Skipped:               4
Timeout:               0

Full log written to /home-local/jenkins-local/jenkins-agent/workspace/Generic-Unit-Test-DPDK at 4/dpdk/build/meson-logs/testlog.txt
==== End log output ====

Windows Server 2019
	Kernel: 10.0
	Compiler: clang 14.0 and gcc 8.1.0 (MinGW)

Fedora 32
	Kernel: 4.18.0-240.10.1.el8_3.x86_64
	Compiler: gcc 10.2.1

RHEL 7
	Kernel: 4.18.0-240.10.1.el8_3.x86_64
	Compiler: gcc 4.8.5 20150623 (Red Hat 4.8.5-44)

RHEL8
	Kernel: 4.18.0-240.10.1.el8_3.x86_64
	Compiler: gcc 8.3.1 20191121 (Red Hat 8.3.1-5)

openSUSE Leap 15
	Kernel: 4.18.0-240.10.1.el8_3.x86_64
	Compiler: gcc 7.5.0

Ubuntu 18.04
	Kernel: 4.18.0-240.10.1.el8_3.x86_64
	Compiler: gcc 7.5.0-3ubuntu1~18.04

Fedora 34 clang
	Kernel: 5.4.0-72-generic
	Compiler: clang 12.0.0 (Fedora 12.0.0-0.3.rc1.fc34)

Fedora 31
	Kernel: 4.18.0-240.10.1.el8_3.x86_64
	Compiler: gcc 9.3.1

Fedora 33
	Kernel: 5.4.0-72-generic
	Compiler: gcc 10.3.1 20210422 (Red Hat 10.3.1-1)

Ubuntu 20.04
	Kernel: 4.18.0-240.10.1.el8_3.x86_64
	Compiler: gcc 9.3.0-17ubuntu1~20.04

Fedora 34
	Kernel: 5.4.0-72-generic
	Compiler: gcc 11.1.1 20210428 (Red Hat 11.1.1-1)

To view detailed results, visit:
https://lab.dpdk.org/results/dashboard/patchsets/24574/

UNH-IOL DPDK Community Lab

To manage your email subscriptions, visit: 
https://lab.dpdk.org/results/dashboard/preferences/subscriptions/


More information about the test-report mailing list