|FAILURE| [GIT MASTER] 849770ce78a1b1a4871871feafbfcd9c204ea625
dpdklab at iol.unh.edu
dpdklab at iol.unh.edu
Tue Nov 29 08:35:57 CET 2022
_Testing issues_
Branch: tags/v20.11
849770ce78a1b1a4871871feafbfcd9c204ea625 --> testing fail
Test environment and result as below:
+------------------+----------------+
| Environment | dpdk_unit_test |
+==================+================+
| CentOS Stream 8 | PASS |
+------------------+----------------+
| CentOS Stream 9 | PASS |
+------------------+----------------+
| Debian Buster | PASS |
+------------------+----------------+
| Debian Bullseye | PASS |
+------------------+----------------+
| Ubuntu 22.04 | PASS |
+------------------+----------------+
| openSUSE Leap 15 | FAIL |
+------------------+----------------+
==== 20 line log output for openSUSE Leap 15 (dpdk_unit_test): ====
84/94 DPDK:fast-tests / service_autotest OK 3.62 s
85/94 DPDK:fast-tests / thash_autotest OK 0.27 s
86/94 DPDK:fast-tests / trace_autotest OK 0.27 s
87/94 DPDK:fast-tests / telemetry_json_autotest OK 0.27 s
88/94 DPDK:fast-tests / telemetry_data_autotest OK 0.27 s
89/94 DPDK:fast-tests / ring_pmd_autotest OK 0.27 s
90/94 DPDK:fast-tests / event_eth_tx_adapter_autotest OK 0.77 s
91/94 DPDK:fast-tests / bitratestats_autotest OK 0.27 s
92/94 DPDK:fast-tests / latencystats_autotest OK 0.27 s
93/94 DPDK:fast-tests / pdump_autotest OK 5.33 s
94/94 DPDK:fast-tests / compressdev_autotest SKIP 0.27 s
Ok: 88
Expected Fail: 0
Fail: 1
Unexpected Pass: 0
Skipped: 5
Timeout: 0
Full log written to /home-local/jenkins-local/jenkins-agent/workspace/Generic-Unit-Test-DPDK at 2/dpdk/build/meson-logs/testlog.txt
==== End log output ====
CentOS Stream 8
Kernel: 4.18.0-240.10.1.el8_3.x86_64
Compiler: gcc 8.4.1 20200928
CentOS Stream 9
Kernel: 4.18.0-240.10.1.el8_3.x86_64
Compiler: gcc 11.3.1 20220421
Debian Buster
Kernel: 5.4.0-122-generic
Compiler: gcc 8.3.0-6
Debian Bullseye
Kernel: 5.4.0-122-generic
Compiler: gcc 10.2.1-6
Ubuntu 22.04
Kernel: Container Host Kernel
Compiler: gcc 11.3.1-2
openSUSE Leap 15
Kernel: 4.18.0-240.10.1.el8_3.x86_64
Compiler: gcc 7.5.0
To view detailed results, visit:
https://lab.dpdk.org/results/dashboard/tarballs/22460/
UNH-IOL DPDK Community Lab
To manage your email subscriptions, visit:
https://lab.dpdk.org/results/dashboard/preferences/subscriptions/
More information about the test-report
mailing list