|FAILURE| pw120259-120262 [PATCH] [v3, 4/4] eal: add PMU support to tracing library

dpdklab at iol.unh.edu dpdklab at iol.unh.edu
Tue Nov 29 11:12:20 CET 2022


Test-Label: iol-aarch64-unit-testing
Test-Status: FAILURE
http://dpdk.org/patch/120262

_Testing issues_

Submitter: Tomasz Duszynski <tduszynski at marvell.com>
Date: Tuesday, November 29 2022 09:28:21 
DPDK git baseline: Repo:dpdk
  Branch: master
  CommitID:f262f16087ea6a77357a915cf4c0d10ddc7b6562

120259-120262 --> testing fail

Test environment and result as below:

+-------------------------------+----------------+--------------+
|          Environment          | dpdk_unit_test | lpm_autotest |
+===============================+================+==============+
| Ubuntu 20.04 ARM GCC Native   | FAIL           | SKIPPED      |
+-------------------------------+----------------+--------------+
| Ubuntu 20.04 ARM Clang Native | FAIL           | SKIPPED      |
+-------------------------------+----------------+--------------+
| Ubuntu 20.04 ARM SVE          | SKIPPED        | PASS         |
+-------------------------------+----------------+--------------+

==== 20 line log output for Ubuntu 20.04 ARM Clang Native (dpdk_unit_test): ====
96/103 DPDK:fast-tests / ring_pmd_autotest              OK               0.54s
97/103 DPDK:fast-tests / event_eth_tx_adapter_autotest  OK               1.34s
98/103 DPDK:fast-tests / bitratestats_autotest          OK               0.54s
99/103 DPDK:fast-tests / latencystats_autotest          OK               0.54s
100/103 DPDK:fast-tests / pdump_autotest                 OK               5.62s
101/103 DPDK:fast-tests / vdev_autotest                  OK               0.54s
102/103 DPDK:fast-tests / compressdev_autotest           FAIL             0.93s   killed by signal 11 SIGSEGV
>>> DPDK_TEST=compressdev_autotest MALLOC_PERTURB_=60 /home-local/jenkins-local/jenkins-agent/workspace/Generic-VM-Unit-Test-DPDK/dpdk/build/app/test/dpdk-test --file-prefix=compressdev_autotest '-l 0-3'

103/103 DPDK:fast-tests / telemetry_all                  OK              13.15s


Ok:                 18
Expected Fail:      0
Fail:               85
Unexpected Pass:    0
Skipped:            0
Timeout:            0

Full log written to /home-local/jenkins-local/jenkins-agent/workspace/Generic-VM-Unit-Test-DPDK/dpdk/build/meson-logs/testlog.txt
==== End log output ====

Ubuntu 20.04 ARM GCC Native
	Kernel: 5.4.0-53-generic
	Compiler: gcc 9.3

Ubuntu 20.04 ARM Clang Native
	Kernel: 5.4.0-53-generic
	Compiler: clang 10.0.0-4ubuntu1

Ubuntu 20.04 ARM SVE
	Kernel: 5.4.0-80-generic
	Compiler: gcc 10.3.0 (Ubuntu 10.3.0-1ubuntu1~20.04)

To view detailed results, visit:
https://lab.dpdk.org/results/dashboard/patchsets/24586/

UNH-IOL DPDK Community Lab

To manage your email subscriptions, visit: 
https://lab.dpdk.org/results/dashboard/preferences/subscriptions/


More information about the test-report mailing list