|FAILURE| pw120259-120262 [PATCH] [v3, 4/4] eal: add PMU support to tracing library
dpdklab at iol.unh.edu
dpdklab at iol.unh.edu
Tue Nov 29 11:21:57 CET 2022
Test-Label: iol-testing
Test-Status: FAILURE
http://dpdk.org/patch/120262
_Testing issues_
Submitter: Tomasz Duszynski <tduszynski at marvell.com>
Date: Tuesday, November 29 2022 09:28:21
DPDK git baseline: Repo:dpdk
Branch: master
CommitID:f262f16087ea6a77357a915cf4c0d10ddc7b6562
120259-120262 --> testing fail
Test environment and result as below:
+----------------------------------------+--------------------+----------------+----------------------+
| Environment | dpdk_meson_compile | dpdk_unit_test | dpdk_mingw64_compile |
+========================================+====================+================+======================+
| Ubuntu 20.04 ARM Clang Native | PASS | FAIL | SKIPPED |
+----------------------------------------+--------------------+----------------+----------------------+
| Ubuntu 20.04 ARM GCC Native | PASS | FAIL | SKIPPED |
+----------------------------------------+--------------------+----------------+----------------------+
| Ubuntu 20.04 aarch32 GCC Cross Compile | PASS | SKIPPED | SKIPPED |
+----------------------------------------+--------------------+----------------+----------------------+
| FreeBSD 13 | PASS | SKIPPED | SKIPPED |
+----------------------------------------+--------------------+----------------+----------------------+
| Windows Server 2019 | FAIL | PASS | PASS |
+----------------------------------------+--------------------+----------------+----------------------+
| Ubuntu 20.04 ARM Clang Cross Compile | PASS | SKIPPED | SKIPPED |
+----------------------------------------+--------------------+----------------+----------------------+
| CentOS Stream 8 | SKIPPED | FAIL | SKIPPED |
+----------------------------------------+--------------------+----------------+----------------------+
==== 20 line log output for CentOS Stream 8 (dpdk_unit_test): ====
93/103 DPDK:fast-tests / telemetry_json_autotest OK 0.17 s
94/103 DPDK:fast-tests / telemetry_data_autotest OK 0.17 s
95/103 DPDK:fast-tests / table_autotest OK 7.53 s
96/103 DPDK:fast-tests / ring_pmd_autotest OK 0.17 s
97/103 DPDK:fast-tests / event_eth_tx_adapter_autotest OK 0.62 s
98/103 DPDK:fast-tests / bitratestats_autotest OK 0.17 s
99/103 DPDK:fast-tests / latencystats_autotest OK 0.17 s
100/103 DPDK:fast-tests / pdump_autotest OK 5.24 s
101/103 DPDK:fast-tests / vdev_autotest OK 0.17 s
102/103 DPDK:fast-tests / compressdev_autotest SKIP 0.17 s
103/103 DPDK:fast-tests / telemetry_all SKIP 0.01 s
Ok: 93
Expected Fail: 0
Fail: 1
Unexpected Pass: 0
Skipped: 9
Timeout: 0
Full log written to /home-local/jenkins-local/jenkins-agent/workspace/Generic-Unit-Test-DPDK at 3/dpdk/build/meson-logs/testlog.txt
==== End log output ====
Ubuntu 20.04 ARM Clang Native
Kernel: 5.4.0-53-generic
Compiler: clang 10.0.0-4ubuntu1
Ubuntu 20.04 ARM GCC Native
Kernel: 5.4.0-53-generic
Compiler: gcc 9.3
Ubuntu 20.04 aarch32 GCC Cross Compile
Kernel: 5.4.0-72-generic
Compiler: gcc 9.3.0
FreeBSD 13
Kernel: 13.0
Compiler: clang 11.0.1
Windows Server 2019
Kernel: 10.0
Compiler: clang 14.0 and gcc 8.1.0 (MinGW)
Ubuntu 20.04 ARM Clang Cross Compile
Kernel: 5.4.0-72-generic
Compiler: clang version 10.0.0-4ubuntu1
CentOS Stream 8
Kernel: 4.18.0-240.10.1.el8_3.x86_64
Compiler: gcc 8.4.1 20200928
To view detailed results, visit:
https://lab.dpdk.org/results/dashboard/patchsets/24586/
UNH-IOL DPDK Community Lab
To manage your email subscriptions, visit:
https://lab.dpdk.org/results/dashboard/preferences/subscriptions/
More information about the test-report
mailing list