|FAILURE| pw117245 [PATCH] [v2] lib/cryptodev: multi-process IPC request handler

dpdklab at iol.unh.edu dpdklab at iol.unh.edu
Sun Oct 2 04:52:32 CEST 2022


Test-Label: iol-x86_64-unit-testing
Test-Status: FAILURE
http://dpdk.org/patch/117245

_Testing issues_

Submitter: Kai Ji <kai.ji at intel.com>
Date: Sunday, October 02 2022 01:43:33 
DPDK git baseline: Repo:dpdk
  Branch: master
  CommitID:8ae946970ed36f6f8795ea056350a500007c91d8

117245 --> testing fail

Test environment and result as below:

+---------------------+----------------+
|     Environment     | dpdk_unit_test |
+=====================+================+
| Windows Server 2019 | FAIL           |
+---------------------+----------------+
| RHEL8               | PASS           |
+---------------------+----------------+
| Fedora 33           | PASS           |
+---------------------+----------------+
| Fedora 32           | PASS           |
+---------------------+----------------+
| Fedora 31           | PASS           |
+---------------------+----------------+
| Fedora 34           | PASS           |
+---------------------+----------------+
| RHEL 7              | PASS           |
+---------------------+----------------+
| Ubuntu 20.04        | PASS           |
+---------------------+----------------+
| Ubuntu 18.04        | PASS           |
+---------------------+----------------+
| openSUSE Leap 15    | PASS           |
+---------------------+----------------+
| Arch Linux          | PASS           |
+---------------------+----------------+
| Fedora 34 clang     | PASS           |
+---------------------+----------------+

==== 20 line log output for Windows Server 2019 (dpdk_unit_test): ====
                                                 _ _ f u n c _ _ ,   _ _ L I N E _ _ ,   R T E _ F M T _ T A I L ( _ _ V A _ A R G S _ _ , ) ) ) 
 
                                                 ~ ~ ~ ~ ~ ~ ~ ~ ~ ~ ~ ~ ~ ~ ~ ~ ~ ~ ~ ~ ~ ~ ~ ~ ~ ~ ~ ~ ~ ~ ~ ~ ~ ^ ~ ~ ~ ~ ~ ~ ~ ~ ~ ~ ~ ~ ~ ~ 
 
 . . \ l i b \ e a l \ i n c l u d e / r t e _ c o m m o n . h : 8 5 0 : 3 2 :   n o t e :   e x p a n d e d   f r o m   m a c r o   ' R T E _ F M T _ T A I L ' 
 
 # d e f i n e   R T E _ F M T _ T A I L ( f m t ,   . . . )   _ _ V A _ A R G S _ _ 
 
                                                               ^ ~ ~ ~ ~ ~ ~ ~ ~ ~ ~ 
 
 . . \ l i b \ e a l \ i n c l u d e / r t e _ c o m m o n . h : 8 4 8 : 3 9 :   n o t e :   e x p a n d e d   f r o m   m a c r o   ' R T E _ F M T ' 
 
 # d e f i n e   R T E _ F M T ( f m t ,   . . . )   f m t   " % . 0 s " ,   _ _ V A _ A R G S _ _   " " 
 
                                                                             ^ ~ ~ ~ ~ ~ ~ ~ ~ ~ ~ 
 
 . . \ l i b \ e a l \ i n c l u d e / r t e _ l o g . h : 3 4 2 : 3 2 :   n o t e :   e x p a n d e d   f r o m   m a c r o   ' R T E _ L O G ' 
 
                                   R T E _ L O G T Y P E _   # #   t ,   #   t   " :   "   _ _ V A _ A R G S _ _ ) 
 
                                                                                           ^ ~ ~ ~ ~ ~ ~ ~ ~ ~ ~ 
 
 2   e r r o r s   g e n e r a t e d . 
 
 [ 2 1 / 5 2 1 ]   C o m p i l i n g   C   o b j e c t   l i b / l i b r t e _ n e t . a . p / n e t _ r t e _ n e t . c . o b j 
 
 [ 2 2 / 5 2 1 ]   C o m p i l i n g   C   o b j e c t   l i b / l i b r t e _ g p u d e v . a . p / g p u d e v _ g p u d e v . c . o b j 
 
 [ 2 3 / 5 2 1 ]   C o m p i l i n g   C   o b j e c t   l i b / l i b r t e _ g r o . a . p / g r o _ r t e _ g r o . c . o b j 
 
 [ 2 4 / 5 2 1 ]   C o m p i l i n g   C   o b j e c t   l i b / l i b r t e _ g s o . a . p / g s o _ g s o _ c o m m o n . c . o b j 
 
 [ 2 5 / 5 2 1 ]   C o m p i l i n g   C   o b j e c t   l i b / l i b r t e _ g s o . a . p / g s o _ g s o _ t u n n e l _ t c p 4 . c . o b j 
 
 n i n j a :   b u i l d   s t o p p e d :   s u b c o m m a n d   f a i l e d . 
 
 C o u l d   n o t   r e b u i l d   C : \ U s e r s \ b u i l d e r \ j e n k i n s \ w o r k s p a c e \ G e n e r i c - V M - U n i t - T e s t - D P D K \ d p d k \ b u i l d 
 
 
==== End log output ====

Windows Server 2019
	Kernel: 10.0
	Compiler: clang 14.0 and gcc 8.1.0 (MinGW)

RHEL8
	Kernel: 4.18.0-240.10.1.el8_3.x86_64
	Compiler: gcc 8.3.1 20191121 (Red Hat 8.3.1-5)

Fedora 33
	Kernel: 5.4.0-72-generic
	Compiler: gcc 10.3.1 20210422 (Red Hat 10.3.1-1)

Fedora 32
	Kernel: 4.18.0-240.10.1.el8_3.x86_64
	Compiler: gcc 10.2.1

Fedora 31
	Kernel: 4.18.0-240.10.1.el8_3.x86_64
	Compiler: gcc 9.3.1

Fedora 34
	Kernel: 5.4.0-72-generic
	Compiler: gcc 11.1.1 20210428 (Red Hat 11.1.1-1)

RHEL 7
	Kernel: 4.18.0-240.10.1.el8_3.x86_64
	Compiler: gcc 4.8.5 20150623 (Red Hat 4.8.5-44)

Ubuntu 20.04
	Kernel: 4.18.0-240.10.1.el8_3.x86_64
	Compiler: gcc 9.3.0-17ubuntu1~20.04

Ubuntu 18.04
	Kernel: 4.18.0-240.10.1.el8_3.x86_64
	Compiler: gcc 7.5.0-3ubuntu1~18.04

openSUSE Leap 15
	Kernel: 4.18.0-240.10.1.el8_3.x86_64
	Compiler: gcc 7.5.0

Arch Linux
	Kernel: 5.4.0-73-generic
	Compiler: gcc 11.1.0

Fedora 34 clang
	Kernel: 5.4.0-72-generic
	Compiler: clang 12.0.0 (Fedora 12.0.0-0.3.rc1.fc34)

To view detailed results, visit:
https://lab.dpdk.org/results/dashboard/patchsets/23737/

UNH-IOL DPDK Community Lab

To manage your email subscriptions, visit: 
https://lab.dpdk.org/results/dashboard/preferences/subscriptions/


More information about the test-report mailing list