|WARNING| pw117257 [PATCH] drivers: suggestion on removing empty version.map files
dpdklab at iol.unh.edu
dpdklab at iol.unh.edu
Mon Oct 3 09:32:28 CEST 2022
Test-Label: iol-aarch64-unit-testing
Test-Status: WARNING
http://dpdk.org/patch/117257
_Testing issues_
Submitter: Abdullah Ömer Yamaç <omer.yamac at ceng.metu.edu.tr>
Date: Monday, October 03 2022 06:52:03
DPDK git baseline: Repo:dpdk
Branch: master
CommitID:e5d0e3c759e1048c51ee85c463a4de509d382c49
117257 --> testing fail
Test environment and result as below:
+-------------------------------+--------------+----------------+
| Environment | lpm_autotest | dpdk_unit_test |
+===============================+==============+================+
| Ubuntu 20.04 ARM SVE | FAIL | SKIPPED |
+-------------------------------+--------------+----------------+
| Ubuntu 20.04 ARM GCC Native | SKIPPED | PASS |
+-------------------------------+--------------+----------------+
| Ubuntu 20.04 ARM Clang Native | SKIPPED | PASS |
+-------------------------------+--------------+----------------+
==== 20 line log output for Ubuntu 20.04 ARM SVE (lpm_autotest): ====
lib/meson.build:93: WARNING: Cannot disable mandatory library "ip_frag"
lib/meson.build:93: WARNING: Cannot disable mandatory library "ring"
lib/meson.build:93: WARNING: Cannot disable mandatory library "fib"
lib/meson.build:93: WARNING: Cannot disable mandatory library "dmadev"
lib/meson.build:93: WARNING: Cannot disable mandatory library "member"
lib/meson.build:93: WARNING: Cannot disable mandatory library "stack"
lib/meson.build:93: WARNING: Cannot disable mandatory library "rcu"
lib/meson.build:93: WARNING: Cannot disable mandatory library "graph"
lib/meson.build:93: WARNING: Cannot disable mandatory library "eal"
lib/meson.build:93: WARNING: Cannot disable mandatory library "ipsec"
lib/meson.build:93: WARNING: Cannot disable mandatory library "efd"
lib/meson.build:93: WARNING: Cannot disable mandatory library "bpf"
Compiler for C supports arguments -Wno-format-truncation -Wformat-truncation: YES
Checking for function "getentropy" : YES
Fetching value of define "__ARM_FEATURE_CRYPTO" : 1
Dependency libelf found: YES 0.176
drivers/meson.build:4:0: ERROR: Module "fs" does not exist
A full log can be found at /home-local/jenkins-local/jenkins-agent/workspace/Generic-Unit-Test-DPDK/dpdk/build/meson-logs/meson-log.txt
==== End log output ====
Ubuntu 20.04 ARM SVE
Kernel: 5.4.0-80-generic
Compiler: gcc 10.3.0 (Ubuntu 10.3.0-1ubuntu1~20.04)
Ubuntu 20.04 ARM GCC Native
Kernel: 5.4.0-53-generic
Compiler: gcc 9.3
Ubuntu 20.04 ARM Clang Native
Kernel: 5.4.0-53-generic
Compiler: clang 10.0.0-4ubuntu1
To view detailed results, visit:
https://lab.dpdk.org/results/dashboard/patchsets/23743/
UNH-IOL DPDK Community Lab
To manage your email subscriptions, visit:
https://lab.dpdk.org/results/dashboard/preferences/subscriptions/
More information about the test-report
mailing list