|FAILURE| pw117300-117305 [PATCH] [v7, 6/6] security: hide session structure
dpdklab at iol.unh.edu
dpdklab at iol.unh.edu
Tue Oct 4 14:24:31 CEST 2022
Test-Label: iol-aarch64-unit-testing
Test-Status: FAILURE
http://dpdk.org/patch/117305
_Testing issues_
Submitter: Akhil Goyal <gakhil at marvell.com>
Date: Tuesday, October 04 2022 11:10:35
DPDK git baseline: Repo:dpdk
Branch: master
CommitID:fe1a5a9b42f33a4cbfea741d03179557c03acd18
117300-117305 --> testing fail
Test environment and result as below:
+-------------------------------+--------------+----------------+
| Environment | lpm_autotest | dpdk_unit_test |
+===============================+==============+================+
| Ubuntu 20.04 ARM SVE | PASS | SKIPPED |
+-------------------------------+--------------+----------------+
| Ubuntu 20.04 ARM GCC Native | SKIPPED | FAIL |
+-------------------------------+--------------+----------------+
| Ubuntu 20.04 ARM Clang Native | SKIPPED | FAIL |
+-------------------------------+--------------+----------------+
==== 20 line log output for Ubuntu 20.04 ARM Clang Native (dpdk_unit_test): ====
94/103 DPDK:fast-tests / telemetry_data_autotest OK 0.24s
95/103 DPDK:fast-tests / table_autotest OK 4.91s
96/103 DPDK:fast-tests / ring_pmd_autotest OK 0.14s
97/103 DPDK:fast-tests / event_eth_tx_adapter_autotest OK 1.01s
98/103 DPDK:fast-tests / bitratestats_autotest OK 0.14s
99/103 DPDK:fast-tests / latencystats_autotest OK 0.14s
100/103 DPDK:fast-tests / pdump_autotest OK 5.22s
101/103 DPDK:fast-tests / vdev_autotest OK 0.14s
102/103 DPDK:fast-tests / compressdev_autotest SKIP 0.23s exit status 77
103/103 DPDK:fast-tests / telemetry_all OK 13.12s
Ok: 97
Expected Fail: 0
Fail: 1
Unexpected Pass: 0
Skipped: 5
Timeout: 0
Full log written to /home-local/jenkins-local/jenkins-agent/workspace/Generic-VM-Unit-Test-DPDK/dpdk/build/meson-logs/testlog.txt
==== End log output ====
Ubuntu 20.04 ARM SVE
Kernel: 5.4.0-80-generic
Compiler: gcc 10.3.0 (Ubuntu 10.3.0-1ubuntu1~20.04)
Ubuntu 20.04 ARM GCC Native
Kernel: 5.4.0-53-generic
Compiler: gcc 9.3
Ubuntu 20.04 ARM Clang Native
Kernel: 5.4.0-53-generic
Compiler: clang 10.0.0-4ubuntu1
To view detailed results, visit:
https://lab.dpdk.org/results/dashboard/patchsets/23758/
UNH-IOL DPDK Community Lab
To manage your email subscriptions, visit:
https://lab.dpdk.org/results/dashboard/preferences/subscriptions/
More information about the test-report
mailing list