|FAILURE| pw117306 [PATCH] net/i40e: fix build with MinGW GCC 12
dpdklab at iol.unh.edu
dpdklab at iol.unh.edu
Tue Oct 4 14:48:30 CEST 2022
Test-Label: iol-x86_64-unit-testing
Test-Status: FAILURE
http://dpdk.org/patch/117306
_Testing issues_
Submitter: Thomas Monjalon <thomas at monjalon.net>
Date: Tuesday, October 04 2022 11:17:42
DPDK git baseline: Repo:dpdk
Branch: master
CommitID:fe1a5a9b42f33a4cbfea741d03179557c03acd18
117306 --> testing fail
Test environment and result as below:
+---------------------+----------------+
| Environment | dpdk_unit_test |
+=====================+================+
| Windows Server 2019 | FAIL |
+---------------------+----------------+
| Fedora 31 | PASS |
+---------------------+----------------+
| Ubuntu 18.04 | PASS |
+---------------------+----------------+
| Fedora 34 | PASS |
+---------------------+----------------+
| RHEL 7 | PASS |
+---------------------+----------------+
| openSUSE Leap 15 | PASS |
+---------------------+----------------+
| RHEL8 | PASS |
+---------------------+----------------+
| Ubuntu 20.04 | PASS |
+---------------------+----------------+
| Fedora 33 | PASS |
+---------------------+----------------+
| Fedora 32 | PASS |
+---------------------+----------------+
| Arch Linux | PASS |
+---------------------+----------------+
| Fedora 34 clang | PASS |
+---------------------+----------------+
==== 20 line log output for Windows Server 2019 (dpdk_unit_test): ====
[ 4 1 / 2 1 7 ] C o m p i l i n g C o b j e c t d r i v e r s / n e t / e 1 0 0 0 / b a s e / l i b e 1 0 0 0 _ b a s e . a . p / e 1 0 0 0 _ o s d e p . c . o b j
[ 4 2 / 2 1 7 ] C o m p i l i n g C o b j e c t a p p / t e s t / d p d k - t e s t . e x e . p / t e s t _ l p m 6 . c . o b j
[ 4 3 / 2 1 7 ] C o m p i l i n g C o b j e c t a p p / t e s t / d p d k - t e s t . e x e . p / t e s t _ f b a r r a y . c . o b j
[ 4 4 / 2 1 7 ] C o m p i l i n g C o b j e c t d r i v e r s / l i b t m p _ r t e _ n e t _ i 4 0 e . a . p / n e t _ i 4 0 e _ i 4 0 e _ t m . c . o b j
[ 4 5 / 2 1 7 ] C o m p i l i n g C o b j e c t d r i v e r s / l i b t m p _ r t e _ n e t _ i 4 0 e . a . p / n e t _ i 4 0 e _ i 4 0 e _ p f . c . o b j
[ 4 6 / 2 1 7 ] C o m p i l i n g C o b j e c t d r i v e r s / l i b t m p _ r t e _ n e t _ i 4 0 e . a . p / n e t _ i 4 0 e _ i 4 0 e _ h a s h . c . o b j
F A I L E D : d r i v e r s / l i b t m p _ r t e _ n e t _ i 4 0 e . a . p / n e t _ i 4 0 e _ i 4 0 e _ h a s h . c . o b j
" c l a n g " " - I d r i v e r s \ l i b t m p _ r t e _ n e t _ i 4 0 e . a . p " " - I d r i v e r s " " - I . . \ d r i v e r s " " - I d r i v e r s \ n e t \ i 4 0 e " " - I . . \ d r i v e r s \ n e t \ i 4 0 e " " - I d r i v e r s \ n e t \ i 4 0 e \ b a s e " " - I . . \ d r i v e r s \ n e t \ i 4 0 e \ b a s e " " - I l i b \ e t h d e v " " - I . . \ l i b \ e t h d e v " " - I . " " - I . . " " - I c o n f i g " " - I . . \ c o n f i g " " - I l i b \ e a l \ i n c l u d e " " - I . . \ l i b \ e a l \ i n c l u d e " " - I l i b \ e a l \ w i n d o w s \ i n c l u d e " " - I . . \ l i b \ e a l \ w i n d o w s \ i n c l u d e " " - I l i b \ e a l \ x 8 6 \ i n c l u d e " " - I . . \ l i b \ e a l \ x 8 6 \ i n c l u d e " " - I l i b \ e a l \ c o m m o n " " - I . . \ l i b \ e a l \ c o m m o n " " - I l i b \ e a l " " - I . . \ l i b \ e a l " " - I l i b \ k v a r g s " " - I . . \ l i b \ k v a r g s " " - I l i b \ n e t " " - I . . \ l i b \ n e t " " - I l i b \ m b u f " " - I . . \ l i b \ m b u f " " - I l i b \ m e m p o o l " " - I . . \ l i b \ m e m p o o l " " - I l i b \ r i n g " " - I . . \ l i b \ r i n g " " - I l i b \ m e t r i c s " " - I . . \ l i b \ m e t r i c s " " - I l i b \ t e l e m e t r y " " - I . . \ l i b \ t e l e m e t r y " " - I l i b \ m e t e r " " - I . . \ l i b \ m e t e r " " - I d r i v e r s \ b u s \ p c i " " - I . . \ d r i v e r s \ b u s \ p c i " " - I . . \ d r i v e r s \ b u s \ p c i \ w i n d o w s " " - I l i b \ p c i " " - I . . \ l i b \ p c i " " - I d r i v e r s \ b u s \ v d e v " " - I . . \ d r i v e r s \ b u s \ v d e v " " - I l i b \ h a s h " " - I . . \ l i b \ h a s h " " - I l i b \ r c u " " - I . . \ l i b \ r c u " " - X c l a n g " " - f c o l o r - d i a g n o s t i c s " " - p i p e " " - D _ F I L E _ O F F S E T _ B I T S = 6 4 " " - W a l l " " - W i n v a l i d - p c h " " - W e x t r a " " - W e r r o r " " - O 3 " " - i n c l u d e " " r t e _ c o n f i g . h " " - W c a s t - q u a l " " - W d e p r e c a t e d " " - W f o r m a t " " - W f o r m a t - n o n l i t e r a l " " - W f o r m a t - s e c u r i t y " " - W m i s s i n g - d e c l a r a t i o n s " " - W m i s s i n g - p r o t o t y p e s " " - W n e s t e d - e x t e r n s " " - W o l d - s t y l e - d e f i n i t i o n " " - W p o i n t e r - a r i t h " " - W s i g n - c o m p a r e " " - W s t r i c t - p r o t o t y p e s " " - W u n d e f " " - W w r i t e - s t r i n g s " " - W n o - a d d r e s s - o f - p a c k e d - m e m b e r " " - W n o - m i s s i n g - f i e l d - i n i t i a l i z e r s " " - D _ G N U _ S O U R C E " " - D _ W I N 3 2 _ W I N N T = 0 x 0 A 0 0 " " - D _ C R T _ S E C U R E _ N O _ W A R N I N G S " " - m a r c h = n a t i v e " " - D A L L O W _ E X P E R I M E N T A L _ A P I " " - D A L L O W _ I N T E R N A L _ A P I " " - D P F _ D R I V E R " " - D V F _ D R I V E R " " - D I N T E G R A T E D _ V F " " - D X 7 2 2 _ A 0 _ S U P P O R T " " - D C C _ A V X 2 _ S U P P O R T " " - D C C _ A V X 5 1 2 _ S U P P O R T " " - D R T E _ L O G _ D E F A U L T _ L O G T Y P E = p m d . n e t . i 4 0 e " - M D - M Q d r i v e r s / l i b t m p _ r t e _ n e t _ i 4 0 e . a . p / n e t _ i 4 0 e _ i 4 0 e _ h a s h . c . o b j - M F " d r i v e r s \ l i b t m p _ r t e _ n e t _ i 4 0 e . a . p \ n e t _ i 4 0 e _ i 4 0 e _ h a s h . c . o b j . d " - o d r i v e r s / l i b t m p _ r t e _ n e t _ i 4 0 e . a . p / n e t _ i 4 0 e _ i 4 0 e _ h a s h . c . o b j " - c " . . / d r i v e r s / n e t / i 4 0 e / i 4 0 e _ h a s h . c
. . / d r i v e r s / n e t / i 4 0 e / i 4 0 e _ h a s h . c : 3 8 9 : 2 2 : e r r o r : c o m p a r i s o n o f i n t e g e r s o f d i f f e r e n t s i g n s : ' e n u m r t e _ f l o w _ i t e m _ t y p e ' a n d ' u n s i g n e d l o n g l o n g ' [ - W e r r o r , - W s i g n - c o m p a r e ]
i f ( l a s t _ i t e m _ t y p e > = R T E _ D I M ( p a t t e r n _ i t e m _ h e a d e r ) )
~ ~ ~ ~ ~ ~ ~ ~ ~ ~ ~ ~ ~ ~ ^ ~ ~ ~ ~ ~ ~ ~ ~ ~ ~ ~ ~ ~ ~ ~ ~ ~ ~ ~ ~ ~ ~ ~ ~ ~ ~ ~ ~
1 e r r o r g e n e r a t e d .
[ 4 7 / 2 1 7 ] C o m p i l i n g C o b j e c t d r i v e r s / n e t / i 4 0 e / b a s e / l i b i 4 0 e _ b a s e . a . p / i 4 0 e _ n v m . c . o b j
[ 4 8 / 2 1 7 ] C o m p i l i n g C o b j e c t d r i v e r s / l i b t m p _ r t e _ n e t _ e 1 0 0 0 . a . p / n e t _ e 1 0 0 0 _ i g b _ e t h d e v . c . o b j
[ 4 9 / 2 1 7 ] C o m p i l i n g C o b j e c t d r i v e r s / l i b t m p _ r t e _ n e t _ i 4 0 e . a . p / n e t _ i 4 0 e _ r t e _ p m d _ i 4 0 e . c . o b j
[ 5 0 / 2 1 7 ] C o m p i l i n g C o b j e c t d r i v e r s / l i b t m p _ r t e _ n e t _ i 4 0 e . a . p / n e t _ i 4 0 e _ i 4 0 e _ r x t x _ v e c _ s s e . c . o b j
[ 5 1 / 2 1 7 ] C o m p i l i n g C o b j e c t d r i v e r s / l i b t m p _ r t e _ n e t _ i 4 0 e . a . p / n e t _ i 4 0 e _ i 4 0 e _ r x t x _ v e c _ a v x 2 . c . o b j
n i n j a : b u i l d s t o p p e d : s u b c o m m a n d f a i l e d .
C o u l d n o t r e b u i l d C : \ U s e r s \ b u i l d e r \ j e n k i n s \ w o r k s p a c e \ G e n e r i c - V M - U n i t - T e s t - D P D K \ d p d k \ b u i l d
==== End log output ====
Windows Server 2019
Kernel: 10.0
Compiler: clang 14.0 and gcc 8.1.0 (MinGW)
Fedora 31
Kernel: 4.18.0-240.10.1.el8_3.x86_64
Compiler: gcc 9.3.1
Ubuntu 18.04
Kernel: 4.18.0-240.10.1.el8_3.x86_64
Compiler: gcc 7.5.0-3ubuntu1~18.04
Fedora 34
Kernel: 5.4.0-72-generic
Compiler: gcc 11.1.1 20210428 (Red Hat 11.1.1-1)
RHEL 7
Kernel: 4.18.0-240.10.1.el8_3.x86_64
Compiler: gcc 4.8.5 20150623 (Red Hat 4.8.5-44)
openSUSE Leap 15
Kernel: 4.18.0-240.10.1.el8_3.x86_64
Compiler: gcc 7.5.0
RHEL8
Kernel: 4.18.0-240.10.1.el8_3.x86_64
Compiler: gcc 8.3.1 20191121 (Red Hat 8.3.1-5)
Ubuntu 20.04
Kernel: 4.18.0-240.10.1.el8_3.x86_64
Compiler: gcc 9.3.0-17ubuntu1~20.04
Fedora 33
Kernel: 5.4.0-72-generic
Compiler: gcc 10.3.1 20210422 (Red Hat 10.3.1-1)
Fedora 32
Kernel: 4.18.0-240.10.1.el8_3.x86_64
Compiler: gcc 10.2.1
Arch Linux
Kernel: 5.4.0-73-generic
Compiler: gcc 11.1.0
Fedora 34 clang
Kernel: 5.4.0-72-generic
Compiler: clang 12.0.0 (Fedora 12.0.0-0.3.rc1.fc34)
To view detailed results, visit:
https://lab.dpdk.org/results/dashboard/patchsets/23759/
UNH-IOL DPDK Community Lab
To manage your email subscriptions, visit:
https://lab.dpdk.org/results/dashboard/preferences/subscriptions/
More information about the test-report
mailing list