|FAILURE| pw117439 [PATCH] [v4] lib/cryptodev: multi-process IPC request handler
dpdklab at iol.unh.edu
dpdklab at iol.unh.edu
Thu Oct 6 11:22:45 CEST 2022
Test-Label: iol-x86_64-compile-testing
Test-Status: FAILURE
http://dpdk.org/patch/117439
_Testing issues_
Submitter: Kai Ji <kai.ji at intel.com>
Date: Thursday, October 06 2022 08:16:46
DPDK git baseline: Repo:dpdk
Branch: master
CommitID:4ed890495594a71e618d62fd975c5868915eb4a1
117439 --> testing fail
Test environment and result as below:
+---------------------+--------------------+----------------------+
| Environment | dpdk_meson_compile | dpdk_mingw64_compile |
+=====================+====================+======================+
| Windows Server 2019 | FAIL | PASS |
+---------------------+--------------------+----------------------+
| FreeBSD 13 | PASS | SKIPPED |
+---------------------+--------------------+----------------------+
| Fedora 33 | PASS | SKIPPED |
+---------------------+--------------------+----------------------+
| RHEL 7 | PASS | SKIPPED |
+---------------------+--------------------+----------------------+
| openSUSE Leap 15 | PASS | SKIPPED |
+---------------------+--------------------+----------------------+
| Ubuntu 20.04 | PASS | SKIPPED |
+---------------------+--------------------+----------------------+
| Ubuntu 18.04 | PASS | SKIPPED |
+---------------------+--------------------+----------------------+
| Fedora 31 | PASS | SKIPPED |
+---------------------+--------------------+----------------------+
| Fedora 32 | PASS | SKIPPED |
+---------------------+--------------------+----------------------+
| Fedora 34 | PASS | SKIPPED |
+---------------------+--------------------+----------------------+
| Fedora 34 clang | PASS | SKIPPED |
+---------------------+--------------------+----------------------+
| RHEL8 | PASS | SKIPPED |
+---------------------+--------------------+----------------------+
==== 20 line log output for Windows Server 2019 (dpdk_meson_compile): ====
~~~~~~~~~~~~~~~~~~~~~~~~~~~~~~~~~~~~~~~~~~~~~~~~^~~~~~
..\lib\cryptodev/rte_cryptodev.h:35:37: note: expanded from macro 'CDEV_LOG_ERR'
__func__, __LINE__, RTE_FMT_TAIL(__VA_ARGS__,)))
~~~~~~~~~~~~~~~~~~~~~~~~~~~~~~~~~^~~~~~~~~~~~~~~
..\lib\eal\include/rte_common.h:850:32: note: expanded from macro 'RTE_FMT_TAIL'
#define RTE_FMT_TAIL(fmt, ...) __VA_ARGS__
^~~~~~~~~~~
..\lib\eal\include/rte_common.h:848:39: note: expanded from macro 'RTE_FMT'
#define RTE_FMT(fmt, ...) fmt "%.0s", __VA_ARGS__ ""
^~~~~~~~~~~
..\lib\eal\include/rte_log.h:342:32: note: expanded from macro 'RTE_LOG'
RTE_LOGTYPE_ ## t, # t ": " __VA_ARGS__)
^~~~~~~~~~~
2 errors generated.
[87/777] Compiling C object lib/librte_gpudev.a.p/gpudev_gpudev.c.obj
[88/777] Compiling C object lib/librte_gro.a.p/gro_rte_gro.c.obj
[89/777] Compiling C object lib/librte_gro.a.p/gro_gro_vxlan_tcp4.c.obj
[90/777] Compiling C object lib/librte_latencystats.a.p/latencystats_rte_latencystats.c.obj
[91/777] Compiling C object lib/librte_gso.a.p/gso_gso_tunnel_tcp4.c.obj
ninja: build stopped: subcommand failed.
==== End log output ====
Windows Server 2019
Kernel: 10.0
Compiler: clang 14.0 and gcc 8.1.0 (MinGW)
FreeBSD 13
Kernel: 13.0
Compiler: clang 11.0.1
Fedora 33
Kernel: 5.4.0-72-generic
Compiler: gcc 10.3.1 20210422 (Red Hat 10.3.1-1)
RHEL 7
Kernel: 4.18.0-240.10.1.el8_3.x86_64
Compiler: gcc 4.8.5 20150623 (Red Hat 4.8.5-44)
openSUSE Leap 15
Kernel: 4.18.0-240.10.1.el8_3.x86_64
Compiler: gcc 7.5.0
Ubuntu 20.04
Kernel: 4.18.0-240.10.1.el8_3.x86_64
Compiler: gcc 9.3.0-17ubuntu1~20.04
Ubuntu 18.04
Kernel: 4.18.0-240.10.1.el8_3.x86_64
Compiler: gcc 7.5.0-3ubuntu1~18.04
Fedora 31
Kernel: 4.18.0-240.10.1.el8_3.x86_64
Compiler: gcc 9.3.1
Fedora 32
Kernel: 4.18.0-240.10.1.el8_3.x86_64
Compiler: gcc 10.2.1
Fedora 34
Kernel: 5.4.0-72-generic
Compiler: gcc 11.1.1 20210428 (Red Hat 11.1.1-1)
Fedora 34 clang
Kernel: 5.4.0-72-generic
Compiler: clang 12.0.0 (Fedora 12.0.0-0.3.rc1.fc34)
RHEL8
Kernel: 4.18.0-240.10.1.el8_3.x86_64
Compiler: gcc 8.3.1 20191121 (Red Hat 8.3.1-5)
To view detailed results, visit:
https://lab.dpdk.org/results/dashboard/patchsets/23797/
UNH-IOL DPDK Community Lab
To manage your email subscriptions, visit:
https://lab.dpdk.org/results/dashboard/preferences/subscriptions/
More information about the test-report
mailing list