|FAILURE| pw117504 [PATCH] eal: non-temporal memcpy

dpdklab at iol.unh.edu dpdklab at iol.unh.edu
Thu Oct 6 22:59:09 CEST 2022


Test-Label: iol-aarch64-unit-testing
Test-Status: FAILURE
http://dpdk.org/patch/117504

_Testing issues_

Submitter: Morten Brørup <mb at smartsharesystems.com>
Date: Thursday, October 06 2022 20:34:26 
DPDK git baseline: Repo:dpdk
  Branch: master
  CommitID:4ed890495594a71e618d62fd975c5868915eb4a1

117504 --> testing fail

Test environment and result as below:

+-------------------------------+--------------+----------------+
|          Environment          | lpm_autotest | dpdk_unit_test |
+===============================+==============+================+
| Ubuntu 20.04 ARM SVE          | FAIL         | SKIPPED        |
+-------------------------------+--------------+----------------+
| Ubuntu 20.04 ARM GCC Native   | SKIPPED      | FAIL           |
+-------------------------------+--------------+----------------+
| Ubuntu 20.04 ARM Clang Native | SKIPPED      | FAIL           |
+-------------------------------+--------------+----------------+

==== 20 line log output for Ubuntu 20.04 ARM Clang Native (dpdk_unit_test): ====
[91/3505] Compiling C object lib/librte_net.a.p/net_rte_ether.c.o
[92/3505] Compiling C object lib/librte_eal.a.p/eal_common_eal_common_memory.c.o
[93/3505] Compiling C object lib/librte_eal.a.p/eal_linux_eal_memalloc.c.o
[94/3505] Compiling C object lib/librte_net.a.p/net_rte_arp.c.o
[95/3505] Compiling C object lib/librte_net.a.p/net_rte_net.c.o
[96/3505] Compiling C object lib/librte_ethdev.a.p/ethdev_rte_tm.c.o
[97/3505] Compiling C object lib/librte_eal.a.p/eal_linux_eal_interrupts.c.o
[98/3505] Compiling C object lib/librte_eal.a.p/eal_common_eal_common_dynmem.c.o
[99/3505] Compiling C object lib/librte_mbuf.a.p/mbuf_rte_mbuf.c.o
[100/3505] Compiling C object lib/librte_mbuf.a.p/mbuf_rte_mbuf_dyn.c.o
[101/3505] Compiling C object lib/librte_eal.a.p/eal_common_eal_common_fbarray.c.o
[102/3505] Compiling C object lib/librte_mempool.a.p/mempool_rte_mempool.c.o
[103/3505] Compiling C object lib/librte_eal.a.p/eal_common_rte_service.c.o
[104/3505] Compiling C object lib/librte_eal.a.p/eal_common_malloc_heap.c.o
[105/3505] Compiling C object lib/librte_eal.a.p/eal_linux_eal_memory.c.o
[106/3505] Compiling C object lib/librte_eal.a.p/eal_common_eal_common_options.c.o
[107/3505] Compiling C object lib/librte_ethdev.a.p/ethdev_ethdev_private.c.o
[108/3505] Compiling C object lib/librte_rcu.a.p/rcu_rte_rcu_qsbr.c.o
[109/3505] Compiling C object lib/librte_eal.a.p/eal_linux_eal_vfio.c.o
ninja: build stopped: subcommand failed.
==== End log output ====

Ubuntu 20.04 ARM SVE
	Kernel: 5.4.0-80-generic
	Compiler: gcc 10.3.0 (Ubuntu 10.3.0-1ubuntu1~20.04)

Ubuntu 20.04 ARM GCC Native
	Kernel: 5.4.0-53-generic
	Compiler: gcc 9.3

Ubuntu 20.04 ARM Clang Native
	Kernel: 5.4.0-53-generic
	Compiler: clang 10.0.0-4ubuntu1

To view detailed results, visit:
https://lab.dpdk.org/results/dashboard/patchsets/23814/

UNH-IOL DPDK Community Lab

To manage your email subscriptions, visit: 
https://lab.dpdk.org/results/dashboard/preferences/subscriptions/


More information about the test-report mailing list