|FAILURE| pw117573 [PATCH] [v2] build: increase minimum meson version to 0.53.2
dpdklab at iol.unh.edu
dpdklab at iol.unh.edu
Fri Oct 7 19:00:10 CEST 2022
Test-Label: iol-x86_64-unit-testing
Test-Status: FAILURE
http://dpdk.org/patch/117573
_Testing issues_
Submitter: Bruce Richardson <bruce.richardson at intel.com>
Date: Friday, October 07 2022 16:24:04
DPDK git baseline: Repo:dpdk
Branch: master
CommitID:e6fde5e04833569efef8f5be6ba12eb64d74b7b6
117573 --> testing fail
Test environment and result as below:
+---------------------+----------------+
| Environment | dpdk_unit_test |
+=====================+================+
| Windows Server 2019 | PASS |
+---------------------+----------------+
| Ubuntu 18.04 | FAIL |
+---------------------+----------------+
| Fedora 32 | FAIL |
+---------------------+----------------+
| Fedora 31 | FAIL |
+---------------------+----------------+
| openSUSE Leap 15 | FAIL |
+---------------------+----------------+
| Fedora 34 | FAIL |
+---------------------+----------------+
| Ubuntu 20.04 | FAIL |
+---------------------+----------------+
| Fedora 33 | FAIL |
+---------------------+----------------+
| RHEL8 | FAIL |
+---------------------+----------------+
| RHEL 7 | FAIL |
+---------------------+----------------+
| Fedora 34 clang | FAIL |
+---------------------+----------------+
==== 20 line log output for Fedora 34 clang (dpdk_unit_test): ====
The Meson build system
Version: 0.49.2
Source dir: /home-local/jenkins-local/jenkins-agent/workspace/Generic-Unit-Test-DPDK at 4/dpdk
Build dir: /home-local/jenkins-local/jenkins-agent/workspace/Generic-Unit-Test-DPDK at 4/dpdk/build
Build type: native build
Program cat found: YES (/usr/bin/cat)
meson.build:4:0: ERROR: Meson version is 0.49.2 but project requires >= 0.53.2.
A full log can be found at /home-local/jenkins-local/jenkins-agent/workspace/Generic-Unit-Test-DPDK at 4/dpdk/build/meson-logs/meson-log.txt
==== End log output ====
Windows Server 2019
Kernel: 10.0
Compiler: clang 14.0 and gcc 8.1.0 (MinGW)
Ubuntu 18.04
Kernel: 4.18.0-240.10.1.el8_3.x86_64
Compiler: gcc 7.5.0-3ubuntu1~18.04
Fedora 32
Kernel: 4.18.0-240.10.1.el8_3.x86_64
Compiler: gcc 10.2.1
Fedora 31
Kernel: 4.18.0-240.10.1.el8_3.x86_64
Compiler: gcc 9.3.1
openSUSE Leap 15
Kernel: 4.18.0-240.10.1.el8_3.x86_64
Compiler: gcc 7.5.0
Fedora 34
Kernel: 5.4.0-72-generic
Compiler: gcc 11.1.1 20210428 (Red Hat 11.1.1-1)
Ubuntu 20.04
Kernel: 4.18.0-240.10.1.el8_3.x86_64
Compiler: gcc 9.3.0-17ubuntu1~20.04
Fedora 33
Kernel: 5.4.0-72-generic
Compiler: gcc 10.3.1 20210422 (Red Hat 10.3.1-1)
RHEL8
Kernel: 4.18.0-240.10.1.el8_3.x86_64
Compiler: gcc 8.3.1 20191121 (Red Hat 8.3.1-5)
RHEL 7
Kernel: 4.18.0-240.10.1.el8_3.x86_64
Compiler: gcc 4.8.5 20150623 (Red Hat 4.8.5-44)
Fedora 34 clang
Kernel: 5.4.0-72-generic
Compiler: clang 12.0.0 (Fedora 12.0.0-0.3.rc1.fc34)
To view detailed results, visit:
https://lab.dpdk.org/results/dashboard/patchsets/23825/
UNH-IOL DPDK Community Lab
To manage your email subscriptions, visit:
https://lab.dpdk.org/results/dashboard/preferences/subscriptions/
More information about the test-report
mailing list