|WARNING| pw117816 [PATCH] vhost: promote per-queue stats API to stable

dpdklab at iol.unh.edu dpdklab at iol.unh.edu
Mon Oct 10 18:15:44 CEST 2022


Test-Label: iol-aarch64-unit-testing
Test-Status: WARNING
http://dpdk.org/patch/117816

_Testing issues_

Submitter: Maxime Coquelin <maxime.coquelin at redhat.com>
Date: Monday, October 10 2022 15:37:51 
DPDK git baseline: Repo:dpdk
  Branch: master
  CommitID:629dad3ef325f9b4519d94c29ec49b77b386d850

117816 --> testing fail

Test environment and result as below:

+-------------------------------+--------------+----------------+
|          Environment          | lpm_autotest | dpdk_unit_test |
+===============================+==============+================+
| Ubuntu 20.04 ARM SVE          | FAIL         | SKIPPED        |
+-------------------------------+--------------+----------------+
| Ubuntu 20.04 ARM Clang Native | SKIPPED      | PASS           |
+-------------------------------+--------------+----------------+
| Ubuntu 20.04 ARM GCC Native   | SKIPPED      | PASS           |
+-------------------------------+--------------+----------------+

==== 20 line log output for Ubuntu 20.04 ARM SVE (lpm_autotest): ====
The Meson build system
Version: 0.49.2
Source dir: /home-local/jenkins-local/jenkins-agent/workspace/Generic-Unit-Test-DPDK/dpdk
Build dir: /home-local/jenkins-local/jenkins-agent/workspace/Generic-Unit-Test-DPDK/dpdk/build
Build type: native build
Program cat found: YES (/usr/bin/cat)

meson.build:4:0: ERROR:  Meson version is 0.49.2 but project requires >= 0.53.2.

A full log can be found at /home-local/jenkins-local/jenkins-agent/workspace/Generic-Unit-Test-DPDK/dpdk/build/meson-logs/meson-log.txt
==== End log output ====

Ubuntu 20.04 ARM SVE
	Kernel: 5.4.0-80-generic
	Compiler: gcc 10.3.0 (Ubuntu 10.3.0-1ubuntu1~20.04)

Ubuntu 20.04 ARM Clang Native
	Kernel: 5.4.0-53-generic
	Compiler: clang 10.0.0-4ubuntu1

Ubuntu 20.04 ARM GCC Native
	Kernel: 5.4.0-53-generic
	Compiler: gcc 9.3

To view detailed results, visit:
https://lab.dpdk.org/results/dashboard/patchsets/23865/

UNH-IOL DPDK Community Lab

To manage your email subscriptions, visit: 
https://lab.dpdk.org/results/dashboard/preferences/subscriptions/


More information about the test-report mailing list