|FAILURE| pw118073-118074 [PATCH] [2/2] build: export dpdk_includes for subproject usage.

dpdklab at iol.unh.edu dpdklab at iol.unh.edu
Wed Oct 12 17:48:52 CEST 2022


Test-Label: iol-x86_64-unit-testing
Test-Status: FAILURE
http://dpdk.org/patch/118074

_Testing issues_

Submitter: Markus Theil <markus.theil at tu-ilmenau.de>
Date: Wednesday, October 12 2022 14:47:04 
DPDK git baseline: Repo:dpdk
  Branch: master
  CommitID:a74b1b25136a592c275afbfa6b70771469750aee

118073-118074 --> testing fail

Test environment and result as below:

+---------------------+----------------+
|     Environment     | dpdk_unit_test |
+=====================+================+
| openSUSE Leap 15    | FAIL           |
+---------------------+----------------+
| Windows Server 2019 | FAIL           |
+---------------------+----------------+
| RHEL 7              | PASS           |
+---------------------+----------------+
| Fedora 33           | PASS           |
+---------------------+----------------+
| Fedora 31           | PASS           |
+---------------------+----------------+
| Ubuntu 20.04        | PASS           |
+---------------------+----------------+
| Fedora 34           | PASS           |
+---------------------+----------------+
| Fedora 32           | PASS           |
+---------------------+----------------+
| RHEL8               | PASS           |
+---------------------+----------------+
| Ubuntu 18.04        | PASS           |
+---------------------+----------------+
| Fedora 34 clang     | PASS           |
+---------------------+----------------+

==== 20 line log output for Windows Server 2019 (dpdk_unit_test): ====
 C o m p i l e r   f o r   C   s u p p o r t s   a r g u m e n t s   - D _ X O P E N _ S O U R C E = 6 0 0 :   Y E S   ( c a c h e d ) 
 
 C o m p i l e r   f o r   C   s u p p o r t s   a r g u m e n t s   - W n o - u n u s e d - p a r a m e t e r :   Y E S   ( c a c h e d ) 
 
 C o m p i l e r   f o r   C   s u p p o r t s   a r g u m e n t s   - W n o - u n u s e d - v a l u e :   Y E S   ( c a c h e d ) 
 
 C o m p i l e r   f o r   C   s u p p o r t s   a r g u m e n t s   - W n o - s t r i c t - a l i a s i n g :   Y E S   ( c a c h e d ) 
 
 C o m p i l e r   f o r   C   s u p p o r t s   a r g u m e n t s   - W n o - f o r m a t - e x t r a - a r g s :   Y E S   
 
 M e s s a g e :   d r i v e r s / n e t / v m x n e t 3 :   D e f i n i n g   d e p e n d e n c y   " n e t _ v m x n e t 3 " 
 
 C o m p i l e r   f o r   C   s u p p o r t s   a r g u m e n t s   - s t d = c 1 1 :   Y E S   ( c a c h e d ) 
 
 C o m p i l e r   f o r   C   s u p p o r t s   a r g u m e n t s   - W n o - s t r i c t - p r o t o t y p e s :   Y E S   ( c a c h e d ) 
 
 C o m p i l e r   f o r   C   s u p p o r t s   a r g u m e n t s   - D _ B S D _ S O U R C E :   Y E S   ( c a c h e d ) 
 
 C o m p i l e r   f o r   C   s u p p o r t s   a r g u m e n t s   - D _ D E F A U L T _ S O U R C E :   Y E S   ( c a c h e d ) 
 
 C o m p i l e r   f o r   C   s u p p o r t s   a r g u m e n t s   - D _ X O P E N _ S O U R C E = 6 0 0 :   Y E S   ( c a c h e d ) 
 
 M e s s a g e :   d r i v e r s / c r y p t o / m l x 5 :   D e f i n i n g   d e p e n d e n c y   " c r y p t o _ m l x 5 " 
 
 
 
 a p p \ m e s o n . b u i l d : 7 5 : 4 :   E R R O R :   U n k n o w n   v a r i a b l e   " d e p _ o b j s " . 
 
 
 
 A   f u l l   l o g   c a n   b e   f o u n d   a t   C : \ U s e r s \ b u i l d e r \ j e n k i n s \ w o r k s p a c e \ G e n e r i c - V M - U n i t - T e s t - D P D K \ d p d k \ b u i l d \ m e s o n - l o g s \ m e s o n - l o g . t x t 
 
 n i n j a :   E n t e r i n g   d i r e c t o r y   ` b u i l d ' 
 
 
 
 E R R O R :   N o   s u c h   b u i l d   d a t a   f i l e   a s   " ' C : \ \ U s e r s \ \ b u i l d e r \ \ j e n k i n s \ \ w o r k s p a c e \ \ G e n e r i c - V M - U n i t - T e s t - D P D K \ \ d p d k \ \ b u i l d \ \ m e s o n - p r i v a t e \ \ b u i l d . d a t ' " . 
 
 
==== End log output ====

openSUSE Leap 15
	Kernel: 4.18.0-240.10.1.el8_3.x86_64
	Compiler: gcc 7.5.0

Windows Server 2019
	Kernel: 10.0
	Compiler: clang 14.0 and gcc 8.1.0 (MinGW)

RHEL 7
	Kernel: 4.18.0-240.10.1.el8_3.x86_64
	Compiler: gcc 4.8.5 20150623 (Red Hat 4.8.5-44)

Fedora 33
	Kernel: 5.4.0-72-generic
	Compiler: gcc 10.3.1 20210422 (Red Hat 10.3.1-1)

Fedora 31
	Kernel: 4.18.0-240.10.1.el8_3.x86_64
	Compiler: gcc 9.3.1

Ubuntu 20.04
	Kernel: 4.18.0-240.10.1.el8_3.x86_64
	Compiler: gcc 9.3.0-17ubuntu1~20.04

Fedora 34
	Kernel: 5.4.0-72-generic
	Compiler: gcc 11.1.1 20210428 (Red Hat 11.1.1-1)

Fedora 32
	Kernel: 4.18.0-240.10.1.el8_3.x86_64
	Compiler: gcc 10.2.1

RHEL8
	Kernel: 4.18.0-240.10.1.el8_3.x86_64
	Compiler: gcc 8.3.1 20191121 (Red Hat 8.3.1-5)

Ubuntu 18.04
	Kernel: 4.18.0-240.10.1.el8_3.x86_64
	Compiler: gcc 7.5.0-3ubuntu1~18.04

Fedora 34 clang
	Kernel: 5.4.0-72-generic
	Compiler: clang 12.0.0 (Fedora 12.0.0-0.3.rc1.fc34)

To view detailed results, visit:
https://lab.dpdk.org/results/dashboard/patchsets/23964/

UNH-IOL DPDK Community Lab

To manage your email subscriptions, visit: 
https://lab.dpdk.org/results/dashboard/preferences/subscriptions/


More information about the test-report mailing list