|FAILURE| pw118119 [PATCH] eventdev: increase xstats ID width to 64 bits
dpdklab at iol.unh.edu
dpdklab at iol.unh.edu
Thu Oct 13 12:17:22 CEST 2022
Test-Label: iol-aarch64-compile-testing
Test-Status: FAILURE
http://dpdk.org/patch/118119
_Testing issues_
Submitter: Pavan Nikhilesh Bhagavatula <pbhagavatula at marvell.com>
Date: Thursday, October 13 2022 09:23:42
DPDK git baseline: Repo:dpdk
Branch: master
CommitID:a74b1b25136a592c275afbfa6b70771469750aee
118119 --> testing fail
Test environment and result as below:
+----------------------------------------+--------------------+
| Environment | dpdk_meson_compile |
+========================================+====================+
| Ubuntu 20.04 ARM Clang Native | PASS |
+----------------------------------------+--------------------+
| Ubuntu 20.04 ARM GCC Native | PASS |
+----------------------------------------+--------------------+
| Ubuntu 20.04 aarch32 GCC Cross Compile | FAIL |
+----------------------------------------+--------------------+
| Ubuntu 20.04 ARM SVE | PASS |
+----------------------------------------+--------------------+
| Ubuntu 20.04 ARM Clang Cross Compile | PASS |
+----------------------------------------+--------------------+
| Ubuntu 20.04 ARM GCC Cross Compile | PASS |
+----------------------------------------+--------------------+
==== 20 line log output for Ubuntu 20.04 aarch32 GCC Cross Compile (dpdk_meson_compile): ====
[1842/2385] Compiling C object 'drivers/a715181@@rte_event_dpaa2 at sha/meson-generated_.._rte_event_dpaa2.pmd.c.o'.
[1843/2385] Compiling C object 'drivers/a715181@@rte_event_dpaa2 at sta/meson-generated_.._rte_event_dpaa2.pmd.c.o'.
[1844/2385] Linking static target drivers/librte_event_dpaa2.a.
[1845/2385] Generating rte_event_dpaa2.sym_chk with a meson_exe.py custom command.
[1846/2385] Generating rte_event_dpaa2_def with a custom command.
[1847/2385] Compiling C object 'drivers/a715181@@tmp_rte_event_dsw at sta/event_dsw_dsw_xstats.c.o'.
FAILED: drivers/a715181@@tmp_rte_event_dsw at sta/event_dsw_dsw_xstats.c.o
ccache arm-linux-gnueabihf-gcc -Idrivers/a715181@@tmp_rte_event_dsw at sta -Idrivers -I../drivers -Idrivers/event/dsw -I../drivers/event/dsw -Ilib/eventdev -I../lib/eventdev -I. -I../ -Iconfig -I../config -Ilib/eal/include -I../lib/eal/include -Ilib/eal/linux/include -I../lib/eal/linux/include -Ilib/eal/arm/include -I../lib/eal/arm/include -Ilib/eal/common -I../lib/eal/common -Ilib/eal -I../lib/eal -Ilib/kvargs -I../lib/kvargs -Ilib/telemetry/../metrics -I../lib/telemetry/../metrics -Ilib/telemetry -I../lib/telemetry -Ilib/ring -I../lib/ring -Ilib/ethdev -I../lib/ethdev -Ilib/net -I../lib/net -Ilib/mbuf -I../lib/mbuf -Ilib/mempool -I../lib/mempool -Ilib/meter -I../lib/meter -Ilib/hash -I../lib/hash -Ilib/rcu -I../lib/rcu -Ilib/timer -I../lib/timer -Ilib/cryptodev -I../lib/cryptodev -Idrivers/bus/vdev -I../drivers/bus/vdev -fdiagnostics-color=always -pipe -D_FILE_OFFSET_BITS=64 -Wall -Winvalid-pch -Wextra -Werror -O3 -include rte_config.h -Wcast-qual -Wdeprecated -Wformat -Wformat-nonliteral -Wformat-security -Wmissing-declarations -Wmissing-prototypes -Wnested-externs -Wold-style-definition -Wpointer-arith -Wsign-compare -Wstrict-prototypes -Wundef -Wwrite-strings -Wno-address-of-packed-member -Wno-packed-not-aligned -Wno-missing-field-initializers -Wno-pointer-to-int-cast -D_GNU_SOURCE -fPIC -march=armv8-a -mfpu=neon -DALLOW_EXPERIMENTAL_API -DALLOW_INTERNAL_API -Wno-format-truncation -Wno-format-nonliteral -DRTE_LOG_DEFAULT_LOGTYPE=pmd.event.dsw -MD -MQ 'drivers/a715181@@tmp_rte_event_dsw at sta/event_dsw_dsw_xstats.c.o' -MF 'drivers/a715181@@tmp_rte_event_dsw at sta/event_dsw_dsw_xstats.c.o.d' -o 'drivers/a715181@@tmp_rte_event_dsw at sta/event_dsw_dsw_xstats.c.o' -c ../drivers/event/dsw/dsw_xstats.c
../drivers/event/dsw/dsw_xstats.c: In function 'dsw_xstats_port_get':
../drivers/event/dsw/dsw_xstats.c:19:39: error: left shift count >= width of type [-Werror=shift-count-overflow]
19 | #define DSW_XSTATS_ID_STAT_MASK ((1UL << DSW_XSTATS_ID_STAT_BITS) - 1)
| ^~
../drivers/event/dsw/dsw_xstats.c:25:10: note: in expansion of macro 'DSW_XSTATS_ID_STAT_MASK'
25 | ((id) & DSW_XSTATS_ID_STAT_MASK)
| ^~~~~~~~~~~~~~~~~~~~~~~
../drivers/event/dsw/dsw_xstats.c:301:27: note: in expansion of macro 'DSW_XSTATS_ID_GET_STAT'
301 | unsigned int stat_idx = DSW_XSTATS_ID_GET_STAT(id);
| ^~~~~~~~~~~~~~~~~~~~~~
cc1: all warnings being treated as errors
ninja: build stopped: subcommand failed.
==== End log output ====
Ubuntu 20.04 ARM Clang Native
Kernel: 5.4.0-53-generic
Compiler: clang 10.0.0-4ubuntu1
Ubuntu 20.04 ARM GCC Native
Kernel: 5.4.0-53-generic
Compiler: gcc 9.3
Ubuntu 20.04 aarch32 GCC Cross Compile
Kernel: 5.4.0-72-generic
Compiler: gcc 9.3.0
Ubuntu 20.04 ARM SVE
Kernel: 5.4.0-80-generic
Compiler: gcc 10.3.0 (Ubuntu 10.3.0-1ubuntu1~20.04)
Ubuntu 20.04 ARM Clang Cross Compile
Kernel: 5.4.0-72-generic
Compiler: clang version 10.0.0-4ubuntu1
Ubuntu 20.04 ARM GCC Cross Compile
Kernel: 5.4.0-72-generic
Compiler: aarch64-linux-gnu-gcc (Ubuntu 9.3.0-17ubuntu1~20.04) 9.3.0
To view detailed results, visit:
https://lab.dpdk.org/results/dashboard/patchsets/23977/
UNH-IOL DPDK Community Lab
To manage your email subscriptions, visit:
https://lab.dpdk.org/results/dashboard/preferences/subscriptions/
More information about the test-report
mailing list