|FAILURE| pw118361-118375 [PATCH] [v3, 15/15] net/idpf: add support for timestamp offload

dpdklab at iol.unh.edu dpdklab at iol.unh.edu
Tue Oct 18 19:45:00 CEST 2022


Test-Label: iol-x86_64-compile-testing
Test-Status: FAILURE
http://dpdk.org/patch/118375

_Testing issues_

Submitter: Junfeng Guo <junfeng.guo at intel.com>
Date: Tuesday, October 18 2022 11:12:45 
DPDK git baseline: Repo:dpdk
  Branch: master
  CommitID:a74b1b25136a592c275afbfa6b70771469750aee

118361-118375 --> testing fail

Test environment and result as below:

+---------------------+--------------------+----------------------+
|     Environment     | dpdk_meson_compile | dpdk_mingw64_compile |
+=====================+====================+======================+
| Windows Server 2019 | FAIL               | FAIL                 |
+---------------------+--------------------+----------------------+
| FreeBSD 13          | FAIL               | SKIPPED              |
+---------------------+--------------------+----------------------+
| RHEL 7              | FAIL               | SKIPPED              |
+---------------------+--------------------+----------------------+
| Fedora 34 clang     | FAIL               | SKIPPED              |
+---------------------+--------------------+----------------------+
| Fedora 33           | PASS               | SKIPPED              |
+---------------------+--------------------+----------------------+
| RHEL8               | PASS               | SKIPPED              |
+---------------------+--------------------+----------------------+
| Ubuntu 18.04        | PASS               | SKIPPED              |
+---------------------+--------------------+----------------------+
| Fedora 32           | PASS               | SKIPPED              |
+---------------------+--------------------+----------------------+
| Ubuntu 20.04        | PASS               | SKIPPED              |
+---------------------+--------------------+----------------------+
| openSUSE Leap 15    | PASS               | SKIPPED              |
+---------------------+--------------------+----------------------+
| Fedora 31           | PASS               | SKIPPED              |
+---------------------+--------------------+----------------------+
| Fedora 34           | PASS               | SKIPPED              |
+---------------------+--------------------+----------------------+

==== 20 line log output for Fedora 34 clang (dpdk_meson_compile): ====
[628/3548] Generating symbol file 'drivers/a715181@@rte_common_cpt at sha/librte_common_cpt.so.23.0.symbols'.
[629/3548] Compiling C object 'drivers/a715181@@tmp_rte_common_dpaax at sta/common_dpaax_caamflib.c.o'.
[630/3548] Compiling C object 'drivers/a715181@@tmp_rte_common_dpaax at sta/common_dpaax_dpaa_of.c.o'.
[631/3548] Linking static target drivers/libtmp_rte_common_dpaax.a.
[632/3548] Generating rte_common_dpaax.pmd.c with a custom command.
[633/3548] Compiling C object 'drivers/a715181@@rte_common_dpaax at sta/meson-generated_.._rte_common_dpaax.pmd.c.o'.
[634/3548] Generating rte_common_dpaax_def with a custom command.
[635/3548] Linking static target drivers/librte_common_dpaax.a.
[636/3548] Generating rte_common_dpaax.sym_chk with a meson_exe.py custom command.
[637/3548] Compiling C object 'drivers/a715181@@rte_common_dpaax at sha/meson-generated_.._rte_common_dpaax.pmd.c.o'.
[638/3548] Compiling C object 'drivers/a715181@@tmp_rte_common_iavf at sta/common_iavf_iavf_adminq.c.o'.
[639/3548] Linking target drivers/librte_common_dpaax.so.23.0.
[640/3548] Generating symbol file 'drivers/a715181@@rte_common_dpaax at sha/librte_common_dpaax.so.23.0.symbols'.
[641/3548] Compiling C object 'drivers/a715181@@tmp_rte_common_iavf at sta/common_iavf_iavf_common.c.o'.
[642/3548] Compiling C object 'drivers/a715181@@tmp_rte_common_iavf at sta/common_iavf_iavf_impl.c.o'.
[643/3548] Compiling C object 'drivers/a715181@@tmp_rte_common_idpf at sta/common_idpf_idpf_controlq.c.o'.
FAILED: drivers/a715181@@tmp_rte_common_idpf at sta/common_idpf_idpf_controlq.c.o
clang -Idrivers/a715181@@tmp_rte_common_idpf at sta -Idrivers -I../drivers -Idrivers/common/idpf -I../drivers/common/idpf -I. -I../ -Iconfig -I../config -Ilib/eal/include -I../lib/eal/include -Ilib/eal/linux/include -I../lib/eal/linux/include -Ilib/eal/x86/include -I../lib/eal/x86/include -Ilib/eal/common -I../lib/eal/common -Ilib/eal -I../lib/eal -Ilib/kvargs -I../lib/kvargs -Ilib/telemetry/../metrics -I../lib/telemetry/../metrics -Ilib/telemetry -I../lib/telemetry -Xclang -fcolor-diagnostics -pipe -D_FILE_OFFSET_BITS=64 -Wall -Winvalid-pch -Wextra -Werror -O3 -include rte_config.h -Wcast-qual -Wdeprecated -Wformat -Wformat-nonliteral -Wformat-security -Wmissing-declarations -Wmissing-prototypes -Wnested-externs -Wold-style-definition -Wpointer-arith -Wsign-compare -Wstrict-prototypes -Wundef -Wwrite-strings -Wno-address-of-packed-member -Wno-missing-field-initializers -D_GNU_SOURCE -fPIC -march=native -DALLOW_EXPERIMENTAL_API -DALLOW_INTERNAL_API -Wno-unused-value -Wno-unused-but-set-variable -Wno-unused-variable -Wno-unused-parameter -Wno-implicit-fallthrough -Wno-strict-aliasing -DRTE_LOG_DEFAULT_LOGTYPE=pmd.common.idpf -MD -MQ 'drivers/a715181@@tmp_rte_common_idpf at sta/common_idpf_idpf_controlq.c.o' -MF 'drivers/a715181@@tmp_rte_common_idpf at sta/common_idpf_idpf_controlq.c.o.d' -o 'drivers/a715181@@tmp_rte_common_idpf at sta/common_idpf_idpf_controlq.c.o' -c ../drivers/common/idpf/idpf_controlq.c
error: unknown warning option '-Wno-unused-but-set-variable'; did you mean '-Wno-unused-const-variable'? [-Werror,-Wunknown-warning-option]
ninja: build stopped: subcommand failed.
==== End log output ====

Windows Server 2019
	Kernel: 10.0
	Compiler: clang 14.0 and gcc 8.1.0 (MinGW)

FreeBSD 13
	Kernel: 13.0
	Compiler: clang 11.0.1

RHEL 7
	Kernel: 4.18.0-240.10.1.el8_3.x86_64
	Compiler: gcc 4.8.5 20150623 (Red Hat 4.8.5-44)

Fedora 34 clang
	Kernel: 5.4.0-72-generic
	Compiler: clang 12.0.0 (Fedora 12.0.0-0.3.rc1.fc34)

Fedora 33
	Kernel: 5.4.0-72-generic
	Compiler: gcc 10.3.1 20210422 (Red Hat 10.3.1-1)

RHEL8
	Kernel: 4.18.0-240.10.1.el8_3.x86_64
	Compiler: gcc 8.3.1 20191121 (Red Hat 8.3.1-5)

Ubuntu 18.04
	Kernel: 4.18.0-240.10.1.el8_3.x86_64
	Compiler: gcc 7.5.0-3ubuntu1~18.04

Fedora 32
	Kernel: 4.18.0-240.10.1.el8_3.x86_64
	Compiler: gcc 10.2.1

Ubuntu 20.04
	Kernel: 4.18.0-240.10.1.el8_3.x86_64
	Compiler: gcc 9.3.0-17ubuntu1~20.04

openSUSE Leap 15
	Kernel: 4.18.0-240.10.1.el8_3.x86_64
	Compiler: gcc 7.5.0

Fedora 31
	Kernel: 4.18.0-240.10.1.el8_3.x86_64
	Compiler: gcc 9.3.1

Fedora 34
	Kernel: 5.4.0-72-generic
	Compiler: gcc 11.1.1 20210428 (Red Hat 11.1.1-1)

To view detailed results, visit:
https://lab.dpdk.org/results/dashboard/patchsets/24050/

UNH-IOL DPDK Community Lab

To manage your email subscriptions, visit: 
https://lab.dpdk.org/results/dashboard/preferences/subscriptions/


More information about the test-report mailing list