|FAILURE| pw118543-118556 [PATCH] [v5, 14/14] net/idpf: add support for timestamp offload

dpdklab at iol.unh.edu dpdklab at iol.unh.edu
Wed Oct 19 22:15:33 CEST 2022


Test-Label: iol-aarch64-compile-testing
Test-Status: FAILURE
http://dpdk.org/patch/118556

_Testing issues_

Submitter: Junfeng Guo <junfeng.guo at intel.com>
Date: Wednesday, October 19 2022 11:03:34 
DPDK git baseline: Repo:dpdk
  Branch: master
  CommitID:a74b1b25136a592c275afbfa6b70771469750aee

118543-118556 --> testing fail

Test environment and result as below:

+----------------------------------------+--------------------+
|              Environment               | dpdk_meson_compile |
+========================================+====================+
| Ubuntu 20.04 ARM GCC Native            | PASS               |
+----------------------------------------+--------------------+
| Ubuntu 20.04 ARM Clang Cross Compile   | FAIL               |
+----------------------------------------+--------------------+
| Ubuntu 20.04 ARM Clang Native          | FAIL               |
+----------------------------------------+--------------------+
| Ubuntu 20.04 aarch32 GCC Cross Compile | PASS               |
+----------------------------------------+--------------------+
| Ubuntu 20.04 ARM GCC Cross Compile     | PASS               |
+----------------------------------------+--------------------+
| Ubuntu 20.04 ARM SVE                   | PASS               |
+----------------------------------------+--------------------+

==== 20 line log output for Ubuntu 20.04 ARM Clang Native (dpdk_meson_compile): ====
[509/3519] Generating lib/sched.sym_chk with a custom command (wrapped by meson to capture output)
[510/3519] Generating lib/dmadev.sym_chk with a custom command (wrapped by meson to capture output)
[511/3519] Generating lib/bbdev.sym_chk with a custom command (wrapped by meson to capture output)
[512/3519] Generating lib/hash.sym_chk with a custom command (wrapped by meson to capture output)
[513/3519] Generating lib/port.sym_chk with a custom command (wrapped by meson to capture output)
[514/3519] Generating lib/regexdev.sym_chk with a custom command (wrapped by meson to capture output)
[515/3519] Generating lib/mempool.sym_chk with a custom command (wrapped by meson to capture output)
[516/3519] Generating lib/gpudev.sym_chk with a custom command (wrapped by meson to capture output)
[517/3519] Generating lib/compressdev.sym_chk with a custom command (wrapped by meson to capture output)
[518/3519] Generating lib/table.sym_chk with a custom command (wrapped by meson to capture output)
[519/3519] Generating lib/cmdline.sym_chk with a custom command (wrapped by meson to capture output)
[520/3519] Generating lib/power.sym_chk with a custom command (wrapped by meson to capture output)
[521/3519] Generating lib/graph.sym_chk with a custom command (wrapped by meson to capture output)
[522/3519] Generating lib/vhost.sym_chk with a custom command (wrapped by meson to capture output)
[523/3519] Generating lib/eventdev.sym_chk with a custom command (wrapped by meson to capture output)
[524/3519] Generating lib/cryptodev.sym_chk with a custom command (wrapped by meson to capture output)
[525/3519] Generating lib/pipeline.sym_chk with a custom command (wrapped by meson to capture output)
[526/3519] Generating lib/ethdev.sym_chk with a custom command (wrapped by meson to capture output)
[527/3519] Generating lib/eal.sym_chk with a custom command (wrapped by meson to capture output)
ninja: build stopped: subcommand failed.
==== End log output ====

Ubuntu 20.04 ARM GCC Native
	Kernel: 5.4.0-53-generic
	Compiler: gcc 9.3

Ubuntu 20.04 ARM Clang Cross Compile
	Kernel: 5.4.0-72-generic
	Compiler: clang version 10.0.0-4ubuntu1

Ubuntu 20.04 ARM Clang Native
	Kernel: 5.4.0-53-generic
	Compiler: clang 10.0.0-4ubuntu1

Ubuntu 20.04 aarch32 GCC Cross Compile
	Kernel: 5.4.0-72-generic
	Compiler: gcc 9.3.0

Ubuntu 20.04 ARM GCC Cross Compile
	Kernel: 5.4.0-72-generic
	Compiler: aarch64-linux-gnu-gcc (Ubuntu 9.3.0-17ubuntu1~20.04) 9.3.0

Ubuntu 20.04 ARM SVE
	Kernel: 5.4.0-80-generic
	Compiler: gcc 10.3.0 (Ubuntu 10.3.0-1ubuntu1~20.04)

To view detailed results, visit:
https://lab.dpdk.org/results/dashboard/patchsets/24067/

UNH-IOL DPDK Community Lab

To manage your email subscriptions, visit: 
https://lab.dpdk.org/results/dashboard/preferences/subscriptions/


More information about the test-report mailing list