|FAILURE| pw118704-118717 [PATCH] [v7, 14/14] net/idpf: add support for timestamp offload

dpdklab at iol.unh.edu dpdklab at iol.unh.edu
Thu Oct 20 05:29:29 CEST 2022


Test-Label: iol-x86_64-unit-testing
Test-Status: FAILURE
http://dpdk.org/patch/118717

_Testing issues_

Submitter: Junfeng Guo <junfeng.guo at intel.com>
Date: Thursday, October 20 2022 02:41:35 
DPDK git baseline: Repo:dpdk
  Branch: master
  CommitID:a74b1b25136a592c275afbfa6b70771469750aee

118704-118717 --> testing fail

Test environment and result as below:

+---------------------+----------------+
|     Environment     | dpdk_unit_test |
+=====================+================+
| Windows Server 2019 | FAIL           |
+---------------------+----------------+
| Ubuntu 18.04        | PASS           |
+---------------------+----------------+
| Fedora 32           | PASS           |
+---------------------+----------------+
| openSUSE Leap 15    | PASS           |
+---------------------+----------------+
| Ubuntu 20.04        | PASS           |
+---------------------+----------------+
| Fedora 31           | PASS           |
+---------------------+----------------+
| RHEL8               | PASS           |
+---------------------+----------------+
| RHEL 7              | PASS           |
+---------------------+----------------+
| Fedora 33           | PASS           |
+---------------------+----------------+
| Fedora 34           | PASS           |
+---------------------+----------------+
| Fedora 34 clang     | PASS           |
+---------------------+----------------+

==== 20 line log output for Windows Server 2019 (dpdk_unit_test): ====
 I n   f i l e   i n c l u d e d   f r o m   . . \ d r i v e r s \ c o m m o n \ i d p f / i d p f _ c o n t r o l q . h : 1 3 : 
 
 . . \ d r i v e r s \ c o m m o n \ i d p f / i d p f _ o s d e p . h : 3 9 : 1 4 :   e r r o r :   f o r w a r d   r e f e r e n c e s   t o   ' e n u m '   t y p e s   a r e   a   M i c r o s o f t   e x t e n s i o n   [ - W e r r o r , - W m i c r o s o f t - e n u m - f o r w a r d - r e f e r e n c e ] 
 
 t y p e d e f   e n u m   i d p f _ s t a t u s   i d p f _ s t a t u s ; 
 
                           ^ 
 
 1   e r r o r   g e n e r a t e d . 
 
 [ 5 / 4 9 6 ]   C o m p i l i n g   C   o b j e c t   l i b / l i b r t e _ t e l e m e t r y . a . p / t e l e m e t r y _ t e l e m e t r y _ d a t a . c . o b j 
 
 [ 6 / 4 9 6 ]   C o m p i l i n g   C   o b j e c t   l i b / l i b r t e _ t e l e m e t r y . a . p / t e l e m e t r y _ t e l e m e t r y . c . o b j 
 
 [ 7 / 4 9 6 ]   C o m p i l i n g   C   o b j e c t   d r i v e r s / l i b t m p _ r t e _ c o m m o n _ i d p f . a . p / c o m m o n _ i d p f _ i d p f _ c o n t r o l q . c . o b j 
 
 F A I L E D :   d r i v e r s / l i b t m p _ r t e _ c o m m o n _ i d p f . a . p / c o m m o n _ i d p f _ i d p f _ c o n t r o l q . c . o b j   
 
 " c l a n g "   " - I d r i v e r s \ l i b t m p _ r t e _ c o m m o n _ i d p f . a . p "   " - I d r i v e r s "   " - I . . \ d r i v e r s "   " - I d r i v e r s \ c o m m o n \ i d p f "   " - I . . \ d r i v e r s \ c o m m o n \ i d p f "   " - I . "   " - I . . "   " - I c o n f i g "   " - I . . \ c o n f i g "   " - I l i b \ e a l \ i n c l u d e "   " - I . . \ l i b \ e a l \ i n c l u d e "   " - I l i b \ e a l \ w i n d o w s \ i n c l u d e "   " - I . . \ l i b \ e a l \ w i n d o w s \ i n c l u d e "   " - I l i b \ e a l \ x 8 6 \ i n c l u d e "   " - I . . \ l i b \ e a l \ x 8 6 \ i n c l u d e "   " - I l i b \ e a l \ c o m m o n "   " - I . . \ l i b \ e a l \ c o m m o n "   " - I l i b \ e a l "   " - I . . \ l i b \ e a l "   " - I l i b \ k v a r g s "   " - I . . \ l i b \ k v a r g s "   " - X c l a n g "   " - f c o l o r - d i a g n o s t i c s "   " - p i p e "   " - D _ F I L E _ O F F S E T _ B I T S = 6 4 "   " - W a l l "   " - W i n v a l i d - p c h "   " - W e x t r a "   " - W e r r o r "   " - O 3 "   " - i n c l u d e "   " r t e _ c o n f i g . h "   " - W c a s t - q u a l "   " - W d e p r e c a t e d "   " - W f o r m a t "   " - W f o r m a t - n o n l i t e r a l "   " - W f o r m a t - s e c u r i t y "   " - W m i s s i n g - d e c l a r a t i o n s "   " - W m i s s i n g - p r o t o t y p e s "   " - W n e s t e d - e x t e r n s "   " - W o l d - s t y l e - d e f i n i t i o n "   " - W p o i n t e r - a r i t h "   " - W s i g n - c o m p a r e "   " - W s t r i c t - p r o t o t y p e s "   " - W u n d e f "   " - W w r i t e - s t r i n g s "   " - W n o - a d d r e s s - o f - p a c k e d - m e m b e r "   " - W n o - m i s s i n g - f i e l d - i n i t i a l i z e r s "   " - D _ G N U _ S O U R C E "   " - D _ W I N 3 2 _ W I N N T = 0 x 0 A 0 0 "   " - D _ C R T _ S E C U R E _ N O _ W A R N I N G S "   " - m a r c h = n a t i v e "   " - D A L L O W _ E X P E R I M E N T A L _ A P I "   " - D A L L O W _ I N T E R N A L _ A P I "   " - W n o - u n u s e d - v a l u e "   " - W n o - u n u s e d - v a r i a b l e "   " - W n o - u n u s e d - p a r a m e t e r "   " - W n o - i m p l i c i t - f a l l t h r o u g h "   " - W n o - s t r i c t - a l i a s i n g "   " - D R T E _ L O G _ D E F A U L T _ L O G T Y P E = p m d . c o m m o n . i d p f "   - M D   - M Q   d r i v e r s / l i b t m p _ r t e _ c o m m o n _ i d p f . a . p / c o m m o n _ i d p f _ i d p f _ c o n t r o l q . c . o b j   - M F   " d r i v e r s \ l i b t m p _ r t e _ c o m m o n _ i d p f . a . p \ c o m m o n _ i d p f _ i d p f _ c o n t r o l q . c . o b j . d "   - o   d r i v e r s / l i b t m p _ r t e _ c o m m o n _ i d p f . a . p / c o m m o n _ i d p f _ i d p f _ c o n t r o l q . c . o b j   " - c "   . . / d r i v e r s / c o m m o n / i d p f / i d p f _ c o n t r o l q . c 
 
 I n   f i l e   i n c l u d e d   f r o m   . . / d r i v e r s / c o m m o n / i d p f / i d p f _ c o n t r o l q . c : 5 : 
 
 I n   f i l e   i n c l u d e d   f r o m   . . \ d r i v e r s \ c o m m o n \ i d p f / i d p f _ c o n t r o l q . h : 1 3 : 
 
 . . \ d r i v e r s \ c o m m o n \ i d p f / i d p f _ o s d e p . h : 3 9 : 1 4 :   e r r o r :   f o r w a r d   r e f e r e n c e s   t o   ' e n u m '   t y p e s   a r e   a   M i c r o s o f t   e x t e n s i o n   [ - W e r r o r , - W m i c r o s o f t - e n u m - f o r w a r d - r e f e r e n c e ] 
 
 t y p e d e f   e n u m   i d p f _ s t a t u s   i d p f _ s t a t u s ; 
 
                           ^ 
 
 1   e r r o r   g e n e r a t e d . 
 
 [ 8 / 4 9 6 ]   G e n e r a t i n g   r t e _ c o m m o n _ i a v f . p m d . c   w i t h   a   c u s t o m   c o m m a n d   ( w r a p p e d   b y   m e s o n   t o   s e t   P A T H ) 
 
 n i n j a :   b u i l d   s t o p p e d :   s u b c o m m a n d   f a i l e d . 
 
 C o u l d   n o t   r e b u i l d   C : \ U s e r s \ b u i l d e r \ j e n k i n s \ w o r k s p a c e \ G e n e r i c - V M - U n i t - T e s t - D P D K \ d p d k \ b u i l d 
 
 
==== End log output ====

Windows Server 2019
	Kernel: 10.0
	Compiler: clang 14.0 and gcc 8.1.0 (MinGW)

Ubuntu 18.04
	Kernel: 4.18.0-240.10.1.el8_3.x86_64
	Compiler: gcc 7.5.0-3ubuntu1~18.04

Fedora 32
	Kernel: 4.18.0-240.10.1.el8_3.x86_64
	Compiler: gcc 10.2.1

openSUSE Leap 15
	Kernel: 4.18.0-240.10.1.el8_3.x86_64
	Compiler: gcc 7.5.0

Ubuntu 20.04
	Kernel: 4.18.0-240.10.1.el8_3.x86_64
	Compiler: gcc 9.3.0-17ubuntu1~20.04

Fedora 31
	Kernel: 4.18.0-240.10.1.el8_3.x86_64
	Compiler: gcc 9.3.1

RHEL8
	Kernel: 4.18.0-240.10.1.el8_3.x86_64
	Compiler: gcc 8.3.1 20191121 (Red Hat 8.3.1-5)

RHEL 7
	Kernel: 4.18.0-240.10.1.el8_3.x86_64
	Compiler: gcc 4.8.5 20150623 (Red Hat 4.8.5-44)

Fedora 33
	Kernel: 5.4.0-72-generic
	Compiler: gcc 10.3.1 20210422 (Red Hat 10.3.1-1)

Fedora 34
	Kernel: 5.4.0-72-generic
	Compiler: gcc 11.1.1 20210428 (Red Hat 11.1.1-1)

Fedora 34 clang
	Kernel: 5.4.0-72-generic
	Compiler: clang 12.0.0 (Fedora 12.0.0-0.3.rc1.fc34)

To view detailed results, visit:
https://lab.dpdk.org/results/dashboard/patchsets/24092/

UNH-IOL DPDK Community Lab

To manage your email subscriptions, visit: 
https://lab.dpdk.org/results/dashboard/preferences/subscriptions/


More information about the test-report mailing list