|FAILURE| pw118754 [PATCH] app/test: add support to run multi-seg inline IPsec test

dpdklab at iol.unh.edu dpdklab at iol.unh.edu
Thu Oct 20 09:40:31 CEST 2022


Test-Label: iol-x86_64-unit-testing
Test-Status: FAILURE
http://dpdk.org/patch/118754

_Testing issues_

Submitter: Nithin Dabilpuram <ndabilpuram at marvell.com>
Date: Thursday, October 20 2022 06:46:48 
DPDK git baseline: Repo:dpdk
  Branch: master
  CommitID:a74b1b25136a592c275afbfa6b70771469750aee

118754 --> testing fail

Test environment and result as below:

+---------------------+----------------+
|     Environment     | dpdk_unit_test |
+=====================+================+
| Windows Server 2019 | FAIL           |
+---------------------+----------------+
| Ubuntu 20.04        | PASS           |
+---------------------+----------------+
| Fedora 31           | PASS           |
+---------------------+----------------+
| Fedora 34           | PASS           |
+---------------------+----------------+
| Ubuntu 18.04        | PASS           |
+---------------------+----------------+
| Fedora 32           | PASS           |
+---------------------+----------------+
| RHEL 7              | PASS           |
+---------------------+----------------+
| RHEL8               | PASS           |
+---------------------+----------------+
| Fedora 33           | PASS           |
+---------------------+----------------+
| openSUSE Leap 15    | PASS           |
+---------------------+----------------+
| Fedora 34 clang     | PASS           |
+---------------------+----------------+

==== 20 line log output for Windows Server 2019 (dpdk_unit_test): ====
 " c l a n g "   " - I a p p \ t e s t \ d p d k - t e s t . e x e . p "   " - I a p p \ t e s t "   " - I . . \ a p p \ t e s t "   " - I . "   " - I . . "   " - I c o n f i g "   " - I . . \ c o n f i g "   " - I l i b \ e a l \ i n c l u d e "   " - I . . \ l i b \ e a l \ i n c l u d e "   " - I l i b \ e a l \ w i n d o w s \ i n c l u d e "   " - I . . \ l i b \ e a l \ w i n d o w s \ i n c l u d e "   " - I l i b \ e a l \ x 8 6 \ i n c l u d e "   " - I . . \ l i b \ e a l \ x 8 6 \ i n c l u d e "   " - I l i b \ k v a r g s "   " - I . . \ l i b \ k v a r g s "   " - I l i b \ m e t r i c s "   " - I . . \ l i b \ m e t r i c s "   " - I l i b \ t e l e m e t r y "   " - I . . \ l i b \ t e l e m e t r y "   " - I l i b \ e a l \ c o m m o n "   " - I . . \ l i b \ e a l \ c o m m o n "   " - I l i b \ e a l "   " - I . . \ l i b \ e a l "   " - I l i b \ r i n g "   " - I . . \ l i b \ r i n g "   " - I l i b \ r c u "   " - I . . \ l i b \ r c u "   " - I l i b \ m e m p o o l "   " - I . . \ l i b \ m e m p o o l "   " - I l i b \ m b u f "   " - I . . \ l i b \ m b u f "   " - I l i b \ n e t "   " - I . . \ l i b \ n e t "   " - I l i b \ m e t e r "   " - I . . \ l i b \ m e t e r "   " - I l i b \ e t h d e v "   " - I . . \ l i b \ e t h d e v "   " - I l i b \ p c i "   " - I . . \ l i b \ p c i "   " - I l i b \ c m d l i n e "   " - I . . \ l i b \ c m d l i n e "   " - I l i b \ h a s h "   " - I . . \ l i b \ h a s h "   " - I l i b \ t i m e r "   " - I . . \ l i b \ t i m e r "   " - I l i b \ b i t r a t e s t a t s "   " - I . . \ l i b \ b i t r a t e s t a t s "   " - I l i b \ c f g f i l e "   " - I . . \ l i b \ c f g f i l e "   " - I l i b \ c r y p t o d e v "   " - I . . \ l i b \ c r y p t o d e v "   " - I l i b \ g p u d e v "   " - I . . \ l i b \ g p u d e v "   " - I l i b \ g r o "   " - I . . \ l i b \ g r o "   " - I l i b \ g s o "   " - I . . \ l i b \ g s o "   " - I l i b \ l a t e n c y s t a t s "   " - I . . \ l i b \ l a t e n c y s t a t s "   " - I l i b \ d m a d e v "   " - I . . \ l i b \ d m a d e v "   " - I l i b \ s e c u r i t y "   " - I . . \ l i b \ s e c u r i t y "   " - I l i b \ s t a c k "   " - I . . \ l i b \ s t a c k "   " - I d r i v e r s \ b u s \ p c i "   " - I . . \ d r i v e r s \ b u s \ p c i "   " - I . . \ d r i v e r s \ b u s \ p c i \ w i n d o w s "   " - I d r i v e r s \ b u s \ v d e v "   " - I . . \ d r i v e r s \ b u s \ v d e v "   " - I d r i v e r s \ m e m p o o l \ r i n g "   " - I . . \ d r i v e r s \ m e m p o o l \ r i n g "   " - I d r i v e r s \ m e m p o o l \ s t a c k "   " - I . . \ d r i v e r s \ m e m p o o l \ s t a c k "   " - X c l a n g "   " - f c o l o r - d i a g n o s t i c s "   " - p i p e "   " - D _ F I L E _ O F F S E T _ B I T S = 6 4 "   " - W a l l "   " - W i n v a l i d - p c h "   " - W e x t r a "   " - W e r r o r "   " - O 3 "   " - i n c l u d e "   " r t e _ c o n f i g . h "   " - W c a s t - q u a l "   " - W d e p r e c a t e d "   " - W f o r m a t "   " - W f o r m a t - n o n l i t e r a l "   " - W f o r m a t - s e c u r i t y "   " - W m i s s i n g - d e c l a r a t i o n s "   " - W m i s s i n g - p r o t o t y p e s "   " - W n e s t e d - e x t e r n s "   " - W o l d - s t y l e - d e f i n i t i o n "   " - W p o i n t e r - a r i t h "   " - W s i g n - c o m p a r e "   " - W s t r i c t - p r o t o t y p e s "   " - W u n d e f "   " - W w r i t e - s t r i n g s "   " - W n o - a d d r e s s - o f - p a c k e d - m e m b e r "   " - W n o - m i s s i n g - f i e l d - i n i t i a l i z e r s "   " - D _ G N U _ S O U R C E "   " - D _ W I N 3 2 _ W I N N T = 0 x 0 A 0 0 "   " - D _ C R T _ S E C U R E _ N O _ W A R N I N G S "   " - m a r c h = n a t i v e "   " - D A L L O W _ E X P E R I M E N T A L _ A P I "   " - f n o - s t r i c t - a l i a s i n g "   " - D A L L O W _ I N T E R N A L _ A P I "   - M D   - M Q   a p p / t e s t / d p d k - t e s t . e x e . p / t e s t _ s e c u r i t y _ i n l i n e _ p r o t o . c . o b j   - M F   " a p p \ t e s t \ d p d k - t e s t . e x e . p \ t e s t _ s e c u r i t y _ i n l i n e _ p r o t o . c . o b j . d "   - o   a p p / t e s t / d p d k - t e s t . e x e . p / t e s t _ s e c u r i t y _ i n l i n e _ p r o t o . c . o b j   " - c "   . . / a p p / t e s t / t e s t _ s e c u r i t y _ i n l i n e _ p r o t o . c 
 
 . . / a p p / t e s t / t e s t _ s e c u r i t y _ i n l i n e _ p r o t o . c : 3 0 1 8 : 4 9 :   e r r o r :   u s e   o f   u n d e c l a r e d   i d e n t i f i e r   ' t e s t _ i n l i n e _ i p s e c _ s g ' ;   d i d   y o u   m e a n   ' t e s t _ i n l i n e _ i p s e c ' ? 
 
 R E G I S T E R _ T E S T _ C O M M A N D ( i n l i n e _ i p s e c _ s g _ a u t o t e s t ,   t e s t _ i n l i n e _ i p s e c _ s g ) ; 
 
                                                                                                 ^ ~ ~ ~ ~ ~ ~ ~ ~ ~ ~ ~ ~ ~ ~ ~ ~ ~ ~ ~ 
 
                                                                                                 t e s t _ i n l i n e _ i p s e c 
 
 . . \ a p p \ t e s t / t e s t . h : 1 9 7 : 1 5 :   n o t e :   e x p a n d e d   f r o m   m a c r o   ' R E G I S T E R _ T E S T _ C O M M A N D ' 
 
                                 . c a l l b a c k   =   f u n c ,   \ 
 
                                                         ^ 
 
 . . / a p p / t e s t / t e s t _ s e c u r i t y _ i n l i n e _ p r o t o . c : 1 8 : 1 :   n o t e :   ' t e s t _ i n l i n e _ i p s e c '   d e c l a r e d   h e r e 
 
 t e s t _ i n l i n e _ i p s e c ( v o i d ) 
 
 ^ 
 
 1   e r r o r   g e n e r a t e d . 
 
 [ 4 / 2 3 ]   C o m p i l i n g   C   o b j e c t   a p p / t e s t / d p d k - t e s t . e x e . p / t e s t _ t i c k e t l o c k . c . o b j 
 
 [ 5 / 2 3 ]   C o m p i l i n g   C   o b j e c t   a p p / t e s t / d p d k - t e s t . e x e . p / t e s t _ s e c u r i t y . c . o b j 
 
 [ 6 / 2 3 ]   C o m p i l i n g   C   o b j e c t   a p p / t e s t / d p d k - t e s t . e x e . p / t e s t _ s e r v i c e _ c o r e s . c . o b j 
 
 [ 7 / 2 3 ]   C o m p i l i n g   C   o b j e c t   a p p / t e s t / d p d k - t e s t . e x e . p / t e s t _ r w l o c k . c . o b j 
 
 [ 8 / 2 3 ]   C o m p i l i n g   C   o b j e c t   a p p / t e s t / d p d k - t e s t . e x e . p / t e s t _ r i n g _ s t _ p e e k _ s t r e s s _ z c . c . o b j 
 
 n i n j a :   b u i l d   s t o p p e d :   s u b c o m m a n d   f a i l e d . 
 
 C o u l d   n o t   r e b u i l d   C : \ U s e r s \ b u i l d e r \ j e n k i n s \ w o r k s p a c e \ G e n e r i c - V M - U n i t - T e s t - D P D K \ d p d k \ b u i l d 
 
 
==== End log output ====

Windows Server 2019
	Kernel: 10.0
	Compiler: clang 14.0 and gcc 8.1.0 (MinGW)

Ubuntu 20.04
	Kernel: 4.18.0-240.10.1.el8_3.x86_64
	Compiler: gcc 9.3.0-17ubuntu1~20.04

Fedora 31
	Kernel: 4.18.0-240.10.1.el8_3.x86_64
	Compiler: gcc 9.3.1

Fedora 34
	Kernel: 5.4.0-72-generic
	Compiler: gcc 11.1.1 20210428 (Red Hat 11.1.1-1)

Ubuntu 18.04
	Kernel: 4.18.0-240.10.1.el8_3.x86_64
	Compiler: gcc 7.5.0-3ubuntu1~18.04

Fedora 32
	Kernel: 4.18.0-240.10.1.el8_3.x86_64
	Compiler: gcc 10.2.1

RHEL 7
	Kernel: 4.18.0-240.10.1.el8_3.x86_64
	Compiler: gcc 4.8.5 20150623 (Red Hat 4.8.5-44)

RHEL8
	Kernel: 4.18.0-240.10.1.el8_3.x86_64
	Compiler: gcc 8.3.1 20191121 (Red Hat 8.3.1-5)

Fedora 33
	Kernel: 5.4.0-72-generic
	Compiler: gcc 10.3.1 20210422 (Red Hat 10.3.1-1)

openSUSE Leap 15
	Kernel: 4.18.0-240.10.1.el8_3.x86_64
	Compiler: gcc 7.5.0

Fedora 34 clang
	Kernel: 5.4.0-72-generic
	Compiler: clang 12.0.0 (Fedora 12.0.0-0.3.rc1.fc34)

To view detailed results, visit:
https://lab.dpdk.org/results/dashboard/patchsets/24097/

UNH-IOL DPDK Community Lab

To manage your email subscriptions, visit: 
https://lab.dpdk.org/results/dashboard/preferences/subscriptions/


More information about the test-report mailing list