|FAILURE| pw118831 [PATCH] eventdev/eth_tx: fix queue delete logic

dpdklab at iol.unh.edu dpdklab at iol.unh.edu
Thu Oct 20 19:05:57 CEST 2022


Test-Label: iol-aarch64-unit-testing
Test-Status: FAILURE
http://dpdk.org/patch/118831

_Testing issues_

Submitter: Naga Harish K S V <s.v.naga.harish.k at intel.com>
Date: Thursday, October 20 2022 16:28:49 
DPDK git baseline: Repo:dpdk
  Branch: master
  CommitID:a74b1b25136a592c275afbfa6b70771469750aee

118831 --> testing fail

Test environment and result as below:

+-------------------------------+--------------+----------------+
|          Environment          | lpm_autotest | dpdk_unit_test |
+===============================+==============+================+
| Ubuntu 20.04 ARM SVE          | PASS         | SKIPPED        |
+-------------------------------+--------------+----------------+
| Ubuntu 20.04 ARM GCC Native   | SKIPPED      | FAIL           |
+-------------------------------+--------------+----------------+
| Ubuntu 20.04 ARM Clang Native | SKIPPED      | FAIL           |
+-------------------------------+--------------+----------------+

==== 20 line log output for Ubuntu 20.04 ARM Clang Native (dpdk_unit_test): ====
97/104 DPDK:fast-tests / ring_pmd_autotest              OK               0.14s
98/104 DPDK:fast-tests / event_eth_tx_adapter_autotest  FAIL             0.45s   killed by signal 11 SIGSEGV
>>> MALLOC_PERTURB_=249 DPDK_TEST=event_eth_tx_adapter_autotest /home-local/jenkins-local/jenkins-agent/workspace/Generic-VM-Unit-Test-DPDK/dpdk/build/app/test/dpdk-test --file-prefix=event_eth_tx_adapter_autotest '-l 0-3'

99/104 DPDK:fast-tests / bitratestats_autotest          OK               0.14s
100/104 DPDK:fast-tests / latencystats_autotest          OK               0.14s
101/104 DPDK:fast-tests / pdump_autotest                 OK               5.22s
102/104 DPDK:fast-tests / vdev_autotest                  OK               0.14s
103/104 DPDK:fast-tests / compressdev_autotest           SKIP             0.23s   exit status 77
104/104 DPDK:fast-tests / telemetry_all                  OK              13.18s


Ok:                 97
Expected Fail:      0
Fail:               1
Unexpected Pass:    0
Skipped:            6
Timeout:            0

Full log written to /home-local/jenkins-local/jenkins-agent/workspace/Generic-VM-Unit-Test-DPDK/dpdk/build/meson-logs/testlog.txt
==== End log output ====

Ubuntu 20.04 ARM SVE
	Kernel: 5.4.0-80-generic
	Compiler: gcc 10.3.0 (Ubuntu 10.3.0-1ubuntu1~20.04)

Ubuntu 20.04 ARM GCC Native
	Kernel: 5.4.0-53-generic
	Compiler: gcc 9.3

Ubuntu 20.04 ARM Clang Native
	Kernel: 5.4.0-53-generic
	Compiler: clang 10.0.0-4ubuntu1

To view detailed results, visit:
https://lab.dpdk.org/results/dashboard/patchsets/24112/

UNH-IOL DPDK Community Lab

To manage your email subscriptions, visit: 
https://lab.dpdk.org/results/dashboard/preferences/subscriptions/


More information about the test-report mailing list