|FAILURE| [GIT MASTER] ba8d2f0edd12d623aabae57bef890dbcc69071b2

dpdklab at iol.unh.edu dpdklab at iol.unh.edu
Tue Oct 25 18:18:42 CEST 2022


_Testing issues_

Branch: dpdk-next-crypto

ba8d2f0edd12d623aabae57bef890dbcc69071b2 --> testing fail

Test environment and result as below:

+---------------------+----------------+
|     Environment     | dpdk_unit_test |
+=====================+================+
| Windows Server 2019 | PASS           |
+---------------------+----------------+
| RHEL 7              | FAIL           |
+---------------------+----------------+
| openSUSE Leap 15    | PASS           |
+---------------------+----------------+
| Fedora 31           | PASS           |
+---------------------+----------------+
| Ubuntu 18.04        | PASS           |
+---------------------+----------------+
| RHEL8               | PASS           |
+---------------------+----------------+
| Fedora 32           | PASS           |
+---------------------+----------------+
| Ubuntu 20.04        | PASS           |
+---------------------+----------------+
| Fedora 33           | PASS           |
+---------------------+----------------+
| Fedora 34 clang     | PASS           |
+---------------------+----------------+
| Fedora 34           | PASS           |
+---------------------+----------------+

==== 20 line log output for RHEL 7 (dpdk_unit_test): ====
../lib/eal/include/rte_common.h:33:13: error: 'dport' may be used uninitialized in this function [-Werror=maybe-uninitialized]
#define asm __asm__
^
../drivers/common/cnxk/cnxk_security.c:1225:18: note: 'dport' was declared here
uint16_t sport, dport;
^
In file included from ../lib/eal/x86/include/rte_byteorder.h:13:0,
from ../drivers/common/cnxk/../../../lib/net/rte_udp.h:19,
from ../drivers/common/cnxk/cnxk_security.c:5:
../lib/eal/include/rte_common.h:33:13: error: 'sport' may be used uninitialized in this function [-Werror=maybe-uninitialized]
#define asm __asm__
^
../drivers/common/cnxk/cnxk_security.c:1225:11: note: 'sport' was declared here
uint16_t sport, dport;
^
cc1: all warnings being treated as errors
[819/3476] Compiling C object 'drivers/a715181@@tmp_rte_common_mlx5 at sta/common_mlx5_mlx5_common_mp.c.o'.
[820/3476] Compiling C object 'drivers/a715181@@tmp_rte_common_cnxk at sta/common_cnxk_cnxk_telemetry_sso.c.o'.
[821/3476] Compiling C object 'drivers/a715181@@tmp_rte_common_cnxk at sta/common_cnxk_cnxk_telemetry_nix.c.o'.
ninja: build stopped: subcommand failed.
==== End log output ====

Windows Server 2019
	Kernel: 10.0
	Compiler: clang 14.0 and gcc 8.1.0 (MinGW)

RHEL 7
	Kernel: 4.18.0-240.10.1.el8_3.x86_64
	Compiler: gcc 4.8.5 20150623 (Red Hat 4.8.5-44)

openSUSE Leap 15
	Kernel: 4.18.0-240.10.1.el8_3.x86_64
	Compiler: gcc 7.5.0

Fedora 31
	Kernel: 4.18.0-240.10.1.el8_3.x86_64
	Compiler: gcc 9.3.1

Ubuntu 18.04
	Kernel: 4.18.0-240.10.1.el8_3.x86_64
	Compiler: gcc 7.5.0-3ubuntu1~18.04

RHEL8
	Kernel: 4.18.0-240.10.1.el8_3.x86_64
	Compiler: gcc 8.3.1 20191121 (Red Hat 8.3.1-5)

Fedora 32
	Kernel: 4.18.0-240.10.1.el8_3.x86_64
	Compiler: gcc 10.2.1

Ubuntu 20.04
	Kernel: 4.18.0-240.10.1.el8_3.x86_64
	Compiler: gcc 9.3.0-17ubuntu1~20.04

Fedora 33
	Kernel: 5.4.0-72-generic
	Compiler: gcc 10.3.1 20210422 (Red Hat 10.3.1-1)

Fedora 34 clang
	Kernel: 5.4.0-72-generic
	Compiler: clang 12.0.0 (Fedora 12.0.0-0.3.rc1.fc34)

Fedora 34
	Kernel: 5.4.0-72-generic
	Compiler: gcc 11.1.1 20210428 (Red Hat 11.1.1-1)

To view detailed results, visit:
https://lab.dpdk.org/results/dashboard/tarballs/21990/

UNH-IOL DPDK Community Lab

To manage your email subscriptions, visit: 
https://lab.dpdk.org/results/dashboard/preferences/subscriptions/


More information about the test-report mailing list