|FAILURE| pw119300-119315 [PATCH] [v16, 18/18] net/idpf: add support for timestamp offload

dpdklab at iol.unh.edu dpdklab at iol.unh.edu
Mon Oct 31 06:44:48 CET 2022


Test-Label: iol-x86_64-unit-testing
Test-Status: FAILURE
http://dpdk.org/patch/119315

_Testing issues_

Submitter: Xing, Beilei <beilei.xing at intel.com>
Date: Monday, October 31 2022 03:36:51 
DPDK git baseline: Repo:dpdk
  Branch: master
  CommitID:487599f121f2fc7952eefd731d8f2c8da0b9b97d

119300-119315 --> testing fail

Test environment and result as below:

+---------------------+----------------+
|     Environment     | dpdk_unit_test |
+=====================+================+
| Windows Server 2019 | FAIL           |
+---------------------+----------------+
| Fedora 34 clang     | PASS           |
+---------------------+----------------+
| Ubuntu 18.04        | PASS           |
+---------------------+----------------+
| RHEL 7              | PASS           |
+---------------------+----------------+
| Fedora 31           | PASS           |
+---------------------+----------------+
| openSUSE Leap 15    | PASS           |
+---------------------+----------------+
| Ubuntu 20.04        | PASS           |
+---------------------+----------------+
| Fedora 34           | PASS           |
+---------------------+----------------+
| Fedora 32           | PASS           |
+---------------------+----------------+
| RHEL8               | PASS           |
+---------------------+----------------+
| Fedora 33           | PASS           |
+---------------------+----------------+

==== 20 line log output for Windows Server 2019 (dpdk_unit_test): ====
                                 s t a t u s   =   - E B A D R ; 
 
                                                     ^ 
 
 . . / d r i v e r s / c o m m o n / i d p f / b a s e / i d p f _ c o n t r o l q . c : 4 1 9 : 1 1 :   e r r o r :   u s e   o f   u n d e c l a r e d   i d e n t i f i e r   ' E B A D R ' 
 
                                 r e t u r n   - E B A D R ; 
 
                                                 ^ 
 
 . . / d r i v e r s / c o m m o n / i d p f / b a s e / i d p f _ c o n t r o l q . c : 4 8 8 : 1 1 :   e r r o r :   u s e   o f   u n d e c l a r e d   i d e n t i f i e r   ' E B A D R ' 
 
                                 r e t u r n   - E B A D R ; 
 
                                                 ^ 
 
 . . / d r i v e r s / c o m m o n / i d p f / b a s e / i d p f _ c o n t r o l q . c : 6 1 3 : 1 1 :   e r r o r :   u s e   o f   u n d e c l a r e d   i d e n t i f i e r   ' E B A D R ' 
 
                                 r e t u r n   - E B A D R ; 
 
                                                 ^ 
 
 4   e r r o r s   g e n e r a t e d . 
 
 [ 9 / 4 9 2 ]   C o m p i l i n g   C   o b j e c t   l i b / l i b r t e _ e a l . a . p / e a l _ c o m m o n _ e a l _ c o m m o n _ m e m a l l o c . c . o b j 
 
 [ 1 0 / 4 9 2 ]   G e n e r a t i n g   r t e _ c o m m o n _ i a v f . p m d . c   w i t h   a   c u s t o m   c o m m a n d   ( w r a p p e d   b y   m e s o n   t o   s e t   P A T H ) 
 
 [ 1 1 / 4 9 2 ]   C o m p i l i n g   C   o b j e c t   l i b / l i b r t e _ e a l . a . p / e a l _ c o m m o n _ e a l _ c o m m o n _ c o n f i g . c . o b j 
 
 [ 1 2 / 4 9 2 ]   C o m p i l i n g   C   o b j e c t   l i b / l i b r t e _ e a l . a . p / e a l _ c o m m o n _ e a l _ c o m m o n _ m e m z o n e . c . o b j 
 
 [ 1 3 / 4 9 2 ]   C o m p i l i n g   C   o b j e c t   l i b / l i b r t e _ e a l . a . p / e a l _ c o m m o n _ e a l _ c o m m o n _ l c o r e . c . o b j 
 
 n i n j a :   b u i l d   s t o p p e d :   s u b c o m m a n d   f a i l e d . 
 
 C o u l d   n o t   r e b u i l d   C : \ U s e r s \ b u i l d e r \ j e n k i n s \ w o r k s p a c e \ G e n e r i c - V M - U n i t - T e s t - D P D K \ d p d k \ b u i l d 
 
 
==== End log output ====

Windows Server 2019
	Kernel: 10.0
	Compiler: clang 14.0 and gcc 8.1.0 (MinGW)

Fedora 34 clang
	Kernel: 5.4.0-72-generic
	Compiler: clang 12.0.0 (Fedora 12.0.0-0.3.rc1.fc34)

Ubuntu 18.04
	Kernel: 4.18.0-240.10.1.el8_3.x86_64
	Compiler: gcc 7.5.0-3ubuntu1~18.04

RHEL 7
	Kernel: 4.18.0-240.10.1.el8_3.x86_64
	Compiler: gcc 4.8.5 20150623 (Red Hat 4.8.5-44)

Fedora 31
	Kernel: 4.18.0-240.10.1.el8_3.x86_64
	Compiler: gcc 9.3.1

openSUSE Leap 15
	Kernel: 4.18.0-240.10.1.el8_3.x86_64
	Compiler: gcc 7.5.0

Ubuntu 20.04
	Kernel: 4.18.0-240.10.1.el8_3.x86_64
	Compiler: gcc 9.3.0-17ubuntu1~20.04

Fedora 34
	Kernel: 5.4.0-72-generic
	Compiler: gcc 11.1.1 20210428 (Red Hat 11.1.1-1)

Fedora 32
	Kernel: 4.18.0-240.10.1.el8_3.x86_64
	Compiler: gcc 10.2.1

RHEL8
	Kernel: 4.18.0-240.10.1.el8_3.x86_64
	Compiler: gcc 8.3.1 20191121 (Red Hat 8.3.1-5)

Fedora 33
	Kernel: 5.4.0-72-generic
	Compiler: gcc 10.3.1 20210422 (Red Hat 10.3.1-1)

To view detailed results, visit:
https://lab.dpdk.org/results/dashboard/patchsets/24244/

UNH-IOL DPDK Community Lab

To manage your email subscriptions, visit: 
https://lab.dpdk.org/results/dashboard/preferences/subscriptions/


More information about the test-report mailing list