|FAILURE| pw116912-116914 [PATCH] [v3, 3/3] event/dlb2: optimize credit allocations
dpdklab at iol.unh.edu
dpdklab at iol.unh.edu
Tue Sep 27 01:56:25 CEST 2022
Test-Label: iol-x86_64-unit-testing
Test-Status: FAILURE
http://dpdk.org/patch/116914
_Testing issues_
Submitter: Abdullah Sevincer <abdullah.sevincer at intel.com>
Date: Monday, September 26 2022 22:55:36
DPDK git baseline: Repo:dpdk
Branch: master
CommitID:b9b509246da274cfea47311792ba8400c179c24b
116912-116914 --> testing fail
Test environment and result as below:
+---------------------+----------------+
| Environment | dpdk_unit_test |
+=====================+================+
| Windows Server 2019 | FAIL |
+---------------------+----------------+
| Ubuntu 18.04 | PASS |
+---------------------+----------------+
| openSUSE Leap 15 | PASS |
+---------------------+----------------+
| RHEL 7 | PASS |
+---------------------+----------------+
| Fedora 34 | PASS |
+---------------------+----------------+
| Fedora 31 | PASS |
+---------------------+----------------+
| Fedora 32 | PASS |
+---------------------+----------------+
| Ubuntu 20.04 | PASS |
+---------------------+----------------+
| Fedora 33 | PASS |
+---------------------+----------------+
| RHEL8 | PASS |
+---------------------+----------------+
| Fedora 34 clang | PASS |
+---------------------+----------------+
==== 20 line log output for Windows Server 2019 (dpdk_unit_test): ====
B u i l d d i r : C : \ U s e r s \ b u i l d e r \ j e n k i n s \ w o r k s p a c e \ G e n e r i c - V M - U n i t - T e s t - D P D K \ d p d k \ b u i l d
B u i l d t y p e : n a t i v e b u i l d
P r o g r a m m o r e f o u n d : Y E S ( C : \ W i n d o w s \ s y s t e m 3 2 \ m o r e . C O M )
P r o j e c t n a m e : D P D K
P r o j e c t v e r s i o n : 2 2 . 1 1 . 0 - r c 0
C c o m p i l e r f o r t h e h o s t m a c h i n e : c l a n g ( c l a n g 1 4 . 0 . 0 " c l a n g v e r s i o n 1 4 . 0 . 0 " )
C l i n k e r f o r t h e h o s t m a c h i n e : c l a n g l i n k 1 4 . 2 9 . 3 0 1 4 1 . 0
H o s t m a c h i n e c p u f a m i l y : x 8 6 _ 6 4
H o s t m a c h i n e c p u : x 8 6 _ 6 4
M e s s a g e : # # B u i l d i n g i n D e v e l o p e r M o d e # #
P r o g r a m p k g - c o n f i g p k g c o n f f o u n d : N O
P r o g r a m c h e c k - s y m b o l s . s h f o u n d : Y E S ( s h C : \ U s e r s \ b u i l d e r \ j e n k i n s \ w o r k s p a c e \ G e n e r i c - V M - U n i t - T e s t - D P D K \ d p d k \ b u i l d t o o l s \ c h e c k - s y m b o l s . s h )
P r o g r a m o p t i o n s - i b v e r b s - s t a t i c . s h f o u n d : Y E S ( s h C : \ U s e r s \ b u i l d e r \ j e n k i n s \ w o r k s p a c e \ G e n e r i c - V M - U n i t - T e s t - D P D K \ d p d k \ b u i l d t o o l s \ o p t i o n s - i b v e r b s - s t a t i c . s h )
P r o g r a m l l v m - o b j d u m p f o u n d : Y E S ( C : \ P r o g r a m F i l e s \ L L V M \ b i n \ l l v m - o b j d u m p . E X E )
P r o g r a m p y t h o n 3 f o u n d : Y E S ( c : \ p y t h o n 3 8 \ p y t h o n . e x e )
P r o g r a m m o r e f o u n d : Y E S ( C : \ W i n d o w s \ s y s t e m 3 2 \ m o r e . C O M )
n i n j a : E n t e r i n g d i r e c t o r y ` b u i l d '
E R R O R : N o s u c h b u i l d d a t a f i l e a s " ' C : \ \ U s e r s \ \ b u i l d e r \ \ j e n k i n s \ \ w o r k s p a c e \ \ G e n e r i c - V M - U n i t - T e s t - D P D K \ \ d p d k \ \ b u i l d \ \ m e s o n - p r i v a t e \ \ b u i l d . d a t ' " .
==== End log output ====
Windows Server 2019
Kernel: 10.0
Compiler: clang 14.0 and gcc 8.1.0 (MinGW)
Ubuntu 18.04
Kernel: 4.18.0-240.10.1.el8_3.x86_64
Compiler: gcc 7.5.0-3ubuntu1~18.04
openSUSE Leap 15
Kernel: 4.18.0-240.10.1.el8_3.x86_64
Compiler: gcc 7.5.0
RHEL 7
Kernel: 4.18.0-240.10.1.el8_3.x86_64
Compiler: gcc 4.8.5 20150623 (Red Hat 4.8.5-44)
Fedora 34
Kernel: 5.4.0-72-generic
Compiler: gcc 11.1.1 20210428 (Red Hat 11.1.1-1)
Fedora 31
Kernel: 4.18.0-240.10.1.el8_3.x86_64
Compiler: gcc 9.3.1
Fedora 32
Kernel: 4.18.0-240.10.1.el8_3.x86_64
Compiler: gcc 10.2.1
Ubuntu 20.04
Kernel: 4.18.0-240.10.1.el8_3.x86_64
Compiler: gcc 9.3.0-17ubuntu1~20.04
Fedora 33
Kernel: 5.4.0-72-generic
Compiler: gcc 10.3.1 20210422 (Red Hat 10.3.1-1)
RHEL8
Kernel: 4.18.0-240.10.1.el8_3.x86_64
Compiler: gcc 8.3.1 20191121 (Red Hat 8.3.1-5)
Fedora 34 clang
Kernel: 5.4.0-72-generic
Compiler: clang 12.0.0 (Fedora 12.0.0-0.3.rc1.fc34)
To view detailed results, visit:
https://lab.dpdk.org/results/dashboard/patchsets/23644/
UNH-IOL DPDK Community Lab
To manage your email subscriptions, visit:
https://lab.dpdk.org/results/dashboard/preferences/subscriptions/
More information about the test-report
mailing list