|FAILURE| pw125727-125728 [PATCH] [2/2] telemetry: use portable syntax to initialize array

dpdklab at iol.unh.edu dpdklab at iol.unh.edu
Mon Apr 3 19:22:27 CEST 2023


Test-Label: iol-x86_64-compile-testing
Test-Status: FAILURE
http://dpdk.org/patch/125728

_Testing issues_

Submitter: Tyler Retzlaff <roretzla at linux.microsoft.com>
Date: Monday, April 03 2023 16:30:24 
DPDK git baseline: Repo:dpdk
  Branch: master
  CommitID:c682c8991963be243dcc3b7cdc9d6984a1961f4e

125727-125728 --> testing fail

Test environment and result as below:

+------------------+--------------------+
|   Environment    | dpdk_meson_compile |
+==================+====================+
| CentOS Stream 9  | FAIL               |
+------------------+--------------------+
| Ubuntu 22.04     | FAIL               |
+------------------+--------------------+
| Ubuntu 20.04     | FAIL               |
+------------------+--------------------+
| RHEL 7           | FAIL               |
+------------------+--------------------+
| openSUSE Leap 15 | FAIL               |
+------------------+--------------------+
| RHEL8            | FAIL               |
+------------------+--------------------+
| Debian Buster    | FAIL               |
+------------------+--------------------+
| Debian Bullseye  | FAIL               |
+------------------+--------------------+
| FreeBSD 13       | FAIL               |
+------------------+--------------------+
| CentOS Stream 8  | FAIL               |
+------------------+--------------------+

==== 20 line log output for CentOS Stream 8 (dpdk_meson_compile): ====
Build targets in project: 750

Option default_library is: shared [default: static]
Found ninja-1.11.1.git.kitware.jobserver-1 at /usr/local/bin/ninja
ninja: Entering directory `build'
[1/3242] Compiling C object 'lib/76b5a35@@rte_kvargs at sta/kvargs_rte_kvargs.c.o'.
[2/3242] Linking static target lib/librte_kvargs.a.
[3/3242] Generating kvargs.sym_chk with a meson_exe.py custom command.
[4/3242] Linking target lib/librte_kvargs.so.23.1.
[5/3242] Generating symbol file 'lib/76b5a35@@rte_kvargs at sha/librte_kvargs.so.23.1.symbols'.
[6/3242] Compiling C object 'lib/76b5a35@@rte_telemetry at sta/telemetry_telemetry.c.o'.
FAILED: lib/76b5a35@@rte_telemetry at sta/telemetry_telemetry.c.o
ccache cc -Ilib/76b5a35@@rte_telemetry at sta -Ilib -I../lib -I. -I../ -Iconfig -I../config -Ilib/eal/include -I../lib/eal/include -Ilib/eal/linux/include -I../lib/eal/linux/include -Ilib/eal/x86/include -I../lib/eal/x86/include -Ilib/telemetry/../metrics -I../lib/telemetry/../metrics -Ilib/telemetry -I../lib/telemetry -fdiagnostics-color=always -pipe -D_FILE_OFFSET_BITS=64 -Wall -Winvalid-pch -Wextra -Werror -O3 -include rte_config.h -Wcast-qual -Wdeprecated -Wformat -Wformat-nonliteral -Wformat-security -Wmissing-declarations -Wmissing-prototypes -Wnested-externs -Wold-style-definition -Wpointer-arith -Wsign-compare -Wstrict-prototypes -Wundef -Wwrite-strings -Wno-packed-not-aligned -Wno-missing-field-initializers -D_GNU_SOURCE -fPIC -march=native -DALLOW_EXPERIMENTAL_API -DALLOW_INTERNAL_API -Wno-format-truncation -DRTE_USE_FUNCTION_VERSIONING -DRTE_LOG_DEFAULT_LOGTYPE=lib.telemetry -MD -MQ 'lib/76b5a35@@rte_telemetry at sta/telemetry_telemetry.c.o' -MF 'lib/76b5a35@@rte_telemetry at sta/t
 elemetry_telemetry.c.o.d' -o 'lib/76b5a35@@rte_telemetry at sta/telemetry_telemetry.c.o' -c ../lib/telemetry/telemetry.c
In file included from ../lib/telemetry/telemetry.c:24:
../lib/telemetry/telemetry_json.h: In function '__json_snprintf':
../lib/telemetry/telemetry_json.h:41:29: error: argument to 'sizeof' in 'vsnprintf' call is the same expression as the destination; did you mean to provide an explicit length? [-Werror=sizeof-pointer-memaccess]
ret = vsnprintf(tmp, sizeof(tmp), format, ap);
^
cc1: all warnings being treated as errors
ninja: build stopped: subcommand failed.
==== End log output ====

CentOS Stream 9
	Kernel: 4.18.0-240.10.1.el8_3.x86_64
	Compiler: gcc 11.3.1 20220421

Ubuntu 22.04
	Kernel: Container Host Kernel
	Compiler: gcc 12.2.1-2

Ubuntu 20.04
	Kernel: 4.18.0-240.10.1.el8_3.x86_64
	Compiler: gcc 9.3.0-17ubuntu1~20.04

RHEL 7
	Kernel: 4.18.0-240.10.1.el8_3.x86_64
	Compiler: gcc 4.8.5 20150623 (Red Hat 4.8.5-44)

openSUSE Leap 15
	Kernel: 4.18.0-240.10.1.el8_3.x86_64
	Compiler: gcc 7.5.0

RHEL8
	Kernel: 4.18.0-240.10.1.el8_3.x86_64
	Compiler: gcc 8.3.1 20191121 (Red Hat 8.3.1-5)

Debian Buster
	Kernel: 5.4.0-122-generic
	Compiler: gcc 8.3.0-6

Debian Bullseye
	Kernel: 5.4.0-122-generic
	Compiler: gcc 10.2.1-6

FreeBSD 13
	Kernel: 13.0
	Compiler: clang 11.0.1

CentOS Stream 8
	Kernel: 4.18.0-240.10.1.el8_3.x86_64
	Compiler: gcc 8.4.1 20200928

To view detailed results, visit:
https://lab.dpdk.org/results/dashboard/patchsets/25908/

UNH-IOL DPDK Community Lab

To manage your email subscriptions, visit: 
https://lab.dpdk.org/results/dashboard/preferences/subscriptions/


More information about the test-report mailing list