|FAILURE| pw125774-125781 [PATCH] [v1, 9/9] net/octeon_ep: set watermark for output queues

dpdklab at iol.unh.edu dpdklab at iol.unh.edu
Tue Apr 4 19:52:06 CEST 2023


Test-Label: iol-aarch64-compile-testing
Test-Status: FAILURE
http://dpdk.org/patch/125781

_Testing issues_

Submitter: Sathesh Edara <sedara at marvell.com>
Date: Tuesday, April 04 2023 14:18:54 
DPDK git baseline: Repo:dpdk
  Branch: master
  CommitID:c682c8991963be243dcc3b7cdc9d6984a1961f4e

125774-125781 --> testing fail

Test environment and result as below:

+----------------------------------------+--------------------+
|              Environment               | dpdk_meson_compile |
+========================================+====================+
| Ubuntu 20.04 ARM Clang Native          | FAIL               |
+----------------------------------------+--------------------+
| Ubuntu 20.04 ARM GCC Native            | FAIL               |
+----------------------------------------+--------------------+
| Ubuntu 20.04 ARM GCC Cross Compile     | FAIL               |
+----------------------------------------+--------------------+
| Ubuntu 20.04 ARM Clang Cross Compile   | FAIL               |
+----------------------------------------+--------------------+
| Ubuntu 20.04 aarch32 GCC Cross Compile | FAIL               |
+----------------------------------------+--------------------+
| Ubuntu 20.04 ARM SVE                   | PASS               |
+----------------------------------------+--------------------+

==== 20 line log output for Ubuntu 20.04 aarch32 GCC Cross Compile (dpdk_meson_compile): ====
[1319/2140] Compiling C object 'drivers/a715181@@rte_net_ngbe at sha/meson-generated_.._rte_net_ngbe.pmd.c.o'.
[1320/2140] Compiling C object 'drivers/a715181@@rte_net_ngbe at sta/meson-generated_.._rte_net_ngbe.pmd.c.o'.
[1321/2140] Linking static target drivers/librte_net_ngbe.a.
[1322/2140] Compiling C object 'drivers/a715181@@tmp_rte_net_null at sta/net_null_rte_eth_null.c.o'.
[1323/2140] Linking static target drivers/libtmp_rte_net_null.a.
[1324/2140] Generating rte_net_null.pmd.c with a custom command.
[1325/2140] Linking target drivers/librte_net_ngbe.so.23.1.
[1326/2140] Compiling C object 'drivers/a715181@@tmp_rte_net_octeon_ep at sta/net_octeon_ep_otx_ep_ethdev.c.o'.
FAILED: drivers/a715181@@tmp_rte_net_octeon_ep at sta/net_octeon_ep_otx_ep_ethdev.c.o
ccache arm-linux-gnueabihf-gcc -Idrivers/a715181@@tmp_rte_net_octeon_ep at sta -Idrivers -I../drivers -Idrivers/net/octeon_ep -I../drivers/net/octeon_ep -Ilib/ethdev -I../lib/ethdev -I. -I../ -Iconfig -I../config -Ilib/eal/include -I../lib/eal/include -Ilib/eal/linux/include -I../lib/eal/linux/include -Ilib/eal/arm/include -I../lib/eal/arm/include -Ilib/eal/common -I../lib/eal/common -Ilib/eal -I../lib/eal -Ilib/kvargs -I../lib/kvargs -Ilib/telemetry/../metrics -I../lib/telemetry/../metrics -Ilib/telemetry -I../lib/telemetry -Ilib/net -I../lib/net -Ilib/mbuf -I../lib/mbuf -Ilib/mempool -I../lib/mempool -Ilib/ring -I../lib/ring -Ilib/meter -I../lib/meter -Idrivers/bus/pci -I../drivers/bus/pci -I../drivers/bus/pci/linux -Ilib/pci -I../lib/pci -Idrivers/bus/vdev -I../drivers/bus/vdev -fdiagnostics-color=always -pipe -D_FILE_OFFSET_BITS=64 -Wall -Winvalid-pch -Wextra -Werror -O3 -include rte_config.h -Wcast-qual -Wdeprecated -Wformat -Wformat-nonliteral -Wformat-security -Wmissing-declarati
 ons -Wmissing-prototypes -Wnested-externs -Wold-style-definition -Wpointer-arith -Wsign-compare -Wstrict-prototypes -Wundef -Wwrite-strings -Wno-address-of-packed-member -Wno-packed-not-aligned -Wno-missing-field-initializers -Wno-pointer-to-int-cast -D_GNU_SOURCE -fPIC -march=armv8-a -mfpu=neon -DALLOW_EXPERIMENTAL_API -DALLOW_INTERNAL_API -Wno-format-truncation -DRTE_LOG_DEFAULT_LOGTYPE=pmd.net.octeon_ep -MD -MQ 'drivers/a715181@@tmp_rte_net_octeon_ep at sta/net_octeon_ep_otx_ep_ethdev.c.o' -MF 'drivers/a715181@@tmp_rte_net_octeon_ep at sta/net_octeon_ep_otx_ep_ethdev.c.o.d' -o 'drivers/a715181@@tmp_rte_net_octeon_ep at sta/net_octeon_ep_otx_ep_ethdev.c.o' -c ../drivers/net/octeon_ep/otx_ep_ethdev.c
In file included from ../drivers/net/octeon_ep/otx_ep_ethdev.c:7:
../drivers/net/octeon_ep/otx_ep_ethdev.c: In function 'otx_ep_ism_setup':
../drivers/net/octeon_ep/otx_ep_ethdev.c:193:7: error: cast to pointer from integer of different size [-Werror=int-to-pointer-cast]
193 |       (void *)otx_epvf->ism_buffer_mz->iova);
|       ^
../drivers/net/octeon_ep/otx_ep_common.h:65:25: note: in definition of macro 'otx_ep_dbg'
65 |   __func__, __LINE__, ##args)
|                         ^~~~
cc1: all warnings being treated as errors
ninja: build stopped: subcommand failed.
==== End log output ====

Ubuntu 20.04 ARM Clang Native
	Kernel: 5.4.0-53-generic
	Compiler: clang 10.0.0-4ubuntu1

Ubuntu 20.04 ARM GCC Native
	Kernel: 5.4.0-53-generic
	Compiler: gcc 9.3

Ubuntu 20.04 ARM GCC Cross Compile
	Kernel: 5.4.0-72-generic
	Compiler: aarch64-linux-gnu-gcc (Ubuntu 9.3.0-17ubuntu1~20.04) 9.3.0

Ubuntu 20.04 ARM Clang Cross Compile
	Kernel: 5.4.0-72-generic
	Compiler: clang version 10.0.0-4ubuntu1

Ubuntu 20.04 aarch32 GCC Cross Compile
	Kernel: 5.4.0-72-generic
	Compiler: gcc 9.3.0

Ubuntu 20.04 ARM SVE
	Kernel: 5.4.0-80-generic
	Compiler: gcc 10.3.0 (Ubuntu 10.3.0-1ubuntu1~20.04)

To view detailed results, visit:
https://lab.dpdk.org/results/dashboard/patchsets/25919/

UNH-IOL DPDK Community Lab

To manage your email subscriptions, visit: 
https://lab.dpdk.org/results/dashboard/preferences/subscriptions/


More information about the test-report mailing list