|FAILURE| pw125819-125823 [PATCH] [v3, 5/5] telemetry: remove VLA in json string format function
dpdklab at iol.unh.edu
dpdklab at iol.unh.edu
Thu Apr 6 01:57:59 CEST 2023
Test-Label: iol-unit-testing
Test-Status: FAILURE
http://dpdk.org/patch/125823
_Testing issues_
Submitter: Bruce Richardson <bruce.richardson at intel.com>
Date: Wednesday, April 05 2023 16:03:26
DPDK git baseline: Repo:dpdk
Branch: master
CommitID:c682c8991963be243dcc3b7cdc9d6984a1961f4e
125819-125823 --> testing fail
Test environment and result as below:
+--------------------+----------------+
| Environment | dpdk_unit_test |
+====================+================+
| CentOS Stream 9 | PASS |
+--------------------+----------------+
| Fedora 36 | PASS |
+--------------------+----------------+
| Debian Buster | FAIL |
+--------------------+----------------+
| CentOS Stream 8 | FAIL |
+--------------------+----------------+
| Ubuntu 22.04 | FAIL |
+--------------------+----------------+
| RHEL 7 | PASS |
+--------------------+----------------+
| openSUSE Leap 15 | PASS |
+--------------------+----------------+
| Ubuntu 20.04 | FAIL |
+--------------------+----------------+
| Debian 11 (Buster) | FAIL |
+--------------------+----------------+
| RHEL8 | FAIL |
+--------------------+----------------+
| Debian Bullseye | FAIL |
+--------------------+----------------+
==== 20 line log output for Debian Bullseye (dpdk_unit_test): ====
94/104 DPDK:fast-tests / telemetry_data_autotest OK 0.17 s
95/104 DPDK:fast-tests / table_autotest OK 6.38 s
96/104 DPDK:fast-tests / ring_pmd_autotest OK 0.17 s
97/104 DPDK:fast-tests / event_eth_tx_adapter_autotest OK 0.47 s
98/104 DPDK:fast-tests / bitratestats_autotest OK 0.17 s
99/104 DPDK:fast-tests / latencystats_autotest OK 0.17 s
100/104 DPDK:fast-tests / pdump_autotest OK 5.23 s
101/104 DPDK:fast-tests / vdev_autotest OK 0.17 s
102/104 DPDK:fast-tests / rawdev_autotest OK 0.17 s
103/104 DPDK:fast-tests / compressdev_autotest SKIP 0.17 s
104/104 DPDK:fast-tests / telemetry_all SKIP 0.01 s
Ok: 94
Expected Fail: 0
Fail: 1
Unexpected Pass: 0
Skipped: 9
Timeout: 0
Full log written to /home-local/jenkins-local/jenkins-agent/workspace/Generic-Unit-Test-DPDK/dpdk/build/meson-logs/testlog.txt
==== End log output ====
CentOS Stream 9
Kernel: Container Host Kernel
Compiler: gcc 11.3.1
Fedora 36
Kernel: Container Host Kernel
Compiler: gcc 12.2.1
Debian Buster
Kernel: 5.4.0-122-generic
Compiler: gcc 8.3.0-6
CentOS Stream 8
Kernel: 4.18.0-240.10.1.el8_3.x86_64
Compiler: gcc 8.4.1 20200928
Ubuntu 22.04
Kernel: Container Host Kernel
Compiler: gcc 11.3.1-2
RHEL 7
Kernel: 4.18.0-240.10.1.el8_3.x86_64
Compiler: gcc 4.8.5 20150623 (Red Hat 4.8.5-44)
openSUSE Leap 15
Kernel: 4.18.0-240.10.1.el8_3.x86_64
Compiler: gcc 7.5.0
Ubuntu 20.04
Kernel: 4.18.0-240.10.1.el8_3.x86_64
Compiler: gcc 9.3.0-17ubuntu1~20.04
Debian 11 (Buster)
Kernel: Container Host Kernel
Compiler: gcc 10.2.1
RHEL8
Kernel: 4.18.0-240.10.1.el8_3.x86_64
Compiler: gcc 8.3.1 20191121 (Red Hat 8.3.1-5)
Debian Bullseye
Kernel: 5.4.0-122-generic
Compiler: gcc 10.2.1-6
To view detailed results, visit:
https://lab.dpdk.org/results/dashboard/patchsets/25928/
UNH-IOL DPDK Community Lab
To manage your email subscriptions, visit:
https://lab.dpdk.org/results/dashboard/preferences/subscriptions/
More information about the test-report
mailing list