|WARNING| pw125875 [PATCH] [v1] power: amd power monitor support

dpdklab at iol.unh.edu dpdklab at iol.unh.edu
Mon Apr 10 13:17:53 CEST 2023


Test-Label: iol-abi-testing
Test-Status: WARNING
http://dpdk.org/patch/125875

_Testing issues_

Submitter: Sivaprasad Tummala <Sivaprasad.Tummala at amd.com>
Date: Monday, April 10 2023 10:21:49 
DPDK git baseline: Repo:dpdk
  Branch: master
  CommitID:65487b12db83c9ef37526a983c43191cd44dae99

125875 --> testing fail

Test environment and result as below:

+-----------------+----------+
|   Environment   | abi_test |
+=================+==========+
| RHEL 7          | FAIL     |
+-----------------+----------+
| Ubuntu 22.04    | FAIL     |
+-----------------+----------+
| Debian Bullseye | FAIL     |
+-----------------+----------+

==== 20 line log output for Debian Bullseye (abi_test): ====
Variables changes summary: 0 Removed, 0 Changed, 0 Added variable

Functions changes summary: 0 Removed, 0 Changed (2 filtered out), 0 Added functions
Variables changes summary: 0 Removed, 0 Changed, 0 Added variable

Functions changes summary: 0 Removed, 0 Changed, 0 Added (1 filtered out) function
Variables changes summary: 0 Removed, 0 Changed, 0 Added variable

Functions changes summary: 0 Removed (1 filtered out), 0 Changed (276 filtered out), 0 Added (42 filtered out) functions
Variables changes summary: 0 Removed, 0 Changed, 0 Added (1 filtered out) variable

Functions changes summary: 0 Removed, 0 Changed (1 filtered out), 0 Added function
Variables changes summary: 0 Removed, 0 Changed, 0 Added variable

Functions changes summary: 0 Removed, 0 Changed, 0 Added (1 filtered out) function
Variables changes summary: 0 Removed, 0 Changed, 0 Added variable

Functions changes summary: 0 Removed, 0 Changed (1 filtered out), 0 Added function
Variables changes summary: 0 Removed, 0 Changed, 0 Added variable

==== End log output ====

RHEL 7
	Kernel: 4.18.0-240.10.1.el8_3.x86_64
	Compiler: gcc 4.8.5 20150623 (Red Hat 4.8.5-44)

Ubuntu 22.04
	Kernel: Container Host Kernel
	Compiler: clang 14.0.5-1.fc36

Debian Bullseye
	Kernel: 5.4.0-122-generic
	Compiler: gcc 10.2.1-6

To view detailed results, visit:
https://lab.dpdk.org/results/dashboard/patchsets/25946/

UNH-IOL DPDK Community Lab

To manage your email subscriptions, visit: 
https://lab.dpdk.org/results/dashboard/preferences/subscriptions/


More information about the test-report mailing list