|FAILURE| pw125951-125953 [PATCH] [v2, 3/3] net/iavf: support Rx timestamp offload on SSE
dpdklab at iol.unh.edu
dpdklab at iol.unh.edu
Wed Apr 12 09:39:44 CEST 2023
Test-Label: iol-unit-testing
Test-Status: FAILURE
http://dpdk.org/patch/125953
_Testing issues_
Submitter: Zhichao Zeng <zhichaox.zeng at intel.com>
Date: Wednesday, April 12 2023 06:50:26
DPDK git baseline: Repo:dpdk
Branch: master
CommitID:65487b12db83c9ef37526a983c43191cd44dae99
125951-125953 --> testing fail
Test environment and result as below:
+--------------------+----------------+
| Environment | dpdk_unit_test |
+====================+================+
| CentOS Stream 8 | PASS |
+--------------------+----------------+
| Debian Bullseye | PASS |
+--------------------+----------------+
| CentOS Stream 9 | PASS |
+--------------------+----------------+
| Debian Buster | PASS |
+--------------------+----------------+
| Fedora 36 | PASS |
+--------------------+----------------+
| Ubuntu 22.04 | PASS |
+--------------------+----------------+
| RHEL 7 | FAIL |
+--------------------+----------------+
| Ubuntu 20.04 | PASS |
+--------------------+----------------+
| RHEL8 | PASS |
+--------------------+----------------+
| Ubuntu 20.04 (ARM) | PASS |
+--------------------+----------------+
| openSUSE Leap 15 | PASS |
+--------------------+----------------+
| Debian 11 (Buster) | PASS |
+--------------------+----------------+
==== 20 line log output for RHEL 7 (dpdk_unit_test): ====
[1539/3189] Compiling C object 'drivers/a715181@@tmp_rte_net_iavf at sta/net_iavf_iavf_hash.c.o'.
[1540/3189] Compiling C object 'drivers/a715181@@tmp_rte_net_iavf at sta/net_iavf_iavf_tm.c.o'.
[1541/3189] Compiling C object 'drivers/a715181@@tmp_rte_net_iavf at sta/net_iavf_iavf_ipsec_crypto.c.o'.
[1542/3189] Compiling C object 'drivers/a715181@@tmp_rte_net_iavf at sta/net_iavf_iavf_fsub.c.o'.
[1543/3189] Generating rte_net_hns3.pmd.c with a custom command.
[1544/3189] Compiling C object 'drivers/a715181@@rte_net_hns3 at sha/meson-generated_.._rte_net_hns3.pmd.c.o'.
[1545/3189] Compiling C object 'drivers/a715181@@rte_net_hns3 at sta/meson-generated_.._rte_net_hns3.pmd.c.o'.
[1546/3189] Linking static target drivers/librte_net_hns3.a.
[1547/3189] Compiling C object 'drivers/a715181@@tmp_rte_net_iavf at sta/net_iavf_iavf_rxtx_vec_sse.c.o'.
FAILED: drivers/a715181@@tmp_rte_net_iavf at sta/net_iavf_iavf_rxtx_vec_sse.c.o
ccache cc -Idrivers/a715181@@tmp_rte_net_iavf at sta -Idrivers -I../drivers -Idrivers/net/iavf -I../drivers/net/iavf -Idrivers/net/iavf/../../common/iavf -I../drivers/net/iavf/../../common/iavf -Ilib/ethdev -I../lib/ethdev -I. -I../ -Iconfig -I../config -Ilib/eal/include -I../lib/eal/include -Ilib/eal/linux/include -I../lib/eal/linux/include -Ilib/eal/x86/include -I../lib/eal/x86/include -Ilib/eal/common -I../lib/eal/common -Ilib/eal -I../lib/eal -Ilib/kvargs -I../lib/kvargs -Ilib/telemetry/../metrics -I../lib/telemetry/../metrics -Ilib/telemetry -I../lib/telemetry -Ilib/net -I../lib/net -Ilib/mbuf -I../lib/mbuf -Ilib/mempool -I../lib/mempool -Ilib/ring -I../lib/ring -Ilib/meter -I../lib/meter -Idrivers/bus/pci -I../drivers/bus/pci -I../drivers/bus/pci/linux -Ilib/pci -I../lib/pci -Idrivers/bus/vdev -I../drivers/bus/vdev -Idrivers/common/iavf -I../drivers/common/iavf -Ilib/security -I../lib/security -Ilib/cryptodev -I../lib/cryptodev -Ilib/rcu -I../lib/rcu -pipe -D_FILE_OFFSET_BITS=64 -
Wall -Winvalid-pch -Wextra -Werror -O3 -include rte_config.h -Wcast-qual -Wdeprecated -Wformat -Wformat-nonliteral -Wformat-security -Wmissing-declarations -Wmissing-prototypes -Wnested-externs -Wold-style-definition -Wpointer-arith -Wsign-compare -Wstrict-prototypes -Wundef -Wwrite-strings -Wno-missing-field-initializers -D_GNU_SOURCE -fPIC -march=native -DALLOW_EXPERIMENTAL_API -DALLOW_INTERNAL_API -Wno-strict-aliasing -DCC_AVX2_SUPPORT -DRTE_LOG_DEFAULT_LOGTYPE=pmd.net.iavf -MD -MQ 'drivers/a715181@@tmp_rte_net_iavf at sta/net_iavf_iavf_rxtx_vec_sse.c.o' -MF 'drivers/a715181@@tmp_rte_net_iavf at sta/net_iavf_iavf_rxtx_vec_sse.c.o.d' -o 'drivers/a715181@@tmp_rte_net_iavf at sta/net_iavf_iavf_rxtx_vec_sse.c.o' -c ../drivers/net/iavf/iavf_rxtx_vec_sse.c
../drivers/net/iavf/iavf_rxtx_vec_sse.c: In function '_recv_raw_pkts_vec_flex_rxd':
../drivers/net/iavf/iavf_rxtx_vec_sse.c:1128:9: error: unknown option after '#pragma GCC diagnostic' kind [-Werror=pragmas]
#pragma GCC diagnostic ignored "-Wimplicit-fallthrough"
^
cc1: all warnings being treated as errors
[1548/3189] Linking target drivers/librte_net_hns3.so.23.2.
[1549/3189] Generating rte_net_i40e.pmd.c with a custom command.
[1550/3189] Generating rte_common_cnxk.sym_chk with a meson_exe.py custom command.
ninja: build stopped: subcommand failed.
==== End log output ====
CentOS Stream 8
Kernel: 4.18.0-240.10.1.el8_3.x86_64
Compiler: gcc 8.4.1 20200928
Debian Bullseye
Kernel: 5.4.0-122-generic
Compiler: gcc 10.2.1-6
CentOS Stream 9
Kernel: 4.18.0-240.10.1.el8_3.x86_64
Compiler: gcc 11.3.1 20220421
Debian Buster
Kernel: 5.4.0-122-generic
Compiler: gcc 8.3.0-6
Fedora 36
Kernel: Container Host Kernel
Compiler: gcc 12.2.1
Ubuntu 22.04
Kernel: Container Host Kernel
Compiler: gcc 11.3.1-2
RHEL 7
Kernel: 4.18.0-240.10.1.el8_3.x86_64
Compiler: gcc 4.8.5 20150623 (Red Hat 4.8.5-44)
Ubuntu 20.04
Kernel: 4.18.0-240.10.1.el8_3.x86_64
Compiler: gcc 9.3.0-17ubuntu1~20.04
RHEL8
Kernel: 4.18.0-240.10.1.el8_3.x86_64
Compiler: gcc 8.3.1 20191121 (Red Hat 8.3.1-5)
Ubuntu 20.04 (ARM)
Kernel: Container Host Kernel
Compiler: gcc 9.4.0
openSUSE Leap 15
Kernel: 4.18.0-240.10.1.el8_3.x86_64
Compiler: gcc 7.5.0
Debian 11 (Buster)
Kernel: Container Host Kernel
Compiler: gcc 10.2.1
To view detailed results, visit:
https://lab.dpdk.org/results/dashboard/patchsets/25963/
UNH-IOL DPDK Community Lab
To manage your email subscriptions, visit:
https://lab.dpdk.org/results/dashboard/preferences/subscriptions/
More information about the test-report
mailing list