|WARNING| pw126025-126027 [PATCH] [v2, 3/3] power: amd power monitor support

dpdklab at iol.unh.edu dpdklab at iol.unh.edu
Thu Apr 13 18:53:07 CEST 2023


Test-Label: iol-abi-testing
Test-Status: WARNING
http://dpdk.org/patch/126027

_Testing issues_

Submitter: Sivaprasad Tummala <Sivaprasad.Tummala at amd.com>
Date: Thursday, April 13 2023 11:53:34 
DPDK git baseline: Repo:dpdk
  Branch: master
  CommitID:3b3fef9de22af80d173453ab65a80b01ce38cbfd

126025-126027 --> testing fail

Test environment and result as below:

+------------------+----------+
|   Environment    | abi_test |
+==================+==========+
| CentOS Stream 9  | FAIL     |
+------------------+----------+
| Debian Buster    | FAIL     |
+------------------+----------+
| openSUSE Leap 15 | FAIL     |
+------------------+----------+

==== 20 line log output for openSUSE Leap 15 (abi_test): ====
Variables changes summary: 0 Removed, 0 Changed, 0 Added variable

Functions changes summary: 0 Removed, 0 Changed (1 filtered out), 0 Added function
Variables changes summary: 0 Removed, 0 Changed, 0 Added variable

Functions changes summary: 0 Removed (1 filtered out), 1 Changed (2 filtered out), 0 Added (3 filtered out) functions
Variables changes summary: 0 Removed (15 filtered out), 0 Changed, 0 Added (1 filtered out) variables

1 function with some indirect sub-type change:

[C] 'function int rte_cpu_get_flag_enabled(rte_cpu_flag_t)' at rte_cpuflags.c:148:1 has some indirect sub-type changes:
parameter 1 of type 'enum rte_cpu_flag_t' has sub-type changes:
type size hasn't changed
1 enumerator insertion:
'rte_cpu_flag_t::RTE_CPUFLAG_MONITORX' value '105'
1 enumerator change:
'rte_cpu_flag_t::RTE_CPUFLAG_NUMFLAGS' from value '105' to '106' at rte_cpuflags.h:12:1

Error: ABI issue reported for abidiff --suppr /home-local/jenkins-local/jenkins-agent/workspace/Generic-DPDK-Compile-ABI/dpdk/devtools/libabigail.abignore --no-added-syms --headers-dir1 reference/usr/local/include --headers-dir2 build_install/usr/local/include reference/usr/local/lib64/librte_eal.so.23.0 build_install/usr/local/lib64/librte_eal.so.23.2
ABIDIFF_ABI_CHANGE, this change requires a review (abidiff flagged this as a potential issue).
==== End log output ====

CentOS Stream 9
	Kernel: 4.18.0-240.10.1.el8_3.x86_64
	Compiler: gcc 11.3.1 20220421

Debian Buster
	Kernel: 5.4.0-122-generic
	Compiler: gcc 8.3.0-6

openSUSE Leap 15
	Kernel: 4.18.0-240.10.1.el8_3.x86_64
	Compiler: gcc 7.5.0

To view detailed results, visit:
https://lab.dpdk.org/results/dashboard/patchsets/25982/

UNH-IOL DPDK Community Lab

To manage your email subscriptions, visit: 
https://lab.dpdk.org/results/dashboard/preferences/subscriptions/


More information about the test-report mailing list