|FAILURE| pw126101-126122 [PATCH] [v2, 22/22] test/pdcp: add PDCP status report cases
dpdklab at iol.unh.edu
dpdklab at iol.unh.edu
Sat Apr 15 04:26:29 CEST 2023
Test-Label: iol-aarch64-compile-testing
Test-Status: FAILURE
http://dpdk.org/patch/126122
_Testing issues_
Submitter: Anoob Joseph <anoobj at marvell.com>
Date: Friday, April 14 2023 17:45:12
DPDK git baseline: Repo:dpdk
Branch: master
CommitID:3b3fef9de22af80d173453ab65a80b01ce38cbfd
126101-126122 --> testing fail
Test environment and result as below:
+----------------------------------------+--------------------+
| Environment | dpdk_meson_compile |
+========================================+====================+
| Ubuntu 20.04 ARM GCC Native | PASS |
+----------------------------------------+--------------------+
| Ubuntu 20.04 ARM Clang Native | PASS |
+----------------------------------------+--------------------+
| Ubuntu 20.04 aarch32 GCC Cross Compile | FAIL |
+----------------------------------------+--------------------+
| Ubuntu 20.04 ARM SVE | PASS |
+----------------------------------------+--------------------+
| Ubuntu 20.04 ARM Clang Cross Compile | PASS |
+----------------------------------------+--------------------+
| Ubuntu 20.04 ARM GCC Cross Compile | PASS |
+----------------------------------------+--------------------+
==== 20 line log output for Ubuntu 20.04 aarch32 GCC Cross Compile (dpdk_meson_compile): ====
[487/2150] Compiling C object 'lib/76b5a35@@rte_node at sta/node_ethdev_tx.c.o'.
[488/2150] Compiling C object 'lib/76b5a35@@rte_node at sta/node_ip4_lookup.c.o'.
[489/2150] Compiling C object 'lib/76b5a35@@rte_node at sta/node_ip4_rewrite.c.o'.
[490/2150] Compiling C object 'lib/76b5a35@@rte_node at sta/node_log.c.o'.
[491/2150] Compiling C object 'lib/76b5a35@@rte_node at sta/node_null.c.o'.
[492/2150] Compiling C object 'lib/76b5a35@@rte_node at sta/node_pkt_cls.c.o'.
[493/2150] Compiling C object 'lib/76b5a35@@rte_node at sta/node_pkt_drop.c.o'.
[494/2150] Linking static target lib/librte_node.a.
[495/2150] Generating node.sym_chk with a meson_exe.py custom command.
[496/2150] Compiling C object 'lib/76b5a35@@rte_pdcp at sta/pdcp_pdcp_crypto.c.o'.
FAILED: lib/76b5a35@@rte_pdcp at sta/pdcp_pdcp_crypto.c.o
ccache arm-linux-gnueabihf-gcc -Ilib/76b5a35@@rte_pdcp at sta -Ilib -I../lib -Ilib/pdcp -I../lib/pdcp -I. -I../ -Iconfig -I../config -Ilib/eal/include -I../lib/eal/include -Ilib/eal/linux/include -I../lib/eal/linux/include -Ilib/eal/arm/include -I../lib/eal/arm/include -Ilib/eal/common -I../lib/eal/common -Ilib/eal -I../lib/eal -Ilib/kvargs -I../lib/kvargs -Ilib/telemetry/../metrics -I../lib/telemetry/../metrics -Ilib/telemetry -I../lib/telemetry -Ilib/mbuf -I../lib/mbuf -Ilib/mempool -I../lib/mempool -Ilib/ring -I../lib/ring -Ilib/net -I../lib/net -Ilib/cryptodev -I../lib/cryptodev -Ilib/rcu -I../lib/rcu -Ilib/security -I../lib/security -Ilib/reorder -I../lib/reorder -fdiagnostics-color=always -pipe -D_FILE_OFFSET_BITS=64 -Wall -Winvalid-pch -Wextra -Werror -O3 -include rte_config.h -Wcast-qual -Wdeprecated -Wformat -Wformat-nonliteral -Wformat-security -Wmissing-declarations -Wmissing-prototypes -Wnested-externs -Wold-style-definition -Wpointer-arith -Wsign-compare -Wstrict-prototypes
-Wundef -Wwrite-strings -Wno-address-of-packed-member -Wno-packed-not-aligned -Wno-missing-field-initializers -Wno-pointer-to-int-cast -D_GNU_SOURCE -fPIC -march=armv8-a -mfpu=neon -DALLOW_EXPERIMENTAL_API -DALLOW_INTERNAL_API -Wno-format-truncation -DRTE_LOG_DEFAULT_LOGTYPE=lib.pdcp -MD -MQ 'lib/76b5a35@@rte_pdcp at sta/pdcp_pdcp_crypto.c.o' -MF 'lib/76b5a35@@rte_pdcp at sta/pdcp_pdcp_crypto.c.o.d' -o 'lib/76b5a35@@rte_pdcp at sta/pdcp_pdcp_crypto.c.o' -c ../lib/pdcp/pdcp_crypto.c
In file included from ../lib/pdcp/rte_pdcp.h:363,
from ../lib/pdcp/pdcp_crypto.c:9:
../lib/pdcp/rte_pdcp_group.h: In function 'rte_pdcp_en_from_cop':
../lib/pdcp/rte_pdcp_group.h:51:9: error: cast to pointer from integer of different size [-Werror=int-to-pointer-cast]
51 | return (struct rte_pdcp_entity *)
| ^
cc1: all warnings being treated as errors
ninja: build stopped: subcommand failed.
==== End log output ====
Ubuntu 20.04 ARM GCC Native
Kernel: 5.4.0-53-generic
Compiler: gcc 9.3
Ubuntu 20.04 ARM Clang Native
Kernel: 5.4.0-53-generic
Compiler: clang 10.0.0-4ubuntu1
Ubuntu 20.04 aarch32 GCC Cross Compile
Kernel: 5.4.0-72-generic
Compiler: gcc 9.3.0
Ubuntu 20.04 ARM SVE
Kernel: 5.4.0-80-generic
Compiler: gcc 10.3.0 (Ubuntu 10.3.0-1ubuntu1~20.04)
Ubuntu 20.04 ARM Clang Cross Compile
Kernel: 5.4.0-72-generic
Compiler: clang version 10.0.0-4ubuntu1
Ubuntu 20.04 ARM GCC Cross Compile
Kernel: 5.4.0-72-generic
Compiler: aarch64-linux-gnu-gcc (Ubuntu 9.3.0-17ubuntu1~20.04) 9.3.0
To view detailed results, visit:
https://lab.dpdk.org/results/dashboard/patchsets/26005/
UNH-IOL DPDK Community Lab
To manage your email subscriptions, visit:
https://lab.dpdk.org/results/dashboard/preferences/subscriptions/
More information about the test-report
mailing list